{"id":189,"date":"2016-08-25T12:05:38","date_gmt":"2016-08-25T15:05:38","guid":{"rendered":"http:\/\/curso-wp.ufpel.edu.br\/treinamento\/?page_id=189"},"modified":"2016-08-25T12:05:38","modified_gmt":"2016-08-25T15:05:38","slug":"cursos","status":"publish","type":"page","link":"https:\/\/wp.ufpel.edu.br\/thomas\/cursos\/","title":{"rendered":"Cursos"},"content":{"rendered":"<p>Neste campo teremos informa\u00e7\u00f5es dos cursos que comp\u00f5em esta unidade acad\u00eamica.<\/p>\n","protected":false},"excerpt":{"rendered":"<p>Neste campo teremos informa\u00e7\u00f5es dos cursos que comp\u00f5em esta unidade acad\u00eamica.<\/p>\n","protected":false},"author":667,"featured_media":0,"parent":0,"menu_order":0,"comment_status":"closed","ping_status":"closed","template":"","meta":{"footnotes":""},"class_list":["post-189","page","type-page","status-publish","hentry"],"publishpress_future_action":{"enabled":false,"date":"2026-04-23 19:36:01","action":"change-status","newStatus":"draft","terms":[],"taxonomy":"","extraData":[]},"publishpress_future_workflow_manual_trigger":{"enabledWorkflows":[]},"_links":{"self":[{"href":"https:\/\/wp.ufpel.edu.br\/thomas\/wp-json\/wp\/v2\/pages\/189","targetHints":{"allow":["GET"]}}],"collection":[{"href":"https:\/\/wp.ufpel.edu.br\/thomas\/wp-json\/wp\/v2\/pages"}],"about":[{"href":"https:\/\/wp.ufpel.edu.br\/thomas\/wp-json\/wp\/v2\/types\/page"}],"author":[{"embeddable":true,"href":"https:\/\/wp.ufpel.edu.br\/thomas\/wp-json\/wp\/v2\/users\/667"}],"replies":[{"embeddable":true,"href":"https:\/\/wp.ufpel.edu.br\/thomas\/wp-json\/wp\/v2\/comments?post=189"}],"version-history":[{"count":0,"href":"https:\/\/wp.ufpel.edu.br\/thomas\/wp-json\/wp\/v2\/pages\/189\/revisions"}],"wp:attachment":[{"href":"https:\/\/wp.ufpel.edu.br\/thomas\/wp-json\/wp\/v2\/media?parent=189"}],"curies":[{"name":"wp","href":"https:\/\/api.w.org\/{rel}","templated":true}]}}