{"id":4,"date":"2020-08-20T21:44:51","date_gmt":"2020-08-21T00:44:51","guid":{"rendered":"https:\/\/wp.ufpel.edu.br\/thaisgrutzmann\/?page_id=4"},"modified":"2020-08-21T18:11:52","modified_gmt":"2020-08-21T21:11:52","slug":"publicacoes","status":"publish","type":"page","link":"https:\/\/wp.ufpel.edu.br\/thaisgrutzmann\/publicacoes\/","title":{"rendered":"Publica\u00e7\u00f5es"},"content":{"rendered":"<p><span style=\"color: #000080;font-size: 12pt\">As publica\u00e7\u00f5es est\u00e3o separadas por per\u00edodos.\u00a0<\/span><\/p>\n<p><span style=\"color: #000080\"><strong><em>Boa Leitura!<\/em><\/strong><\/span><\/p>\n","protected":false},"excerpt":{"rendered":"<p>As publica\u00e7\u00f5es est\u00e3o separadas por per\u00edodos.\u00a0 Boa Leitura!<\/p>\n","protected":false},"author":1062,"featured_media":0,"parent":0,"menu_order":0,"comment_status":"closed","ping_status":"closed","template":"","meta":{"footnotes":""},"class_list":["post-4","page","type-page","status-publish","hentry"],"_links":{"self":[{"href":"https:\/\/wp.ufpel.edu.br\/thaisgrutzmann\/wp-json\/wp\/v2\/pages\/4","targetHints":{"allow":["GET"]}}],"collection":[{"href":"https:\/\/wp.ufpel.edu.br\/thaisgrutzmann\/wp-json\/wp\/v2\/pages"}],"about":[{"href":"https:\/\/wp.ufpel.edu.br\/thaisgrutzmann\/wp-json\/wp\/v2\/types\/page"}],"author":[{"embeddable":true,"href":"https:\/\/wp.ufpel.edu.br\/thaisgrutzmann\/wp-json\/wp\/v2\/users\/1062"}],"replies":[{"embeddable":true,"href":"https:\/\/wp.ufpel.edu.br\/thaisgrutzmann\/wp-json\/wp\/v2\/comments?post=4"}],"version-history":[{"count":3,"href":"https:\/\/wp.ufpel.edu.br\/thaisgrutzmann\/wp-json\/wp\/v2\/pages\/4\/revisions"}],"predecessor-version":[{"id":68,"href":"https:\/\/wp.ufpel.edu.br\/thaisgrutzmann\/wp-json\/wp\/v2\/pages\/4\/revisions\/68"}],"wp:attachment":[{"href":"https:\/\/wp.ufpel.edu.br\/thaisgrutzmann\/wp-json\/wp\/v2\/media?parent=4"}],"curies":[{"name":"wp","href":"https:\/\/api.w.org\/{rel}","templated":true}]}}