{"id":711,"date":"2022-05-02T17:32:46","date_gmt":"2022-05-02T20:32:46","guid":{"rendered":"https:\/\/wp.ufpel.edu.br\/tfgonline\/?page_id=711"},"modified":"2022-05-02T17:32:46","modified_gmt":"2022-05-02T20:32:46","slug":"2008-02","status":"publish","type":"page","link":"https:\/\/wp.ufpel.edu.br\/tfgonline\/2008-02\/","title":{"rendered":"2008\/02"},"content":{"rendered":"<p>Casa da M\u00fasica &#8211; ANTONELLA DOS SANTOS PONS<\/p>\n<p><a href=\"https:\/\/drive.google.com\/file\/d\/156qCu0vtglkqr_Ga_kCtLwiT3HWwfYhe\/view?usp=sharing\">https:\/\/drive.google.com\/file\/d\/156qCu0vtglkqr_Ga_kCtLwiT3HWwfYhe\/view?usp=sharing<\/a><\/p>\n<p>&nbsp;<\/p>\n<p>Aduana &#8211; Ant\u00f4nio Carlos Porto Silveira J\u00fanior<\/p>\n<p><a href=\"https:\/\/drive.google.com\/file\/d\/1HO8XEGfS18lJEpInsPtDCm5SfZXCCGdf\/view?usp=sharing\">https:\/\/drive.google.com\/file\/d\/1HO8XEGfS18lJEpInsPtDCm5SfZXCCGdf\/view?usp=sharing<\/a><\/p>\n<p>&nbsp;<\/p>\n<p>Justi\u00e7a Federal &#8211; subse\u00e7\u00e3o judici\u00e1ria de Pelotas &#8211; Cesar Marzullo Aguiar Rodrigues<\/p>\n<p><a href=\"https:\/\/drive.google.com\/file\/d\/1ovHYFO2kxRLjrc-LyxWJgahv9wtd7ZT5\/view?usp=sharing\">https:\/\/drive.google.com\/file\/d\/1ovHYFO2kxRLjrc-LyxWJgahv9wtd7ZT5\/view?usp=sharing<\/a><\/p>\n<p>&nbsp;<\/p>\n<p>CRF &#8211; Centro de Reabilita\u00e7\u00e3o F\u00edsica &#8211; Daiane da Silva Gomes<\/p>\n<p><a href=\"https:\/\/drive.google.com\/file\/d\/1L8D82eaSCRk38U8vgC_TyvphssrgNFV-\/view?usp=sharing\">https:\/\/drive.google.com\/file\/d\/1L8D82eaSCRk38U8vgC_TyvphssrgNFV-\/view?usp=sharing<\/a><\/p>\n<p>&nbsp;<\/p>\n<p>Centro integrador comunit\u00e1rio de Tr\u00eas de Maio &#8211; DANIELLE HERMANN<\/p>\n<p><a href=\"https:\/\/drive.google.com\/file\/d\/1qRsKgCtloevnzhMV_Q972_5AR7fgtCYG\/view?usp=sharing\">https:\/\/drive.google.com\/file\/d\/1qRsKgCtloevnzhMV_Q972_5AR7fgtCYG\/view?usp=sharing<\/a><\/p>\n<p>&nbsp;<\/p>\n<p>Centro de apoio ao deficiente &#8211; Elis\u00e2ngela Picolotto<\/p>\n<p><a href=\"https:\/\/drive.google.com\/file\/d\/1xeQJ4pyFKAc1tBr4O0Xn1YsPXRd5yLpS\/view?usp=sharing\">https:\/\/drive.google.com\/file\/d\/1xeQJ4pyFKAc1tBr4O0Xn1YsPXRd5yLpS\/view?usp=sharing<\/a><\/p>\n<p>&nbsp;<\/p>\n<p>Centro esportivo municipal Arena &#8211; Fabr\u00edcio Ferreira Lessa<\/p>\n<p><a href=\"https:\/\/drive.google.com\/file\/d\/1RehTnesJ9CJN9tF8U-XfNSfEzVZc69HC\/view?usp=sharing\">https:\/\/drive.google.com\/file\/d\/1RehTnesJ9CJN9tF8U-XfNSfEzVZc69HC\/view?usp=sharing<\/a><\/p>\n<p>&nbsp;<\/p>\n<p>Linha d&#8217;\u00e1gua &#8211; requalifica\u00e7\u00e3o do Clube N\u00e1utico Ga\u00facho &#8211; FELIPE FISS<\/p>\n<p><a href=\"https:\/\/drive.google.com\/file\/d\/1iui4eXvLD-Er-4ZvCpco2F5GAvT3ZxC6\/view?usp=sharing\">https:\/\/drive.google.com\/file\/d\/1iui4eXvLD-Er-4ZvCpco2F5GAvT3ZxC6\/view?usp=sharing<\/a><\/p>\n<p>&nbsp;<\/p>\n<p>Centro administrativo municipal de Cachoeira do Sul\/RS &#8211; Fernanda Freitas<\/p>\n<p><a href=\"https:\/\/drive.google.com\/file\/d\/1ZjkiMH0kQhtzdTjgEPNhlBSbrvAUkAze\/view?usp=sharing\">https:\/\/drive.google.com\/file\/d\/1ZjkiMH0kQhtzdTjgEPNhlBSbrvAUkAze\/view?usp=sharing<\/a><\/p>\n<p>&nbsp;<\/p>\n<p>Vila Pescadores Engenho &#8211; Francisco Carlos Fontoura da Silva<\/p>\n<p><a href=\"https:\/\/drive.google.com\/file\/d\/1lpPa_fL931kIpsROfIgrSBDKLBItRag5\/view?usp=sharing\">https:\/\/drive.google.com\/file\/d\/1lpPa_fL931kIpsROfIgrSBDKLBItRag5\/view?usp=sharing<\/a><\/p>\n<p>&nbsp;<\/p>\n<p>Reviva o Santa &#8211; GABRIELA CANIELAS GON\u00c7ALVES<\/p>\n<p><a href=\"https:\/\/drive.google.com\/file\/d\/19KuZuPkzjbZViAgjbcpiR4WmhItCjTnI\/view?usp=sharing\">https:\/\/drive.google.com\/file\/d\/19KuZuPkzjbZViAgjbcpiR4WmhItCjTnI\/view?usp=sharing<\/a><\/p>\n<p>&nbsp;<\/p>\n<p>Clube de Esportes N\u00e1uticos &#8211; Guilherme Valente Elias<\/p>\n<p><a href=\"https:\/\/drive.google.com\/file\/d\/12s63dpRHCBrkKuGujEyef2e7r3JEHMPJ\/view?usp=sharing\">https:\/\/drive.google.com\/file\/d\/12s63dpRHCBrkKuGujEyef2e7r3JEHMPJ\/view?usp=sharing<\/a><\/p>\n<p>&nbsp;<\/p>\n<p>Business Center &#8211; Jossana Peil Coelho<\/p>\n<p><a href=\"https:\/\/drive.google.com\/file\/d\/1PrJqZFD17vg8ghUARqX26Ya_FrO5fFI2\/view?usp=sharing\">https:\/\/drive.google.com\/file\/d\/1PrJqZFD17vg8ghUARqX26Ya_FrO5fFI2\/view?usp=sharing<\/a><\/p>\n<p>&nbsp;<\/p>\n<p>Terminal Rodovi\u00e1rio &#8211; Casca\/RS &#8211; Lucas Motter Alberti<\/p>\n<p><a href=\"https:\/\/drive.google.com\/file\/d\/1HY6pgBkRI3maXlYCm7RAs9pLGzLuftFT\/view?usp=sharing\">https:\/\/drive.google.com\/file\/d\/1HY6pgBkRI3maXlYCm7RAs9pLGzLuftFT\/view?usp=sharing<\/a><\/p>\n<p>&nbsp;<\/p>\n<p>Pousada do Arvoredo &#8211; LUCIANA KICKH\u00d6FEL COPPA<\/p>\n<p><a href=\"https:\/\/drive.google.com\/file\/d\/1h9JZ46m4uULJN9Ka4Edu_7zoJHL5vdj6\/view?usp=sharing\">https:\/\/drive.google.com\/file\/d\/1h9JZ46m4uULJN9Ka4Edu_7zoJHL5vdj6\/view?usp=sharing<\/a><\/p>\n<p>&nbsp;<\/p>\n<p>Biblioteca P\u00fablica de Conc\u00f3rdia &#8211; MARAYSA WOLOSZYN<\/p>\n<p><a href=\"https:\/\/drive.google.com\/file\/d\/1c8KOezaD1-W_hupF8-LUOTeI9WdYmHfq\/view?usp=sharing\">https:\/\/drive.google.com\/file\/d\/1c8KOezaD1-W_hupF8-LUOTeI9WdYmHfq\/view?usp=sharing<\/a><\/p>\n<p>&nbsp;<\/p>\n<p>Centro de Fitness, treinamento e Promo\u00e7\u00e3o de Sa\u00fade &#8211; Mateus Gross da Costa<\/p>\n<p><a href=\"https:\/\/drive.google.com\/file\/d\/1YNii13DCbIJaBw24zCI0tor2sK0J_r4w\/view?usp=sharing\">https:\/\/drive.google.com\/file\/d\/1YNii13DCbIJaBw24zCI0tor2sK0J_r4w\/view?usp=sharing<\/a><\/p>\n<p>&nbsp;<\/p>\n<p>CED &#8211; Centro de Educa\u00e7\u00e3o ao Diab\u00e9tico &#8211; Papola Casaretto Calder\u00f3n<\/p>\n<p><a href=\"https:\/\/drive.google.com\/file\/d\/1rkXMOGUw66M_JFoz5Oeaz3brkOOcY6Rw\/view?usp=sharing\">https:\/\/drive.google.com\/file\/d\/1rkXMOGUw66M_JFoz5Oeaz3brkOOcY6Rw\/view?usp=sharing<\/a><\/p>\n<p>&nbsp;<\/p>\n<p>Rafael Os\u00f3rio de Carvalho<\/p>\n<p><a href=\"https:\/\/drive.google.com\/file\/d\/1GGM52YiK2CsChh9qK7pbJZLBQAiXr0DG\/view?usp=sharing\">https:\/\/drive.google.com\/file\/d\/1GGM52YiK2CsChh9qK7pbJZLBQAiXr0DG\/view?usp=sharing<\/a><\/p>\n<p>&nbsp;<\/p>\n<p>Cascata &#8211; Escola Agrot\u00e9cnica &#8211; Vanessa Patzlaff Bosembecker<\/p>\n<p><a href=\"https:\/\/drive.google.com\/file\/d\/1B1rCQgcx7goo3hNg5eo6FQbyoRJu-BDe\/view?usp=sharing\">https:\/\/drive.google.com\/file\/d\/1B1rCQgcx7goo3hNg5eo6FQbyoRJu-BDe\/view?usp=sharing<\/a><\/p>\n<p>&nbsp;<\/p>\n<p>&nbsp;<\/p>\n<p>&nbsp;<\/p>\n","protected":false},"excerpt":{"rendered":"<p>Casa da M\u00fasica &#8211; ANTONELLA DOS SANTOS PONS https:\/\/drive.google.com\/file\/d\/156qCu0vtglkqr_Ga_kCtLwiT3HWwfYhe\/view?usp=sharing &nbsp; Aduana &#8211; Ant\u00f4nio Carlos Porto Silveira J\u00fanior https:\/\/drive.google.com\/file\/d\/1HO8XEGfS18lJEpInsPtDCm5SfZXCCGdf\/view?usp=sharing &nbsp; Justi\u00e7a Federal &#8211; subse\u00e7\u00e3o judici\u00e1ria de Pelotas &#8211;&hellip; <span class=\"read-more\"><a class=\"more-link\" href=\"https:\/\/wp.ufpel.edu.br\/tfgonline\/2008-02\/\" rel=\"bookmark\">Leia Mais <span class=\"screen-reader-text\">&#8220;2008\/02&#8221;<\/span><\/a><\/span><\/p>\n","protected":false},"author":794,"featured_media":0,"parent":0,"menu_order":0,"comment_status":"closed","ping_status":"closed","template":"","meta":{"jetpack_post_was_ever_published":false,"footnotes":""},"class_list":["post-711","page","type-page","status-publish","hentry"],"jetpack_sharing_enabled":true,"jetpack_shortlink":"https:\/\/wp.me\/P92ryl-bt","jetpack-related-posts":[],"_links":{"self":[{"href":"https:\/\/wp.ufpel.edu.br\/tfgonline\/wp-json\/wp\/v2\/pages\/711","targetHints":{"allow":["GET"]}}],"collection":[{"href":"https:\/\/wp.ufpel.edu.br\/tfgonline\/wp-json\/wp\/v2\/pages"}],"about":[{"href":"https:\/\/wp.ufpel.edu.br\/tfgonline\/wp-json\/wp\/v2\/types\/page"}],"author":[{"embeddable":true,"href":"https:\/\/wp.ufpel.edu.br\/tfgonline\/wp-json\/wp\/v2\/users\/794"}],"replies":[{"embeddable":true,"href":"https:\/\/wp.ufpel.edu.br\/tfgonline\/wp-json\/wp\/v2\/comments?post=711"}],"version-history":[{"count":1,"href":"https:\/\/wp.ufpel.edu.br\/tfgonline\/wp-json\/wp\/v2\/pages\/711\/revisions"}],"predecessor-version":[{"id":713,"href":"https:\/\/wp.ufpel.edu.br\/tfgonline\/wp-json\/wp\/v2\/pages\/711\/revisions\/713"}],"wp:attachment":[{"href":"https:\/\/wp.ufpel.edu.br\/tfgonline\/wp-json\/wp\/v2\/media?parent=711"}],"curies":[{"name":"wp","href":"https:\/\/api.w.org\/{rel}","templated":true}]}}