{"id":665,"date":"2023-02-06T09:51:11","date_gmt":"2023-02-06T12:51:11","guid":{"rendered":"https:\/\/wp.ufpel.edu.br\/territorios\/?page_id=665"},"modified":"2025-06-23T08:49:10","modified_gmt":"2025-06-23T11:49:10","slug":"material-do-evento-setorial-zona-norte","status":"publish","type":"page","link":"https:\/\/wp.ufpel.edu.br\/territorios\/material-do-evento-setorial-zona-norte\/","title":{"rendered":"MATERIAL DO EVENTO SETORIAL ZONA NORTE"},"content":{"rendered":"<p><a href=\"https:\/\/wp.ufpel.edu.br\/territorios\/files\/2023\/02\/1-apresenta-TERRITORIOS-EVENTO-SETORIAL.pdf\" target=\"_blank\" rel=\"noopener\">Apresenta\u00e7\u00e3o inicial Territ\u00f3rios<\/a><\/p>\n<p><a href=\"https:\/\/www.google.com\/maps\/d\/viewer?mid=16GAOzD9G4abrCmwnuItCnY59qLi6_MA&amp;ll=-31.738285755586677%2C-52.3325633&amp;z=18\" target=\"_blank\" rel=\"noopener\">Fotos da Caminhada de reconhecimento<\/a><\/p>\n<p><a href=\"https:\/\/wp.ufpel.edu.br\/territorios\/files\/2023\/02\/4-nuvens-zona-norte.pdf\" target=\"_blank\" rel=\"noopener\">Nuvens de palavras<\/a><\/p>\n","protected":false},"excerpt":{"rendered":"<p>Apresenta\u00e7\u00e3o inicial Territ\u00f3rios Fotos da Caminhada de reconhecimento Nuvens de palavras<\/p>\n","protected":false},"author":773,"featured_media":0,"parent":0,"menu_order":0,"comment_status":"closed","ping_status":"closed","template":"","meta":{"footnotes":""},"class_list":["post-665","page","type-page","status-publish","hentry"],"_links":{"self":[{"href":"https:\/\/wp.ufpel.edu.br\/territorios\/wp-json\/wp\/v2\/pages\/665","targetHints":{"allow":["GET"]}}],"collection":[{"href":"https:\/\/wp.ufpel.edu.br\/territorios\/wp-json\/wp\/v2\/pages"}],"about":[{"href":"https:\/\/wp.ufpel.edu.br\/territorios\/wp-json\/wp\/v2\/types\/page"}],"author":[{"embeddable":true,"href":"https:\/\/wp.ufpel.edu.br\/territorios\/wp-json\/wp\/v2\/users\/773"}],"replies":[{"embeddable":true,"href":"https:\/\/wp.ufpel.edu.br\/territorios\/wp-json\/wp\/v2\/comments?post=665"}],"version-history":[{"count":15,"href":"https:\/\/wp.ufpel.edu.br\/territorios\/wp-json\/wp\/v2\/pages\/665\/revisions"}],"predecessor-version":[{"id":1111,"href":"https:\/\/wp.ufpel.edu.br\/territorios\/wp-json\/wp\/v2\/pages\/665\/revisions\/1111"}],"wp:attachment":[{"href":"https:\/\/wp.ufpel.edu.br\/territorios\/wp-json\/wp\/v2\/media?parent=665"}],"curies":[{"name":"wp","href":"https:\/\/api.w.org\/{rel}","templated":true}]}}