{"id":354,"date":"2022-09-08T11:52:14","date_gmt":"2022-09-08T14:52:14","guid":{"rendered":"https:\/\/wp.ufpel.edu.br\/territorios\/?page_id=354"},"modified":"2023-08-11T19:32:15","modified_gmt":"2023-08-11T22:32:15","slug":"colecao-territorios","status":"publish","type":"page","link":"https:\/\/wp.ufpel.edu.br\/territorios\/colecao-territorios\/","title":{"rendered":"Cole\u00e7\u00e3o Territ\u00f3rios"},"content":{"rendered":"<div id=\"attachment_357\" style=\"width: 293px\" class=\"wp-caption alignleft\"><a href=\"https:\/\/wp.ufpel.edu.br\/territorios\/files\/2022\/12\/compressed-aq-PROPLAN-CDPD_Colecao-Territorios-Volume-1_rev12-ficha-catalografica.pdf\" target=\"_blank\" rel=\"noopener\"><img aria-describedby=\"caption-attachment-357\" class=\"wp-image-357 size-medium\" src=\"https:\/\/wp.ufpel.edu.br\/territorios\/files\/2022\/09\/compressed-PROPLAN-CDPD_Colecao-Territorios-Volume-1_rev10-1_page-0001-283x400.jpg\" alt=\"\" width=\"283\" height=\"400\" srcset=\"https:\/\/wp.ufpel.edu.br\/territorios\/files\/2022\/09\/compressed-PROPLAN-CDPD_Colecao-Territorios-Volume-1_rev10-1_page-0001-283x400.jpg 283w, https:\/\/wp.ufpel.edu.br\/territorios\/files\/2022\/09\/compressed-PROPLAN-CDPD_Colecao-Territorios-Volume-1_rev10-1_page-0001-725x1024.jpg 725w, https:\/\/wp.ufpel.edu.br\/territorios\/files\/2022\/09\/compressed-PROPLAN-CDPD_Colecao-Territorios-Volume-1_rev10-1_page-0001-768x1085.jpg 768w, https:\/\/wp.ufpel.edu.br\/territorios\/files\/2022\/09\/compressed-PROPLAN-CDPD_Colecao-Territorios-Volume-1_rev10-1_page-0001-1087x1536.jpg 1087w, https:\/\/wp.ufpel.edu.br\/territorios\/files\/2022\/09\/compressed-PROPLAN-CDPD_Colecao-Territorios-Volume-1_rev10-1_page-0001.jpg 1241w\" sizes=\"(max-width: 283px) 100vw, 283px\" \/><\/a><p id=\"caption-attachment-357\" class=\"wp-caption-text\">clique na imagem da capa para baixar o Volume 1<\/p><\/div>\n<div id=\"attachment_738\" style=\"width: 293px\" class=\"wp-caption alignleft\"><a href=\"https:\/\/guaiaca.ufpel.edu.br\/bitstream\/handle\/prefix\/9763\/Cole%c3%a7%c3%a3o%20Territorios%202.pdf?sequence=6&amp;isAllowed=y\" target=\"_blank\" rel=\"noopener\"><img aria-describedby=\"caption-attachment-738\" class=\"wp-image-738 size-medium\" src=\"https:\/\/wp.ufpel.edu.br\/territorios\/files\/2023\/03\/PROPLAN-CDPD_Colecao-Territorios-Volume-2_capa-283x400.jpg\" alt=\"\" width=\"283\" height=\"400\" srcset=\"https:\/\/wp.ufpel.edu.br\/territorios\/files\/2023\/03\/PROPLAN-CDPD_Colecao-Territorios-Volume-2_capa-283x400.jpg 283w, https:\/\/wp.ufpel.edu.br\/territorios\/files\/2023\/03\/PROPLAN-CDPD_Colecao-Territorios-Volume-2_capa-725x1024.jpg 725w, https:\/\/wp.ufpel.edu.br\/territorios\/files\/2023\/03\/PROPLAN-CDPD_Colecao-Territorios-Volume-2_capa-768x1085.jpg 768w, https:\/\/wp.ufpel.edu.br\/territorios\/files\/2023\/03\/PROPLAN-CDPD_Colecao-Territorios-Volume-2_capa-1087x1536.jpg 1087w, https:\/\/wp.ufpel.edu.br\/territorios\/files\/2023\/03\/PROPLAN-CDPD_Colecao-Territorios-Volume-2_capa.jpg 1241w\" sizes=\"(max-width: 283px) 100vw, 283px\" \/><\/a><p id=\"caption-attachment-738\" class=\"wp-caption-text\">clique na imagem da capa para baixar o Volume 2<\/p><\/div>\n<div id=\"attachment_993\" style=\"width: 293px\" class=\"wp-caption alignleft\"><a href=\"https:\/\/guaiaca.ufpel.edu.br\/bitstream\/handle\/prefix\/9944\/Territorios%203.pdf?sequence=2&amp;isAllowed=y\" target=\"_blank\" rel=\"noopener\"><img aria-describedby=\"caption-attachment-993\" class=\"wp-image-993 size-medium\" src=\"https:\/\/wp.ufpel.edu.br\/territorios\/files\/2023\/07\/PROPLAN_CDPD_Colecao_Territorios_Volume_3_FINAL-1-45-1_page-0001-283x400.jpg\" alt=\"\" width=\"283\" height=\"400\" srcset=\"https:\/\/wp.ufpel.edu.br\/territorios\/files\/2023\/07\/PROPLAN_CDPD_Colecao_Territorios_Volume_3_FINAL-1-45-1_page-0001-283x400.jpg 283w, https:\/\/wp.ufpel.edu.br\/territorios\/files\/2023\/07\/PROPLAN_CDPD_Colecao_Territorios_Volume_3_FINAL-1-45-1_page-0001-725x1024.jpg 725w, https:\/\/wp.ufpel.edu.br\/territorios\/files\/2023\/07\/PROPLAN_CDPD_Colecao_Territorios_Volume_3_FINAL-1-45-1_page-0001-768x1085.jpg 768w, https:\/\/wp.ufpel.edu.br\/territorios\/files\/2023\/07\/PROPLAN_CDPD_Colecao_Territorios_Volume_3_FINAL-1-45-1_page-0001-1087x1536.jpg 1087w, https:\/\/wp.ufpel.edu.br\/territorios\/files\/2023\/07\/PROPLAN_CDPD_Colecao_Territorios_Volume_3_FINAL-1-45-1_page-0001.jpg 1241w\" sizes=\"(max-width: 283px) 100vw, 283px\" \/><\/a><p id=\"caption-attachment-993\" class=\"wp-caption-text\">clique na imagem da capa para baixar o Volume 3<\/p><\/div>\n","protected":false},"excerpt":{"rendered":"","protected":false},"author":773,"featured_media":0,"parent":0,"menu_order":0,"comment_status":"closed","ping_status":"closed","template":"","meta":{"footnotes":""},"class_list":["post-354","page","type-page","status-publish","hentry"],"_links":{"self":[{"href":"https:\/\/wp.ufpel.edu.br\/territorios\/wp-json\/wp\/v2\/pages\/354","targetHints":{"allow":["GET"]}}],"collection":[{"href":"https:\/\/wp.ufpel.edu.br\/territorios\/wp-json\/wp\/v2\/pages"}],"about":[{"href":"https:\/\/wp.ufpel.edu.br\/territorios\/wp-json\/wp\/v2\/types\/page"}],"author":[{"embeddable":true,"href":"https:\/\/wp.ufpel.edu.br\/territorios\/wp-json\/wp\/v2\/users\/773"}],"replies":[{"embeddable":true,"href":"https:\/\/wp.ufpel.edu.br\/territorios\/wp-json\/wp\/v2\/comments?post=354"}],"version-history":[{"count":17,"href":"https:\/\/wp.ufpel.edu.br\/territorios\/wp-json\/wp\/v2\/pages\/354\/revisions"}],"predecessor-version":[{"id":1032,"href":"https:\/\/wp.ufpel.edu.br\/territorios\/wp-json\/wp\/v2\/pages\/354\/revisions\/1032"}],"wp:attachment":[{"href":"https:\/\/wp.ufpel.edu.br\/territorios\/wp-json\/wp\/v2\/media?parent=354"}],"curies":[{"name":"wp","href":"https:\/\/api.w.org\/{rel}","templated":true}]}}