{"id":307,"date":"2022-09-05T10:09:48","date_gmt":"2022-09-05T13:09:48","guid":{"rendered":"https:\/\/wp.ufpel.edu.br\/territorios\/?page_id=307"},"modified":"2022-09-08T13:46:13","modified_gmt":"2022-09-08T16:46:13","slug":"campus-capao-do-leao","status":"publish","type":"page","link":"https:\/\/wp.ufpel.edu.br\/territorios\/campus-capao-do-leao\/","title":{"rendered":"CAMPUS CAP\u00c3O DO LE\u00c3O"},"content":{"rendered":"<p><a href=\"https:\/\/wp.ufpel.edu.br\/territorios\/files\/2022\/09\/campus-capao-do-leao.png\" target=\"_blank\" rel=\"noopener\"><img class=\"aligncenter wp-image-319 size-full\" src=\"https:\/\/wp.ufpel.edu.br\/territorios\/files\/2022\/09\/campus-capao-do-leao.png\" alt=\"\" width=\"3507\" height=\"2480\" srcset=\"https:\/\/wp.ufpel.edu.br\/territorios\/files\/2022\/09\/campus-capao-do-leao.png 3507w, https:\/\/wp.ufpel.edu.br\/territorios\/files\/2022\/09\/campus-capao-do-leao-400x283.png 400w, https:\/\/wp.ufpel.edu.br\/territorios\/files\/2022\/09\/campus-capao-do-leao-1024x724.png 1024w, https:\/\/wp.ufpel.edu.br\/territorios\/files\/2022\/09\/campus-capao-do-leao-768x543.png 768w, https:\/\/wp.ufpel.edu.br\/territorios\/files\/2022\/09\/campus-capao-do-leao-1536x1086.png 1536w, https:\/\/wp.ufpel.edu.br\/territorios\/files\/2022\/09\/campus-capao-do-leao-2048x1448.png 2048w\" sizes=\"(max-width: 3507px) 100vw, 3507px\" \/><\/a><\/p>\n<p class=\"Texto_Justificado_Recuo_Primeira_Linha\" dir=\"ltr\"><strong>Comiss\u00e3o Setorial de Apoio &#8211; Campus Cap\u00e3o do Le\u00e3o <\/strong><span style=\"font-size: 8pt;\">(CCQFA, FAEM, FAMET, FV, IB, IFM, Biot\u00e9rio Central, CDTEC, CENG, SUINFRA, UALMOX, Terceirizados)<\/span><\/p>\n<p class=\"Texto_Justificado_Recuo_Primeira_Linha\" dir=\"ltr\">Ana Maria Rui (Docente &#8211; IB)<\/p>\n<p class=\"Texto_Justificado_Recuo_Primeira_Linha\" dir=\"ltr\">Antonio Marcos Lopes Sanchez (Terceirizado)<\/p>\n<p class=\"Texto_Justificado_Recuo_Primeira_Linha\" dir=\"ltr\">Fernanda Hernandes Figueira (Docente &#8211; IB)<\/p>\n<p class=\"Texto_Justificado_Recuo_Primeira_Linha\" dir=\"ltr\">Fernando da Silva Bandeira (Docente &#8211; FV)<\/p>\n<p class=\"Texto_Justificado_Recuo_Primeira_Linha\" dir=\"ltr\">Greici Maia Behling (TAE &#8211; IB)<\/p>\n<p class=\"Texto_Justificado_Recuo_Primeira_Linha\" dir=\"ltr\">Helena Pieper Behling (Discente &#8211; CCQFA)<\/p>\n<p dir=\"ltr\">Jessica Roberta da Silva Gomes (TAE &#8211; UALMOX)<\/p>\n<p dir=\"ltr\">Lucio Flavio Gon\u00e7alves (TAE &#8211; SUINFRA)<\/p>\n<p dir=\"ltr\">Marcelo Felix Alonso (Docente &#8211; FAMET)<\/p>\n<p dir=\"ltr\">Mariane Rosenthal (TAE &#8211; FAEM)<\/p>\n<p dir=\"ltr\">Mateus Tavares Kutter (TAE &#8211; IB)<\/p>\n<p dir=\"ltr\">Neide Pizzolato Angelo (Docente &#8211; IFM)<\/p>\n<p dir=\"ltr\">Nils\u00e9ia Feij\u00f3 da Silva (Discente &#8211; IB)<\/p>\n<p dir=\"ltr\">Pedro Nizolli da Rosa (Discente &#8211; FAEM)<\/p>\n<p dir=\"ltr\">Rogers Ademir Drunn Pereira (Docente &#8211; FAEM)<\/p>\n<p dir=\"ltr\">Rosiane Schwantz do Couto (TAE &#8211; FAEM)<\/p>\n","protected":false},"excerpt":{"rendered":"<p>Comiss\u00e3o Setorial de Apoio &#8211; Campus Cap\u00e3o do Le\u00e3o (CCQFA, FAEM, FAMET, FV, IB, IFM, Biot\u00e9rio Central, CDTEC, CENG, SUINFRA, UALMOX, Terceirizados) Ana Maria Rui (Docente &#8211; IB) Antonio Marcos Lopes Sanchez (Terceirizado) Fernanda Hernandes Figueira (Docente &#8211; IB) Fernando da Silva Bandeira (Docente &#8211; FV) Greici Maia Behling (TAE &#8211; IB) Helena Pieper Behling [&hellip;]<\/p>\n","protected":false},"author":773,"featured_media":0,"parent":0,"menu_order":0,"comment_status":"closed","ping_status":"closed","template":"","meta":{"footnotes":""},"class_list":["post-307","page","type-page","status-publish","hentry"],"_links":{"self":[{"href":"https:\/\/wp.ufpel.edu.br\/territorios\/wp-json\/wp\/v2\/pages\/307","targetHints":{"allow":["GET"]}}],"collection":[{"href":"https:\/\/wp.ufpel.edu.br\/territorios\/wp-json\/wp\/v2\/pages"}],"about":[{"href":"https:\/\/wp.ufpel.edu.br\/territorios\/wp-json\/wp\/v2\/types\/page"}],"author":[{"embeddable":true,"href":"https:\/\/wp.ufpel.edu.br\/territorios\/wp-json\/wp\/v2\/users\/773"}],"replies":[{"embeddable":true,"href":"https:\/\/wp.ufpel.edu.br\/territorios\/wp-json\/wp\/v2\/comments?post=307"}],"version-history":[{"count":9,"href":"https:\/\/wp.ufpel.edu.br\/territorios\/wp-json\/wp\/v2\/pages\/307\/revisions"}],"predecessor-version":[{"id":368,"href":"https:\/\/wp.ufpel.edu.br\/territorios\/wp-json\/wp\/v2\/pages\/307\/revisions\/368"}],"wp:attachment":[{"href":"https:\/\/wp.ufpel.edu.br\/territorios\/wp-json\/wp\/v2\/media?parent=307"}],"curies":[{"name":"wp","href":"https:\/\/api.w.org\/{rel}","templated":true}]}}