{"id":1114,"date":"2025-09-17T14:48:40","date_gmt":"2025-09-17T17:48:40","guid":{"rendered":"https:\/\/wp.ufpel.edu.br\/territorios\/?page_id=1114"},"modified":"2025-09-17T15:12:23","modified_gmt":"2025-09-17T18:12:23","slug":"repositorio-de-plantas-dos-predios-da-ufpel","status":"publish","type":"page","link":"https:\/\/wp.ufpel.edu.br\/territorios\/repositorio-de-plantas-dos-predios-da-ufpel\/","title":{"rendered":"| REPOSIT\u00d3RIO DE PLANTAS DOS PR\u00c9DIOS DA UFPel |"},"content":{"rendered":"<p>Em breve aqui estar\u00e3o dispon\u00edveis as plantas baixas dos pr\u00e9dios da UFPel.<\/p>\n","protected":false},"excerpt":{"rendered":"<p>Em breve aqui estar\u00e3o dispon\u00edveis as plantas baixas dos pr\u00e9dios da UFPel.<\/p>\n","protected":false},"author":773,"featured_media":0,"parent":0,"menu_order":0,"comment_status":"closed","ping_status":"closed","template":"","meta":{"footnotes":""},"class_list":["post-1114","page","type-page","status-publish","hentry"],"_links":{"self":[{"href":"https:\/\/wp.ufpel.edu.br\/territorios\/wp-json\/wp\/v2\/pages\/1114","targetHints":{"allow":["GET"]}}],"collection":[{"href":"https:\/\/wp.ufpel.edu.br\/territorios\/wp-json\/wp\/v2\/pages"}],"about":[{"href":"https:\/\/wp.ufpel.edu.br\/territorios\/wp-json\/wp\/v2\/types\/page"}],"author":[{"embeddable":true,"href":"https:\/\/wp.ufpel.edu.br\/territorios\/wp-json\/wp\/v2\/users\/773"}],"replies":[{"embeddable":true,"href":"https:\/\/wp.ufpel.edu.br\/territorios\/wp-json\/wp\/v2\/comments?post=1114"}],"version-history":[{"count":3,"href":"https:\/\/wp.ufpel.edu.br\/territorios\/wp-json\/wp\/v2\/pages\/1114\/revisions"}],"predecessor-version":[{"id":1130,"href":"https:\/\/wp.ufpel.edu.br\/territorios\/wp-json\/wp\/v2\/pages\/1114\/revisions\/1130"}],"wp:attachment":[{"href":"https:\/\/wp.ufpel.edu.br\/territorios\/wp-json\/wp\/v2\/media?parent=1114"}],"curies":[{"name":"wp","href":"https:\/\/api.w.org\/{rel}","templated":true}]}}