{"id":325,"date":"2018-01-22T10:11:50","date_gmt":"2018-01-22T12:11:50","guid":{"rendered":"https:\/\/wp.ufpel.edu.br\/terceirizados\/?page_id=325"},"modified":"2020-11-06T15:38:39","modified_gmt":"2020-11-06T18:38:39","slug":"telefones-uteis","status":"publish","type":"page","link":"https:\/\/wp.ufpel.edu.br\/terceirizados\/telefones-uteis\/","title":{"rendered":"Telefones \u00dateis"},"content":{"rendered":"<p><strong>Universidade Federal de Pelotas<\/strong><\/p>\n<p>Gabinete do Reitor: (53) 3284-4000<\/p>\n<p>Pr\u00f3-Reitoria Administrativa: (53) 3284-3920<\/p>\n<p>Superintend\u00eancia de Infraestrutura: (53) 3284-3900<\/p>\n<p>N\u00facleo de Seguran\u00e7a: (53) 3284-3906<\/p>\n<p>N\u00facleo de Gest\u00e3o de Servi\u00e7os Terceirizados: (53) 3284-3923<\/p>\n<p>&#8212;&#8212;&#8212;&#8212;&#8212;&#8212;&#8212;&#8212;&#8212;&#8212;&#8212;&#8212;&#8212;&#8212;&#8212;&#8212;&#8212;&#8212;&#8212;&#8212;&#8212;&#8212;&#8212;&#8212;&#8212;&#8212;&#8212;&#8212;&#8212;&#8212;&#8212;&#8212;-<\/p>\n<p>Em caso de Intoxica\u00e7\u00e3o ligue: 0800 721 3000 (Plant\u00e3o 24 horas)<\/p>\n<p>Ambul\u00e2ncias (SAMU): 192\/ (53) 3225-0032<\/p>\n<p>Pronto Socorro: (53) 3272-1522<\/p>\n<p>Bombeiros: 193 \/ (53) 3222-2222<\/p>\n<p>Brigada Militar: 190 (53) 3309-5311<\/p>\n<p>Brigada Militar \/ Policiamento Ambiental: (53) 3225-3722<\/p>\n<p>Delegacia da Mulher: (53) 3225-6888<\/p>\n<p>Delegacia de Pol\u00edcia Regional: (53) 3222-9561<\/p>\n<p>Delegacia de Pol\u00edcia Federal: (53) 3309-9000<\/p>\n<p>Pol\u00edcia Civil: 197 \/ (53) 3222-2000<\/p>\n<p>Pol\u00edcia Rodovi\u00e1ria Estadual: (53) 3293-2300 \/ 3230-8147<\/p>\n<p>Pol\u00edcia Rodovi\u00e1ria Federal: (53) 3273-7000<\/p>\n<p>&#8212;&#8212;&#8212;&#8212;&#8212;&#8212;&#8212;&#8212;&#8212;&#8212;&#8212;&#8212;&#8212;&#8212;&#8212;&#8212;&#8212;&#8212;&#8212;&#8212;&#8212;&#8212;&#8212;&#8212;&#8212;&#8212;&#8212;&#8212;&#8212;&#8212;&#8212;&#8212;-<\/p>\n<p>Informa\u00e7\u00f5es Municipais: (53) 3309-6000<\/p>\n<p>Postos de Informa\u00e7\u00f5es Tur\u00edsticas: (53) 3282-1001 \/ 3284-6712<\/p>\n<p>Aeroporto: (53) 3223 1227<\/p>\n<p>Rodovi\u00e1ria: (53) 3284-6700<\/p>\n<p>Agente de Tr\u00e2nsito: (53) 3227-5402<\/p>\n<p>Procon: (53) 3284-4477<\/p>\n<p>Receita Federal: (53) 3225-2955<\/p>\n<p>Vigil\u00e2ncia Sanit\u00e1ria: (53) 3284-7733<\/p>\n<p>\u00c1gua e esgoto &#8211; SANEP: (53) 3026-1144<\/p>\n<p>Luz &#8211; CEEE: 0800-999196<\/p>\n","protected":false},"excerpt":{"rendered":"<p>Universidade Federal de Pelotas Gabinete do Reitor: (53) 3284-4000 Pr\u00f3-Reitoria Administrativa: (53) 3284-3920 Superintend\u00eancia de Infraestrutura: (53) 3284-3900 N\u00facleo de Seguran\u00e7a: (53) 3284-3906 N\u00facleo de Gest\u00e3o de Servi\u00e7os Terceirizados: (53) 3284-3923 &#8212;&#8212;&#8212;&#8212;&#8212;&#8212;&#8212;&#8212;&#8212;&#8212;&#8212;&#8212;&#8212;&#8212;&#8212;&#8212;&#8212;&#8212;&#8212;&#8212;&#8212;&#8212;&#8212;&#8212;&#8212;&#8212;&#8212;&#8212;&#8212;&#8212;&#8212;&#8212;- Em caso de Intoxica\u00e7\u00e3o ligue: 0800 721 3000 (Plant\u00e3o 24 horas) Ambul\u00e2ncias (SAMU): 192\/ (53) 3225-0032 Pronto Socorro: (53) 3272-1522 Bombeiros: 193 \/ [&hellip;]<\/p>\n","protected":false},"author":788,"featured_media":0,"parent":0,"menu_order":0,"comment_status":"closed","ping_status":"closed","template":"","meta":{"jetpack_post_was_ever_published":false,"footnotes":""},"class_list":["post-325","page","type-page","status-publish","hentry"],"jetpack_sharing_enabled":true,"jetpack_shortlink":"https:\/\/wp.me\/P92luU-5f","jetpack-related-posts":[{"id":15,"url":"https:\/\/wp.ufpel.edu.br\/terceirizados\/apresentacao\/","url_meta":{"origin":325,"position":0},"title":"Apresenta\u00e7\u00e3o","author":"N\u00facleo de Gest\u00e3o de Servi\u00e7os Terceirizados","date":"02\/08\/2017","format":false,"excerpt":"N\u00facleo de Gest\u00e3o de Servi\u00e7os TerceirizadosJeremias Maas Lerm (Chefe do N\u00facleo)Se\u00e7\u00e3o de Controle e Monitoramento de Servi\u00e7os TerceirizadosRenata Machado Pereira (Chefe da Se\u00e7\u00e3o)Endere\u00e7o: Rua Gomes Carneiro, 01, Sala A305, 3\u00ba AndarBloco A, Campus Anglo,\u00a0Centro, Pelotas-RS, CEP 96010-610 E-mail: terceirizados@ufpel.edu.brTelefone: +55 (53) 3284-3923 O N\u00facleo de Gest\u00e3o de Servi\u00e7os Terceirizados \u2013\u2026","rel":"","context":"Post similar","block_context":{"text":"Post similar","link":""},"img":{"alt_text":"","src":"https:\/\/i0.wp.com\/wp.ufpel.edu.br\/terceirizados\/files\/2021\/04\/Vitrine-SUINFRA_rev07_NUGEST-Servicos.png?resize=350%2C200&ssl=1","width":350,"height":200},"classes":[]},{"id":679,"url":"https:\/\/wp.ufpel.edu.br\/terceirizados\/contratos\/vigia\/","url_meta":{"origin":325,"position":1},"title":"[Contrato n\u00ba 084\/2019 &#8211; Vigia e Monitoramento]","author":"N\u00facleo de Gest\u00e3o de Servi\u00e7os Terceirizados","date":"12\/07\/2019","format":false,"excerpt":"Fale sobre Servi\u00e7os Terceirizados (Atendimento): http:\/\/atendimento.ufpel.edu.br Question\u00e1rio de Fiscaliza\u00e7\u00e3o Contratual: https:\/\/wp.ufpel.edu.br\/terceirizados\/contratos\/questionario\/ \u00a0 Orienta\u00e7\u00f5es:\u00a0Servi\u00e7o de Vigia e Monitoramento \u00a0 Descri\u00e7\u00e3o geral das atividades dos postos VIGIA: Controle de Acesso: Receber, orientar e encaminhar pessoas aos locais desejados; Orientar visitantes, clientes e prestadores de servi\u00e7os; Orientar deslocamento na Institui\u00e7\u00e3o; Abrir e fechar\u2026","rel":"","context":"Post similar","block_context":{"text":"Post similar","link":""},"img":{"alt_text":"","src":"","width":0,"height":0},"classes":[]},{"id":18,"url":"https:\/\/wp.ufpel.edu.br\/terceirizados\/contratos\/","url_meta":{"origin":325,"position":2},"title":"Contratos de Servi\u00e7os Terceirizados","author":"N\u00facleo de Gest\u00e3o de Servi\u00e7os Terceirizados","date":"02\/08\/2017","format":false,"excerpt":"Disponibilizamos em gr\u00e1ficos e planilhas uma vis\u00e3o geral dos contratos de servi\u00e7os terceirizados com dedica\u00e7\u00e3o exclusiva de m\u00e3o de obra, apresentado em valores mensais e percentuais referentes ao total contratado.","rel":"","context":"Post similar","block_context":{"text":"Post similar","link":""},"img":{"alt_text":"","src":"https:\/\/i0.wp.com\/wp.ufpel.edu.br\/terceirizados\/files\/2021\/04\/Vitrine-SUINFRA_rev03_Fiscais-Azul_16-Operador-de-Barragem-Circulo_Azul.png?resize=350%2C200&ssl=1","width":350,"height":200},"classes":[]},{"id":148,"url":"https:\/\/wp.ufpel.edu.br\/terceirizados\/mapa-terceirizacao\/","url_meta":{"origin":325,"position":3},"title":"Mapa de Pr\u00e9dios para Terceiriza\u00e7\u00e3o","author":"N\u00facleo de Gest\u00e3o de Servi\u00e7os Terceirizados","date":"23\/08\/2017","format":false,"excerpt":"","rel":"","context":"Post similar","block_context":{"text":"Post similar","link":""},"img":{"alt_text":"","src":"","width":0,"height":0},"classes":[]},{"id":176,"url":"https:\/\/wp.ufpel.edu.br\/terceirizados\/contratos\/manutencao\/","url_meta":{"origin":325,"position":4},"title":"[Contrato n\u00ba 051\/2023- Manuten\u00e7\u00e3o Predial e \u00c1reas Externas]","author":"N\u00facleo de Gest\u00e3o de Servi\u00e7os Terceirizados","date":"21\/09\/2017","format":false,"excerpt":"Fale sobre Servi\u00e7os Terceirizados (Atendimento): http:\/\/atendimento.ufpel.edu.br Question\u00e1rio de Fiscaliza\u00e7\u00e3o Contratual: https:\/\/wp.ufpel.edu.br\/terceirizados\/contratos\/questionario\/ Autoriza\u00e7\u00e3o para Atividades Extraordin\u00e1rias: https:\/\/wp.ufpel.edu.br\/terceirizados\/contratos\/manutencao\/autorizacao-horaextra\/","rel":"","context":"Post similar","block_context":{"text":"Post similar","link":""},"img":{"alt_text":"","src":"","width":0,"height":0},"classes":[]},{"id":262,"url":"https:\/\/wp.ufpel.edu.br\/terceirizados\/contratos\/questionario\/","url_meta":{"origin":325,"position":5},"title":"QUESTION\u00c1RIOS DE FISCALIZA\u00c7\u00c3O CONTRATUAL","author":"N\u00facleo de Gest\u00e3o de Servi\u00e7os Terceirizados","date":"27\/11\/2017","format":false,"excerpt":"QUESTION\u00c1RIO DE FISCALIZA\u00c7\u00c3O CONTRATUAL Este question\u00e1rio tem a finalidade principal de obter um retorno (feedback) diretamente dos trabalhadores terceirizados em rela\u00e7\u00e3o ao cumprimento das obriga\u00e7\u00f5es trabalhistas por parte de seus respectivos empregadores. Orientamos que o question\u00e1rio seja respondido mensalmente. Os fiscais poder\u00e3o adequar\/ampliar o question\u00e1rio de acordo com as peculiaridades\u2026","rel":"","context":"Post similar","block_context":{"text":"Post similar","link":""},"img":{"alt_text":"","src":"","width":0,"height":0},"classes":[]}],"jetpack_likes_enabled":true,"_links":{"self":[{"href":"https:\/\/wp.ufpel.edu.br\/terceirizados\/wp-json\/wp\/v2\/pages\/325","targetHints":{"allow":["GET"]}}],"collection":[{"href":"https:\/\/wp.ufpel.edu.br\/terceirizados\/wp-json\/wp\/v2\/pages"}],"about":[{"href":"https:\/\/wp.ufpel.edu.br\/terceirizados\/wp-json\/wp\/v2\/types\/page"}],"author":[{"embeddable":true,"href":"https:\/\/wp.ufpel.edu.br\/terceirizados\/wp-json\/wp\/v2\/users\/788"}],"replies":[{"embeddable":true,"href":"https:\/\/wp.ufpel.edu.br\/terceirizados\/wp-json\/wp\/v2\/comments?post=325"}],"version-history":[{"count":2,"href":"https:\/\/wp.ufpel.edu.br\/terceirizados\/wp-json\/wp\/v2\/pages\/325\/revisions"}],"predecessor-version":[{"id":332,"href":"https:\/\/wp.ufpel.edu.br\/terceirizados\/wp-json\/wp\/v2\/pages\/325\/revisions\/332"}],"wp:attachment":[{"href":"https:\/\/wp.ufpel.edu.br\/terceirizados\/wp-json\/wp\/v2\/media?parent=325"}],"curies":[{"name":"wp","href":"https:\/\/api.w.org\/{rel}","templated":true}]}}