{"id":217,"date":"2017-10-20T12:41:31","date_gmt":"2017-10-20T14:41:31","guid":{"rendered":"https:\/\/wp.ufpel.edu.br\/terceirizados\/?page_id=217"},"modified":"2025-10-22T17:48:53","modified_gmt":"2025-10-22T20:48:53","slug":"mapeamento-de-processos","status":"publish","type":"page","link":"https:\/\/wp.ufpel.edu.br\/terceirizados\/mapeamento-de-processos\/","title":{"rendered":"Mapeamento de Processos"},"content":{"rendered":"\n<p>Os processos mapeados dispon\u00edveis nesta p\u00e1gina, s\u00e3o <strong>subprocessos do MACROPROCESSO \u201cContrata\u00e7\u00e3o de Servi\u00e7os com Contrato DEMO\u201d<\/strong> e est\u00e3o <strong>originalmente dispon\u00edveis e atualizados no portal do Escrit\u00f3rio de Processos da UFPel<\/strong>, podendo ser consultados diretamente naquele ambiente. Nesta p\u00e1gina, apresentamos apenas os <strong>links de acesso<\/strong> ao material mantido pelo <a href=\"https:\/\/wp.ufpel.edu.br\/escritoriodeprocessos\/processos-mapeados-ufpel\/\"><strong>Escrit\u00f3rio de Processos<\/strong><\/a>.<\/p>\n\n\n\n<p><a href=\"https:\/\/ep.ufpel.edu.br\/CMP2\/(1)%20Contrata%C3%A7%C3%A3o%20de%20Servi%C3%A7os%20com%20DEMO%20MACROPROCESSO%20(9)\/#list\"><strong>MACROPROCESSO: 1. Contrata\u00e7\u00e3o de Servi\u00e7os com Contrato DEMO<\/strong><\/a><\/p>\n\n\n\n<p><a href=\"https:\/\/ep.ufpel.edu.br\/CMP2\/(1.2)%20Contrata%c3%a7%c3%a3o%20de%20Servi%c3%a7os%20com%20DEMO%20Designa%c3%a7%c3%a3o%20da%20Equipe%20de%20Planejamento%20da%20Contrata%c3%a7%c3%a3o\/#list.\">1.2 Contrata\u00e7\u00e3o de Servi\u00e7os com DEMO &#8211; Designa\u00e7\u00e3o da Equipe de Planejamento da Contrata\u00e7\u00e3o<\/a><\/p>\n\n\n\n<p><a href=\"https:\/\/ep.ufpel.edu.br\/CMP2\/(1.3)%20Contrata%C3%A7%C3%A3o%20de%20Servi%C3%A7os%20com%20DEMO%20Elabora%C3%A7%C3%A3o%20de%20ETP\/#list\">1.3 Contrata\u00e7\u00e3o de Servi\u00e7os com DEMO &#8211; Elabora\u00e7\u00e3o de ETP<\/a><\/p>\n\n\n\n<p><a href=\"https:\/\/ep.ufpel.edu.br\/CMP2\/(1.4)%20Contrata%C3%A7%C3%A3o%20de%20Servi%C3%A7os%20com%20DEMO%20Elabora%C3%A7%C3%A3o%20da%20An%C3%A1lise%20de%20Riscos\/#list\">1.4 Contrata\u00e7\u00e3o de Servi\u00e7os com DEMO &#8211; Elabora\u00e7\u00e3o da An\u00e1lise de Riscos<\/a><\/p>\n\n\n\n<p><a href=\"https:\/\/ep.ufpel.edu.br\/CMP2\/(1.5)%20Contrata%C3%A7%C3%A3o%20de%20Servi%C3%A7os%20com%20DEMO%20Elabora%C3%A7%C3%A3o%20de%20TR\/#list\">1.5 Contrata\u00e7\u00e3o de Servi\u00e7os com DEMO &#8211; Elabora\u00e7\u00e3o de TR<\/a><\/p>\n\n\n\n<p><a href=\"https:\/\/ep.ufpel.edu.br\/CMP2\/(1.6)%20Contrata%C3%A7%C3%A3o%20de%20Servi%C3%A7os%20com%20DEMO%20Realiza%C3%A7%C3%A3o%20do%20Processo%20Licitat%C3%B3rio\/#list\">1.6 Contrata\u00e7\u00e3o de Servi\u00e7os com DEMO &#8211; Realiza\u00e7\u00e3o do Processo Licitat\u00f3rio<\/a><\/p>\n\n\n\n<p><a href=\"https:\/\/ep.ufpel.edu.br\/CMP2\/(1.7)%20Contrata%C3%A7%C3%A3o%20de%20Servi%C3%A7os%20com%20DEMO%20Formaliza%C3%A7%C3%A3o%20e%20Assinatura%20de%20Contrato%20(1)\/#list\">1.7 Contrata\u00e7\u00e3o de Servi\u00e7os com DEMO &#8211; Formaliza\u00e7\u00e3o e Assinatura de Contrato<\/a><\/p>\n\n\n\n<p><a href=\"https:\/\/ep.ufpel.edu.br\/CMP2\/(1.8)%20Contratata%C3%A7%C3%A3o%20de%20Servi%C3%A7os%20com%20DEMO%20Nomea%C3%A7%C3%A3o%20do%20Gestor%20e%20Fiscais%20do%20Contrato\/#list\">1.8 Contrata\u00e7\u00e3o de Servi\u00e7os com DEMO &#8211; Nomea\u00e7\u00e3o do Gestor e Fiscais do Contrato<\/a><\/p>\n\n\n\n<p><a href=\"https:\/\/ep.ufpel.edu.br\/CMP2\/(1.9)%20Contrata%C3%A7%C3%A3o%20de%20Servi%C3%A7os%20com%20DEMO%20Execu%C3%A7%C3%A3o%20Contratual\/#list\">1.9 Contrata\u00e7\u00e3o de Servi\u00e7os com DEMO &#8211; Execu\u00e7\u00e3o Contratual<\/a><\/p>\n\n\n\n<p><a href=\"http:\/\/v\">1.10 Contrata\u00e7\u00e3o de Servi\u00e7os com DEMO &#8211; Aplica\u00e7\u00e3o de San\u00e7\u00e3o Contratual<\/a><\/p>\n\n\n\n<p><a href=\"https:\/\/ep.ufpel.edu.br\/CMP2\/(1.11)%20Contrata%C3%A7%C3%A3o%20de%20Servi%C3%A7os%20com%20DEMO%20Prorroga%C3%A7%C3%A3o%20Contratual\/#list\">1.11 Contrata\u00e7\u00e3o de Servi\u00e7os com DEMO &#8211; Prorroga\u00e7\u00e3o Contratual<\/a><\/p>\n\n\n\n<p><a href=\"https:\/\/ep.ufpel.edu.br\/CMP2\/(1.12)%20Contrata%C3%A7%C3%A3o%20de%20Servi%C3%A7os%20com%20DEMO%20Altera%C3%A7%C3%A3o%20Contratual\/#list\">1.12 Contrata\u00e7\u00e3o de Servi\u00e7os com DEMO &#8211; Altera\u00e7\u00e3o Contratual<\/a><\/p>\n\n\n\n<p><a href=\"https:\/\/ep.ufpel.edu.br\/CMP2\/(1.13)%20Contrata%C3%A7%C3%A3o%20de%20Servi%C3%A7os%20com%20DEMO%20Reajuste%20ou%20Repactua%C3%A7%C3%A3o%20Contratual\/#list\">1.13 Contrata\u00e7\u00e3o de Servi\u00e7os com DEMO &#8211; Reajuste ou Repactua\u00e7\u00e3o Contratual<\/a><\/p>\n\n\n\n<p><a href=\"https:\/\/ep.ufpel.edu.br\/CMP2\/(1.14)%20Contrata%C3%A7%C3%A3o%20de%20Servi%C3%A7os%20com%20DEMO%20Emiss%C3%A3o%20de%20Atestado%20de%20Capacidade%20T%C3%A9cnica%20(1)\/#list\">1.14 Contrata\u00e7\u00e3o de Servi\u00e7os com DEMO &#8211; Emiss\u00e3o de Atestado de Capacidade T\u00e9cnica<\/a><\/p>\n\n\n\n<p><a href=\"https:\/\/ep.ufpel.edu.br\/CMP2\/(1.15)%20Contrata%C3%A7%C3%A3o%20de%20Servi%C3%A7os%20DEMO%20Rescis%C3%A3o%20Contratual\/#list\">1.15 Contrata\u00e7\u00e3o de Servi\u00e7os DEMO &#8211; Rescis\u00e3o Contratual<\/a><\/p>\n\n\n\n<p><a href=\"https:\/\/ep.ufpel.edu.br\/CMP2\/(1.16)%20Contrata%C3%A7%C3%A3o%20de%20Servi%C3%A7os%20DEMO%20Libera%C3%A7%C3%A3o%20de%20Valores%20Contingenciados%20de%20Conta%20Vinculada\/#list\">1.16 Contrata\u00e7\u00e3o de Servi\u00e7os DEMO &#8211; Libera\u00e7\u00e3o de Valores Contingenciados de Conta Vinculada<\/a><\/p>\n\n\n\n<p><a href=\"https:\/\/ep.ufpel.edu.br\/CMP2\/(1.18)%20Encerramento%20de%20Contrato%20DEMO%200507%20(4)\/#list\">1.18 Contrata\u00e7\u00e3o de Servi\u00e7os com DEMO &#8211; Encerramento de Contrato<\/a><\/p>\n\n\n\n<p><\/p>\n","protected":false},"excerpt":{"rendered":"<p>Os processos mapeados dispon\u00edveis nesta p\u00e1gina, s\u00e3o subprocessos do MACROPROCESSO \u201cContrata\u00e7\u00e3o de Servi\u00e7os com Contrato DEMO\u201d e est\u00e3o originalmente dispon\u00edveis e atualizados no portal do Escrit\u00f3rio de Processos da UFPel, podendo ser consultados diretamente naquele ambiente. Nesta p\u00e1gina, apresentamos apenas os links de acesso ao material mantido pelo Escrit\u00f3rio de Processos. MACROPROCESSO: 1. Contrata\u00e7\u00e3o de [&hellip;]<\/p>\n","protected":false},"author":788,"featured_media":0,"parent":0,"menu_order":0,"comment_status":"closed","ping_status":"closed","template":"page-sem-sidebar.php","meta":{"jetpack_post_was_ever_published":false,"footnotes":""},"class_list":["post-217","page","type-page","status-publish","hentry"],"jetpack_sharing_enabled":true,"jetpack_shortlink":"https:\/\/wp.me\/P92luU-3v","jetpack-related-posts":[{"id":18,"url":"https:\/\/wp.ufpel.edu.br\/terceirizados\/contratos\/","url_meta":{"origin":217,"position":0},"title":"Contratos de Servi\u00e7os Terceirizados","author":"N\u00facleo de Gest\u00e3o de Servi\u00e7os Terceirizados","date":"02\/08\/2017","format":false,"excerpt":"Disponibilizamos em gr\u00e1ficos e planilhas uma vis\u00e3o geral dos contratos de servi\u00e7os terceirizados com dedica\u00e7\u00e3o exclusiva de m\u00e3o de obra, apresentado em valores mensais e percentuais referentes ao total contratado.","rel":"","context":"Post similar","block_context":{"text":"Post similar","link":""},"img":{"alt_text":"","src":"https:\/\/i0.wp.com\/wp.ufpel.edu.br\/terceirizados\/files\/2021\/04\/Vitrine-SUINFRA_rev03_Fiscais-Azul_16-Operador-de-Barragem-Circulo_Azul.png?resize=350%2C200&ssl=1","width":350,"height":200},"classes":[]},{"id":262,"url":"https:\/\/wp.ufpel.edu.br\/terceirizados\/contratos\/questionario\/","url_meta":{"origin":217,"position":1},"title":"QUESTION\u00c1RIOS DE FISCALIZA\u00c7\u00c3O CONTRATUAL","author":"N\u00facleo de Gest\u00e3o de Servi\u00e7os Terceirizados","date":"27\/11\/2017","format":false,"excerpt":"QUESTION\u00c1RIO DE FISCALIZA\u00c7\u00c3O CONTRATUAL Este question\u00e1rio tem a finalidade principal de obter um retorno (feedback) diretamente dos trabalhadores terceirizados em rela\u00e7\u00e3o ao cumprimento das obriga\u00e7\u00f5es trabalhistas por parte de seus respectivos empregadores. Orientamos que o question\u00e1rio seja respondido mensalmente. Os fiscais poder\u00e3o adequar\/ampliar o question\u00e1rio de acordo com as peculiaridades\u2026","rel":"","context":"Post similar","block_context":{"text":"Post similar","link":""},"img":{"alt_text":"","src":"","width":0,"height":0},"classes":[]},{"id":679,"url":"https:\/\/wp.ufpel.edu.br\/terceirizados\/contratos\/vigia\/","url_meta":{"origin":217,"position":2},"title":"[Contrato n\u00ba 084\/2019 &#8211; Vigia e Monitoramento]","author":"N\u00facleo de Gest\u00e3o de Servi\u00e7os Terceirizados","date":"12\/07\/2019","format":false,"excerpt":"Fale sobre Servi\u00e7os Terceirizados (Atendimento): http:\/\/atendimento.ufpel.edu.br Question\u00e1rio de Fiscaliza\u00e7\u00e3o Contratual: https:\/\/wp.ufpel.edu.br\/terceirizados\/contratos\/questionario\/ \u00a0 Orienta\u00e7\u00f5es:\u00a0Servi\u00e7o de Vigia e Monitoramento \u00a0 Descri\u00e7\u00e3o geral das atividades dos postos VIGIA: Controle de Acesso: Receber, orientar e encaminhar pessoas aos locais desejados; Orientar visitantes, clientes e prestadores de servi\u00e7os; Orientar deslocamento na Institui\u00e7\u00e3o; Abrir e fechar\u2026","rel":"","context":"Post similar","block_context":{"text":"Post similar","link":""},"img":{"alt_text":"","src":"","width":0,"height":0},"classes":[]},{"id":176,"url":"https:\/\/wp.ufpel.edu.br\/terceirizados\/contratos\/manutencao\/","url_meta":{"origin":217,"position":3},"title":"[Contrato n\u00ba 051\/2023- Manuten\u00e7\u00e3o Predial e \u00c1reas Externas]","author":"N\u00facleo de Gest\u00e3o de Servi\u00e7os Terceirizados","date":"21\/09\/2017","format":false,"excerpt":"Fale sobre Servi\u00e7os Terceirizados (Atendimento): http:\/\/atendimento.ufpel.edu.br Question\u00e1rio de Fiscaliza\u00e7\u00e3o Contratual: https:\/\/wp.ufpel.edu.br\/terceirizados\/contratos\/questionario\/ Autoriza\u00e7\u00e3o para Atividades Extraordin\u00e1rias: https:\/\/wp.ufpel.edu.br\/terceirizados\/contratos\/manutencao\/autorizacao-horaextra\/","rel":"","context":"Post similar","block_context":{"text":"Post similar","link":""},"img":{"alt_text":"","src":"","width":0,"height":0},"classes":[]},{"id":116,"url":"https:\/\/wp.ufpel.edu.br\/terceirizados\/contratos\/portaria\/","url_meta":{"origin":217,"position":4},"title":"[Contrato n\u00ba 021\/2020 &#8211; Portaria]","author":"N\u00facleo de Gest\u00e3o de Servi\u00e7os Terceirizados","date":"03\/08\/2017","format":false,"excerpt":"Fale sobre Servi\u00e7os Terceirizados (Atendimento): http:\/\/atendimento.ufpel.edu.br Question\u00e1rio de Fiscaliza\u00e7\u00e3o Contratual: https:\/\/wp.ufpel.edu.br\/terceirizados\/contratos\/questionario\/ \u00a0 Orienta\u00e7\u00f5es:\u00a0Servi\u00e7o de Portaria Aloca\u00e7\u00e3o de Salas: (wp.ufpel.edu.br\/proplan\/nge\/orientacoes) Agenda das Salas:\u00a0wp.ufpel.edu.br\/proplan\/nge\/agenda-das-salas Pedidos de Agendamento:\u00a0wp.ufpel.edu.br\/proplan\/nge\/pedidos-de-agendamento Consulta Contatos UFPel: Busca de Telefones:\u00a0cobalto.ufpel.edu.br\/portal\/consultas\/guiatelefonicopublico Busca de E-mails:\u00a0cobalto.ufpel.edu.br\/redes\/buscaEmail Telefones \u00dateis: wp.ufpel.edu.br\/terceirizados\/orientacoes\/telefones-uteis Informa\u00e7\u00f5es (Totem): (totem.ufpel.edu.br) Pr\u00e9dios:\u00a0totem.ufpel.edu.br\/informacoes\/predios Senha Wireless: totem.ufpel.edu.br Transporte:\u00a0https:\/\/wp.ufpel.edu.br\/transporte\/ Carona solid\u00e1ria UFPel:\u00a0https:\/\/wp.ufpel.edu.br\/transporte\/carona\/ Transporte de\u2026","rel":"","context":"Post similar","block_context":{"text":"Post similar","link":""},"img":{"alt_text":"","src":"https:\/\/i0.wp.com\/wp.ufpel.edu.br\/terceirizados\/files\/2017\/08\/Portaria.png?fit=314%2C235&ssl=1&resize=350%2C200","width":350,"height":200},"classes":[]},{"id":15,"url":"https:\/\/wp.ufpel.edu.br\/terceirizados\/apresentacao\/","url_meta":{"origin":217,"position":5},"title":"Apresenta\u00e7\u00e3o","author":"N\u00facleo de Gest\u00e3o de Servi\u00e7os Terceirizados","date":"02\/08\/2017","format":false,"excerpt":"N\u00facleo de Gest\u00e3o de Servi\u00e7os TerceirizadosJeremias Maas Lerm (Chefe do N\u00facleo)Se\u00e7\u00e3o de Controle e Monitoramento de Servi\u00e7os TerceirizadosRenata Machado Pereira (Chefe da Se\u00e7\u00e3o)Endere\u00e7o: Rua Gomes Carneiro, 01, Sala A305, 3\u00ba AndarBloco A, Campus Anglo,\u00a0Centro, Pelotas-RS, CEP 96010-610 E-mail: terceirizados@ufpel.edu.brTelefone: +55 (53) 3284-3923 O N\u00facleo de Gest\u00e3o de Servi\u00e7os Terceirizados \u2013\u2026","rel":"","context":"Post similar","block_context":{"text":"Post similar","link":""},"img":{"alt_text":"","src":"https:\/\/i0.wp.com\/wp.ufpel.edu.br\/terceirizados\/files\/2021\/04\/Vitrine-SUINFRA_rev07_NUGEST-Servicos.png?resize=350%2C200&ssl=1","width":350,"height":200},"classes":[]}],"jetpack_likes_enabled":true,"_links":{"self":[{"href":"https:\/\/wp.ufpel.edu.br\/terceirizados\/wp-json\/wp\/v2\/pages\/217","targetHints":{"allow":["GET"]}}],"collection":[{"href":"https:\/\/wp.ufpel.edu.br\/terceirizados\/wp-json\/wp\/v2\/pages"}],"about":[{"href":"https:\/\/wp.ufpel.edu.br\/terceirizados\/wp-json\/wp\/v2\/types\/page"}],"author":[{"embeddable":true,"href":"https:\/\/wp.ufpel.edu.br\/terceirizados\/wp-json\/wp\/v2\/users\/788"}],"replies":[{"embeddable":true,"href":"https:\/\/wp.ufpel.edu.br\/terceirizados\/wp-json\/wp\/v2\/comments?post=217"}],"version-history":[{"count":3,"href":"https:\/\/wp.ufpel.edu.br\/terceirizados\/wp-json\/wp\/v2\/pages\/217\/revisions"}],"predecessor-version":[{"id":1481,"href":"https:\/\/wp.ufpel.edu.br\/terceirizados\/wp-json\/wp\/v2\/pages\/217\/revisions\/1481"}],"wp:attachment":[{"href":"https:\/\/wp.ufpel.edu.br\/terceirizados\/wp-json\/wp\/v2\/media?parent=217"}],"curies":[{"name":"wp","href":"https:\/\/api.w.org\/{rel}","templated":true}]}}