{"id":116,"date":"2017-08-03T20:54:38","date_gmt":"2017-08-03T23:54:38","guid":{"rendered":"https:\/\/wp.ufpel.edu.br\/terceirizados\/?page_id=116"},"modified":"2020-10-30T12:13:04","modified_gmt":"2020-10-30T15:13:04","slug":"portaria","status":"publish","type":"page","link":"https:\/\/wp.ufpel.edu.br\/terceirizados\/contratos\/portaria\/","title":{"rendered":"[Contrato n\u00ba 021\/2020 &#8211; Portaria]"},"content":{"rendered":"<p><strong>Fale sobre Servi\u00e7os Terceirizados (Atendimento):<\/strong><br \/>\n<a href=\"http:\/\/atendimento.ufpel.edu.br\">http:\/\/atendimento.ufpel.edu.br<\/a><\/p>\n<p><strong>Question\u00e1rio de Fiscaliza\u00e7\u00e3o Contratual:<\/strong><br \/>\n<a href=\"https:\/\/wp.ufpel.edu.br\/terceirizados\/contratos\/questionario\/\">https:\/\/wp.ufpel.edu.br\/terceirizados\/contratos\/questionario\/<\/a><\/p>\n<p>&nbsp;<\/p>\n<h3>Orienta\u00e7\u00f5es:\u00a0Servi\u00e7o de Portaria<\/h3>\n<p><strong>Aloca\u00e7\u00e3o de Salas: (<a href=\"https:\/\/wp.ufpel.edu.br\/proplan\/nge\/orientacoes\/\">wp.ufpel.edu.br\/proplan\/nge\/orientacoes<\/a>)<\/strong><\/p>\n<ul>\n<li>Agenda das Salas:\u00a0<a href=\"https:\/\/wp.ufpel.edu.br\/proplan\/nge\/agenda-das-salas\/\">wp.ufpel.edu.br\/proplan\/nge\/agenda-das-salas<\/a><\/li>\n<li>Pedidos de Agendamento:\u00a0<a href=\"https:\/\/wp.ufpel.edu.br\/proplan\/nge\/pedidos-de-agendamento\/\">wp.ufpel.edu.br\/proplan\/nge\/pedidos-de-agendamento<\/a><\/li>\n<\/ul>\n<p><strong>Consulta Contatos UFPel:<\/strong><\/p>\n<ul>\n<li>Busca de Telefones:\u00a0<a href=\"https:\/\/cobalto.ufpel.edu.br\/portal\/consultas\/guiatelefonicopublico\">cobalto.ufpel.edu.br\/portal\/consultas\/guiatelefonicopublico<\/a><\/li>\n<li>Busca de E-mails:\u00a0<a href=\"https:\/\/cobalto.ufpel.edu.br\/redes\/buscaEmail\">cobalto.ufpel.edu.br\/redes\/buscaEmail<\/a><\/li>\n<li>Telefones \u00dateis: <a href=\"https:\/\/wp.ufpel.edu.br\/terceirizados\/orientacoes\/telefones-uteis\/\">wp.ufpel.edu.br\/terceirizados\/orientacoes\/telefones-uteis<\/a><\/li>\n<\/ul>\n<p><strong>Informa\u00e7\u00f5es (Totem):<\/strong> (<a href=\"http:\/\/totem.ufpel.edu.br\/\">totem.ufpel.edu.br<\/a>)<\/p>\n<ul>\n<li>Pr\u00e9dios:\u00a0<a href=\"http:\/\/totem.ufpel.edu.br\/informacoes\/predios\">totem.ufpel.edu.br\/informacoes\/predios<\/a><\/li>\n<li>Senha Wireless: <a href=\"http:\/\/totem.ufpel.edu.br\/\">totem.ufpel.edu.br<\/a><\/li>\n<\/ul>\n<p><strong>Transporte:<\/strong>\u00a0<a href=\"https:\/\/wp.ufpel.edu.br\/transporte\/\">https:\/\/wp.ufpel.edu.br\/transporte\/<\/a><\/p>\n<ul>\n<li>Carona solid\u00e1ria UFPel:\u00a0<a href=\"https:\/\/wp.ufpel.edu.br\/transporte\/carona\/\">https:\/\/wp.ufpel.edu.br\/transporte\/carona\/<\/a><\/li>\n<li>Transporte de Apoio:\u00a0<a href=\"https:\/\/wp.ufpel.edu.br\/transporte\/transporte-apoio\/\">https:\/\/wp.ufpel.edu.br\/transporte\/transporte-apoio\/<\/a><\/li>\n<li>Transporte Campus Cap\u00e3o do Le\u00e3o:\u00a0<a href=\"https:\/\/wp.ufpel.edu.br\/transporte\/transporte-capao-do-leao\/\">https:\/\/wp.ufpel.edu.br\/transporte\/transporte-capao-do-leao\/<\/a><\/li>\n<\/ul>\n<p><strong>Uso de Salas de Aulas Compartilhadas:<\/strong><\/p>\n<ul>\n<li>Orienta\u00e7\u00e3o:\u00a0<a href=\"https:\/\/wp.ufpel.edu.br\/terceirizados\/files\/2018\/01\/Orienta\u00e7\u00f5es-Salas-de-Aula-Compartilhadas-v.2018.01.pdf\">Salas de Aula Compartilhadas v.2018.01<\/a><\/li>\n<\/ul>\n<p>&nbsp;<\/p>\n<p>&nbsp;<\/p>\n<p>&nbsp;<\/p>\n","protected":false},"excerpt":{"rendered":"<p>Fale sobre Servi\u00e7os Terceirizados (Atendimento): http:\/\/atendimento.ufpel.edu.br Question\u00e1rio de Fiscaliza\u00e7\u00e3o Contratual: https:\/\/wp.ufpel.edu.br\/terceirizados\/contratos\/questionario\/ &nbsp; Orienta\u00e7\u00f5es:\u00a0Servi\u00e7o de Portaria Aloca\u00e7\u00e3o de Salas: (wp.ufpel.edu.br\/proplan\/nge\/orientacoes) Agenda das Salas:\u00a0wp.ufpel.edu.br\/proplan\/nge\/agenda-das-salas Pedidos de Agendamento:\u00a0wp.ufpel.edu.br\/proplan\/nge\/pedidos-de-agendamento Consulta Contatos UFPel: Busca de Telefones:\u00a0cobalto.ufpel.edu.br\/portal\/consultas\/guiatelefonicopublico Busca de E-mails:\u00a0cobalto.ufpel.edu.br\/redes\/buscaEmail Telefones \u00dateis: wp.ufpel.edu.br\/terceirizados\/orientacoes\/telefones-uteis Informa\u00e7\u00f5es (Totem): (totem.ufpel.edu.br) Pr\u00e9dios:\u00a0totem.ufpel.edu.br\/informacoes\/predios Senha Wireless: totem.ufpel.edu.br Transporte:\u00a0https:\/\/wp.ufpel.edu.br\/transporte\/ Carona solid\u00e1ria UFPel:\u00a0https:\/\/wp.ufpel.edu.br\/transporte\/carona\/ Transporte de Apoio:\u00a0https:\/\/wp.ufpel.edu.br\/transporte\/transporte-apoio\/ Transporte Campus Cap\u00e3o do [&hellip;]<\/p>\n","protected":false},"author":788,"featured_media":91,"parent":18,"menu_order":0,"comment_status":"closed","ping_status":"closed","template":"","meta":{"jetpack_post_was_ever_published":false,"footnotes":""},"class_list":["post-116","page","type-page","status-publish","has-post-thumbnail","hentry"],"jetpack_sharing_enabled":true,"jetpack_shortlink":"https:\/\/wp.me\/P92luU-1S","jetpack-related-posts":[{"id":176,"url":"https:\/\/wp.ufpel.edu.br\/terceirizados\/contratos\/manutencao\/","url_meta":{"origin":116,"position":0},"title":"[Contrato n\u00ba 051\/2023- Manuten\u00e7\u00e3o Predial e \u00c1reas Externas]","author":"N\u00facleo de Gest\u00e3o de Servi\u00e7os Terceirizados","date":"21\/09\/2017","format":false,"excerpt":"Fale sobre Servi\u00e7os Terceirizados (Atendimento): http:\/\/atendimento.ufpel.edu.br Question\u00e1rio de Fiscaliza\u00e7\u00e3o Contratual: https:\/\/wp.ufpel.edu.br\/terceirizados\/contratos\/questionario\/ Autoriza\u00e7\u00e3o para Atividades Extraordin\u00e1rias: https:\/\/wp.ufpel.edu.br\/terceirizados\/contratos\/manutencao\/autorizacao-horaextra\/","rel":"","context":"Post similar","block_context":{"text":"Post similar","link":""},"img":{"alt_text":"","src":"","width":0,"height":0},"classes":[]},{"id":262,"url":"https:\/\/wp.ufpel.edu.br\/terceirizados\/contratos\/questionario\/","url_meta":{"origin":116,"position":1},"title":"QUESTION\u00c1RIOS DE FISCALIZA\u00c7\u00c3O CONTRATUAL","author":"N\u00facleo de Gest\u00e3o de Servi\u00e7os Terceirizados","date":"27\/11\/2017","format":false,"excerpt":"QUESTION\u00c1RIO DE FISCALIZA\u00c7\u00c3O CONTRATUAL Este question\u00e1rio tem a finalidade principal de obter um retorno (feedback) diretamente dos trabalhadores terceirizados em rela\u00e7\u00e3o ao cumprimento das obriga\u00e7\u00f5es trabalhistas por parte de seus respectivos empregadores. Orientamos que o question\u00e1rio seja respondido mensalmente. Os fiscais poder\u00e3o adequar\/ampliar o question\u00e1rio de acordo com as peculiaridades\u2026","rel":"","context":"Post similar","block_context":{"text":"Post similar","link":""},"img":{"alt_text":"","src":"","width":0,"height":0},"classes":[]},{"id":679,"url":"https:\/\/wp.ufpel.edu.br\/terceirizados\/contratos\/vigia\/","url_meta":{"origin":116,"position":2},"title":"[Contrato n\u00ba 084\/2019 &#8211; Vigia e Monitoramento]","author":"N\u00facleo de Gest\u00e3o de Servi\u00e7os Terceirizados","date":"12\/07\/2019","format":false,"excerpt":"Fale sobre Servi\u00e7os Terceirizados (Atendimento): http:\/\/atendimento.ufpel.edu.br Question\u00e1rio de Fiscaliza\u00e7\u00e3o Contratual: https:\/\/wp.ufpel.edu.br\/terceirizados\/contratos\/questionario\/ \u00a0 Orienta\u00e7\u00f5es:\u00a0Servi\u00e7o de Vigia e Monitoramento \u00a0 Descri\u00e7\u00e3o geral das atividades dos postos VIGIA: Controle de Acesso: Receber, orientar e encaminhar pessoas aos locais desejados; Orientar visitantes, clientes e prestadores de servi\u00e7os; Orientar deslocamento na Institui\u00e7\u00e3o; Abrir e fechar\u2026","rel":"","context":"Post similar","block_context":{"text":"Post similar","link":""},"img":{"alt_text":"","src":"","width":0,"height":0},"classes":[]},{"id":148,"url":"https:\/\/wp.ufpel.edu.br\/terceirizados\/mapa-terceirizacao\/","url_meta":{"origin":116,"position":3},"title":"Mapa de Pr\u00e9dios para Terceiriza\u00e7\u00e3o","author":"N\u00facleo de Gest\u00e3o de Servi\u00e7os Terceirizados","date":"23\/08\/2017","format":false,"excerpt":"","rel":"","context":"Post similar","block_context":{"text":"Post similar","link":""},"img":{"alt_text":"","src":"","width":0,"height":0},"classes":[]},{"id":1160,"url":"https:\/\/wp.ufpel.edu.br\/terceirizados\/home\/","url_meta":{"origin":116,"position":4},"title":"Home","author":"Jeremias Maas Lerm","date":"09\/07\/2021","format":false,"excerpt":"","rel":"","context":"Post similar","block_context":{"text":"Post similar","link":""},"img":{"alt_text":"","src":"https:\/\/i0.wp.com\/wp.ufpel.edu.br\/pra\/files\/2021\/02\/TRANSPORTE.UFPEL-314x209-1.png?resize=350%2C200&ssl=1","width":350,"height":200},"classes":[]},{"id":15,"url":"https:\/\/wp.ufpel.edu.br\/terceirizados\/apresentacao\/","url_meta":{"origin":116,"position":5},"title":"Apresenta\u00e7\u00e3o","author":"N\u00facleo de Gest\u00e3o de Servi\u00e7os Terceirizados","date":"02\/08\/2017","format":false,"excerpt":"N\u00facleo de Gest\u00e3o de Servi\u00e7os TerceirizadosJeremias Maas Lerm (Chefe do N\u00facleo)Se\u00e7\u00e3o de Controle e Monitoramento de Servi\u00e7os TerceirizadosRenata Machado Pereira (Chefe da Se\u00e7\u00e3o)Endere\u00e7o: Rua Gomes Carneiro, 01, Sala A305, 3\u00ba AndarBloco A, Campus Anglo,\u00a0Centro, Pelotas-RS, CEP 96010-610 E-mail: terceirizados@ufpel.edu.brTelefone: +55 (53) 3284-3923 O N\u00facleo de Gest\u00e3o de Servi\u00e7os Terceirizados \u2013\u2026","rel":"","context":"Post similar","block_context":{"text":"Post similar","link":""},"img":{"alt_text":"","src":"https:\/\/i0.wp.com\/wp.ufpel.edu.br\/terceirizados\/files\/2021\/04\/Vitrine-SUINFRA_rev07_NUGEST-Servicos.png?resize=350%2C200&ssl=1","width":350,"height":200},"classes":[]}],"jetpack_likes_enabled":true,"_links":{"self":[{"href":"https:\/\/wp.ufpel.edu.br\/terceirizados\/wp-json\/wp\/v2\/pages\/116","targetHints":{"allow":["GET"]}}],"collection":[{"href":"https:\/\/wp.ufpel.edu.br\/terceirizados\/wp-json\/wp\/v2\/pages"}],"about":[{"href":"https:\/\/wp.ufpel.edu.br\/terceirizados\/wp-json\/wp\/v2\/types\/page"}],"author":[{"embeddable":true,"href":"https:\/\/wp.ufpel.edu.br\/terceirizados\/wp-json\/wp\/v2\/users\/788"}],"replies":[{"embeddable":true,"href":"https:\/\/wp.ufpel.edu.br\/terceirizados\/wp-json\/wp\/v2\/comments?post=116"}],"version-history":[{"count":19,"href":"https:\/\/wp.ufpel.edu.br\/terceirizados\/wp-json\/wp\/v2\/pages\/116\/revisions"}],"predecessor-version":[{"id":961,"href":"https:\/\/wp.ufpel.edu.br\/terceirizados\/wp-json\/wp\/v2\/pages\/116\/revisions\/961"}],"up":[{"embeddable":true,"href":"https:\/\/wp.ufpel.edu.br\/terceirizados\/wp-json\/wp\/v2\/pages\/18"}],"wp:featuredmedia":[{"embeddable":true,"href":"https:\/\/wp.ufpel.edu.br\/terceirizados\/wp-json\/wp\/v2\/media\/91"}],"wp:attachment":[{"href":"https:\/\/wp.ufpel.edu.br\/terceirizados\/wp-json\/wp\/v2\/media?parent=116"}],"curies":[{"name":"wp","href":"https:\/\/api.w.org\/{rel}","templated":true}]}}

[Contrato nº 021/2020 &#8211; Portaria]

<p><strong>Fale sobre Serviços Terceirizados (Atendimento):</strong><br />
<a href="http://atendimento.ufpel.edu.br">http://atendimento.ufpel.edu.br</a></p>
<p><strong>Questionário de Fiscalização Contratual:</strong><br />
<a href="https://wp.ufpel.edu.br/terceirizados/contratos/questionario/">https://wp.ufpel.edu.br/terceirizados/contratos/questionario/</a></p>
<p>&nbsp;</p>
<h3>Orientações: Serviço de Portaria</h3>
<p><strong>Alocação de Salas: (<a href="https://wp.ufpel.edu.br/proplan/nge/orientacoes/">wp.ufpel.edu.br/proplan/nge/orientacoes</a>)</strong></p>
<ul>
<li>Agenda das Salas: <a href="https://wp.ufpel.edu.br/proplan/nge/agenda-das-salas/">wp.ufpel.edu.br/proplan/nge/agenda-das-salas</a></li>
<li>Pedidos de Agendamento: <a href="https://wp.ufpel.edu.br/proplan/nge/pedidos-de-agendamento/">wp.ufpel.edu.br/proplan/nge/pedidos-de-agendamento</a></li>
</ul>
<p><strong>Consulta Contatos UFPel:</strong></p>
<ul>
<li>Busca de Telefones: <a href="https://cobalto.ufpel.edu.br/portal/consultas/guiatelefonicopublico">cobalto.ufpel.edu.br/portal/consultas/guiatelefonicopublico</a></li>
<li>Busca de E-mails: <a href="https://cobalto.ufpel.edu.br/redes/buscaEmail">cobalto.ufpel.edu.br/redes/buscaEmail</a></li>
<li>Telefones Úteis: <a href="https://wp.ufpel.edu.br/terceirizados/orientacoes/telefones-uteis/">wp.ufpel.edu.br/terceirizados/orientacoes/telefones-uteis</a></li>
</ul>
<p><strong>Informações (Totem):</strong> (<a href="http://totem.ufpel.edu.br/">totem.ufpel.edu.br</a>)</p>
<ul>
<li>Prédios: <a href="http://totem.ufpel.edu.br/informacoes/predios">totem.ufpel.edu.br/informacoes/predios</a></li>
<li>Senha Wireless: <a href="http://totem.ufpel.edu.br/">totem.ufpel.edu.br</a></li>
</ul>
<p><strong>Transporte:</strong> <a href="https://wp.ufpel.edu.br/transporte/">https://wp.ufpel.edu.br/transporte/</a></p>
<ul>
<li>Carona solidária UFPel: <a href="https://wp.ufpel.edu.br/transporte/carona/">https://wp.ufpel.edu.br/transporte/carona/</a></li>
<li>Transporte de Apoio: <a href="https://wp.ufpel.edu.br/transporte/transporte-apoio/">https://wp.ufpel.edu.br/transporte/transporte-apoio/</a></li>
<li>Transporte Campus Capão do Leão: <a href="https://wp.ufpel.edu.br/transporte/transporte-capao-do-leao/">https://wp.ufpel.edu.br/transporte/transporte-capao-do-leao/</a></li>
</ul>
<p><strong>Uso de Salas de Aulas Compartilhadas:</strong></p>
<ul>
<li>Orientação: <a href="https://wp.ufpel.edu.br/terceirizados/files/2018/01/Orientações-Salas-de-Aula-Compartilhadas-v.2018.01.pdf">Salas de Aula Compartilhadas v.2018.01</a></li>
</ul>
<p>&nbsp;</p>
<p>&nbsp;</p>
<p>&nbsp;</p>

<p>Fale sobre Serviços Terceirizados (Atendimento): http://atendimento.ufpel.edu.br Questionário de Fiscalização Contratual: https://wp.ufpel.edu.br/terceirizados/contratos/questionario/ &nbsp; Orientações: Serviço de Portaria Alocação de Salas: (wp.ufpel.edu.br/proplan/nge/orientacoes) Agenda das Salas: wp.ufpel.edu.br/proplan/nge/agenda-das-salas Pedidos de Agendamento: wp.ufpel.edu.br/proplan/nge/pedidos-de-agendamento Consulta Contatos UFPel: Busca de Telefones: cobalto.ufpel.edu.br/portal/consultas/guiatelefonicopublico Busca de E-mails: cobalto.ufpel.edu.br/redes/buscaEmail Telefones Úteis: wp.ufpel.edu.br/terceirizados/orientacoes/telefones-uteis Informações (Totem): (totem.ufpel.edu.br) Prédios: totem.ufpel.edu.br/informacoes/predios Senha Wireless: totem.ufpel.edu.br Transporte: https://wp.ufpel.edu.br/transporte/ Carona solidária UFPel: https://wp.ufpel.edu.br/transporte/carona/ Transporte de Apoio: https://wp.ufpel.edu.br/transporte/transporte-apoio/ Transporte Campus Capão do [&hellip;]</p>

[Contrato nº 051/2023- Manutenção Predial e Áreas Externas]

Núcleo de Gestão de Serviços Terceirizados

Fale sobre Serviços Terceirizados (Atendimento): http://atendimento.ufpel.edu.br Questionário de Fiscalização Contratual: https://wp.ufpel.edu.br/terceirizados/contratos/questionario/ Autorização para Atividades Extraordinárias: https://wp.ufpel.edu.br/terceirizados/contratos/manutencao/autorizacao-horaextra/

QUESTIONÁRIOS DE FISCALIZAÇÃO CONTRATUAL

QUESTIONÁRIO DE FISCALIZAÇÃO CONTRATUAL Este questionário tem a finalidade principal de obter um retorno (feedback) diretamente dos trabalhadores terceirizados em relação ao cumprimento das obrigações trabalhistas por parte de seus respectivos empregadores. Orientamos que o questionário seja respondido mensalmente. Os fiscais poderão adequar/ampliar o questionário de acordo com as peculiaridades…

[Contrato nº 084/2019 &#8211; Vigia e Monitoramento]

Fale sobre Serviços Terceirizados (Atendimento): http://atendimento.ufpel.edu.br Questionário de Fiscalização Contratual: https://wp.ufpel.edu.br/terceirizados/contratos/questionario/   Orientações: Serviço de Vigia e Monitoramento   Descrição geral das atividades dos postos VIGIA: Controle de Acesso: Receber, orientar e encaminhar pessoas aos locais desejados; Orientar visitantes, clientes e prestadores de serviços; Orientar deslocamento na Instituição; Abrir e fechar…

Mapa de Prédios para Terceirização

Apresentação

Núcleo de Gestão de Serviços TerceirizadosJeremias Maas Lerm (Chefe do Núcleo)Seção de Controle e Monitoramento de Serviços TerceirizadosRenata Machado Pereira (Chefe da Seção)Endereço: Rua Gomes Carneiro, 01, Sala A305, 3º AndarBloco A, Campus Anglo, Centro, Pelotas-RS, CEP 96010-610 E-mail: terceirizados@ufpel.edu.brTelefone: +55 (53) 3284-3923 O Núcleo de Gestão de Serviços Terceirizados –…
