{"id":59,"date":"2012-05-10T15:17:02","date_gmt":"2012-05-10T18:17:02","guid":{"rendered":"https:\/\/wp.ufpel.edu.br\/terapiaocupacional\/?page_id=59"},"modified":"2026-03-12T15:42:09","modified_gmt":"2026-03-12T18:42:09","slug":"corpo-docente","status":"publish","type":"page","link":"https:\/\/wp.ufpel.edu.br\/terapiaocupacional\/corpo-docente\/","title":{"rendered":"Corpo Docente e TAEs"},"content":{"rendered":"<p><strong>\u00a0 \u00a0 \u00a0 \u00a0 \u00a0 \u00a0 \u00a0 \u00a0 \u00a0 \u00a0UNIVERSIDADE FEDERAL DE PELOTAS<\/strong><\/p>\n<p><strong>\u00a0 \u00a0 \u00a0 \u00a0 \u00a0 \u00a0 \u00a0 \u00a0 \u00a0 \u00a0 \u00a0 \u00a0 \u00a0 \u00a0 \u00a0FACULDADE DE MEDICINA<\/strong><\/p>\n<p><strong>\u00a0 \u00a0 \u00a0 \u00a0 \u00a0 \u00a0 \u00a0 \u00a0 \u00a0 \u00a0 \u00a0 CURSO DE TERAPIA OCUPACIONAL<\/strong><\/p>\n<p>&nbsp;<\/p>\n<p><strong>Coordenador(a) do Curso: <\/strong>Prof.<sup>a<\/sup> Dr.<sup>a<\/sup>\u00a0Laurem Janine Pereira de Aguiar<\/p>\n<p><strong>Coordenador(a) Adjunto(a) do Curso:\u00a0<\/strong> Prof. Dr. Elcio Alteris dos Santos Bohm<\/p>\n<p>&nbsp;<\/p>\n<p><strong>Coordenador(a) do Servi\u00e7o Escola de Terapia Ocupacional: <\/strong>Prof.<sup>a<\/sup> Dr.<sup>a<\/sup> Larissa Dall&#8217; Agnol da Silva<\/p>\n<p><strong>Coordenador(a) Adjunto(a) do Servi\u00e7o Escola de Terapia Ocupacional: <\/strong>TAE Esp. Eveline Brum Lorenzato<\/p>\n<p>&nbsp;<\/p>\n<p><strong>Comiss\u00e3o de Est\u00e1gio: <\/strong>Prof.<sup>a<\/sup> Dr.<sup>a <\/sup>Ang\u00e9lica da Silva Araujo, Prof.<sup>a<\/sup> Dr.<sup>a <\/sup>Nicole Ruas Guarany e discente: ____________<\/p>\n<p>&nbsp;<\/p>\n<p><strong>Docentes Efetivos:<\/strong><\/p>\n<p><strong>Ang\u00e9lica da Silva Araujo<\/strong><\/p>\n<p><em>Lattes: <a href=\"http:\/\/lattes.cnpq.br\/1045852104533065\">http:\/\/lattes.cnpq.br\/1045852104533065<\/a><\/em><\/p>\n<p>E-mail institucional: <a href=\"mailto:angelica.araujo@ufpel.edu.br\">angelica.araujo@ufpel.edu.br<\/a><\/p>\n<p><strong>Camilla Oleiro da Costa Milczarski<\/strong><\/p>\n<p><em>Lattes: <a href=\"http:\/\/lattes.cnpq.br\/8486290198490383\">http:\/\/lattes.cnpq.br\/8486290198490383<\/a><\/em><\/p>\n<p>E-mail institucional: <a href=\"mailto:camillaoleiro@ufpel.edu.br\">camillaoleiro@ufpel.edu.br<\/a><\/p>\n<p><strong>Danusa Menegat <\/strong><em>(em licen\u00e7a maternidade)<\/em><\/p>\n<p><em>Lattes: <a href=\"http:\/\/lattes.cnpq.br\/2631530907050078\">http:\/\/lattes.cnpq.br\/2631530907050078<\/a><\/em><\/p>\n<p>E-mail institucional: <a href=\"mailto:danusa.menegat@ufpel.edu.br\">danusa.menegat@ufpel.edu.br<\/a><\/p>\n<p><strong>Elcio Alteris dos Santos Bohm<\/strong><\/p>\n<p><em>Lattes: <a href=\"http:\/\/lattes.cnpq.br\/5668248201996514\">http:\/\/lattes.cnpq.br\/5668248201996514<\/a><\/em><\/p>\n<p>E-mail institucional: <a href=\"mailto:elcio.alteris@ufpel.edu.br\">elcio.alteris@ufpel.edu.br<\/a><\/p>\n<p><strong>Julio Caetano Costa<\/strong><\/p>\n<p><em>Lattes: <a href=\"http:\/\/lattes.cnpq.br\/6265060862685927\">http:\/\/lattes.cnpq.br\/6265060862685927<\/a><\/em><\/p>\n<p>E-mail institucional: <a href=\"mailto:jccosta@ufpel.edu.br\">jccosta@ufpel.edu.br<\/a><\/p>\n<p><strong>Larissa Dall&#8217; Agnol da Silva<\/strong><\/p>\n<p><em>Lattes: <a href=\"http:\/\/lattes.cnpq.br\/8444362590079962\">http:\/\/lattes.cnpq.br\/8444362590079962<\/a><\/em><\/p>\n<p>E-mail institucional: <a href=\"mailto:larissa.dall@ufpel.edu.br\">larissa.dall@ufpel.edu.br<\/a><\/p>\n<p><strong>Laurem Janine Pereira de Aguiar<\/strong><\/p>\n<p><em>Lattes: <a href=\"http:\/\/lattes.cnpq.br\/8444362590079962\">http:\/\/lattes.cnpq.br\/8268321402603025<\/a><\/em><\/p>\n<p>E-mail institucional: <a href=\"mailto:laurem.aguiar@ufpel.edu.br\">laurem.aguiar@ufpel.edu.br<\/a><\/p>\n<p><strong>Mait\u00ea Peres de Carvalho<\/strong><\/p>\n<p><em>Lattes: <a href=\"http:\/\/lattes.cnpq.br\/8315154975030144\">http:\/\/lattes.cnpq.br\/8315154975030144<\/a><\/em><\/p>\n<p>E-mail: <a href=\"mailto:maite.carvalho@ufpel.edu.br\">maite.carvalho@ufpel.edu.br<\/a><\/p>\n<p><strong>Nicole Ruas Guarany<\/strong><\/p>\n<p><em>Lattes: <a href=\"http:\/\/lattes.cnpq.br\/1573045323911594\">http:\/\/lattes.cnpq.br\/1573045323911594<\/a><\/em><\/p>\n<p>E-mail institucional: <a href=\"mailto:nicole.guarany@ufpel.edu.br\">nicole.guarany@ufpel.edu.br<\/a><\/p>\n<p><strong>Renata Cristina Rocha da Silva<\/strong> <em>(em afastamento para cargo de gest\u00e3o)<\/em><\/p>\n<p><em>Lattes: <a href=\"http:\/\/lattes.cnpq.br\/3150036157419261\">http:\/\/lattes.cnpq.br\/3150036157419261<\/a><\/em><\/p>\n<p>E-mail institucional: <a href=\"mailto:renata.cristina@ufpel.edu.br\">renata.cristina@ufpel.edu.br<\/a><\/p>\n<p><strong>Suzel Lima da Silva<\/strong><\/p>\n<p><em>Lattes: <a href=\"http:\/\/lattes.cnpq.br\/3249996189512183\">http:\/\/lattes.cnpq.br\/3249996189512183<\/a><\/em><\/p>\n<p>E-mail institucional: <a href=\"mailto:suzel.lima@ufpel.edu.br\">suzel.lima@ufpel.edu.br<\/a><\/p>\n<p><strong>Zayanna Christine Lopes Lind\u00f4so <\/strong><em>(em afastamento para p\u00f3<\/em><em>s-doutorado)<\/em><\/p>\n<p><em>Lattes: <a href=\"http:\/\/lattes.cnpq.br\/5394534271394045\">http:\/\/lattes.cnpq.br\/5394534271394045<\/a><\/em><\/p>\n<p>E-mail: <a href=\"mailto:zayanna.lindoso@ufpel.edu.br\">zayanna.lindoso@ufpel.edu.br<\/a><\/p>\n<p>&nbsp;<\/p>\n<p><strong>Docente(s) Substituto(s):<\/strong><\/p>\n<p><strong>Laryssa Matos Garcez Dantas<\/strong><\/p>\n<p><em>Lattes: <a href=\"http:\/\/lattes.cnpq.br\/5165493876375890\">http:\/\/lattes.cnpq.br\/5165493876375890<\/a><\/em><\/p>\n<p>E-mail institucional: <a href=\"mailto:laryssa.dantas@ufpel.edu.br\">laryssa.dantas@ufpel.edu.br<\/a><\/p>\n<p><strong>Prince Chaiene Meireles Duarte<\/strong><\/p>\n<p><em>Lattes: <a href=\"https:\/\/lattes.cnpq.br\/0689507281752013\">https:\/\/lattes.cnpq.br\/0689507281752013<\/a><\/em><\/p>\n<p>E-mail institucional: <a href=\"mailto:prince.dias@ufpel.edu.br\">prince.dias@ufpel.edu.br<\/a><\/p>\n<p>&nbsp;<\/p>\n<p><strong>TAEs:<\/strong><\/p>\n<p><strong>Andr\u00e9a Gon\u00e7alves Brand\u00e3o<\/strong> (Terapeuta Ocupacional)<\/p>\n<p><em>Lattes: <a href=\"http:\/\/lattes.cnpq.br\/8445352775783219\">http:\/\/lattes.cnpq.br\/8445352775783219<\/a><\/em><\/p>\n<p>E-mail institucional: <a href=\"mailto:andrea.brandao@ufpel.edu.br\">andrea.brandao@ufpel.edu.br<\/a><\/p>\n<p><strong>Bruno Almeida Quevedo Rodrigues <\/strong>(Assistente em Administra\u00e7\u00e3o)<\/p>\n<p><em>Lattes:\u00a0<\/em><\/p>\n<p>E-mail institucional: <a href=\"mailto:bruno.almeida@ufpel.edu.br\">bruno.almeida@ufpel.edu.br<\/a><\/p>\n<p><strong>Eveline Brum Lorenzato <\/strong>(Terapeuta Ocupacional)<\/p>\n<p><em>Lattes: <a href=\"http:\/\/lattes.cnpq.br\/4663709808781838\">http:\/\/lattes.cnpq.br\/4663709808781838<\/a><\/em><\/p>\n<p>E-mail institucional: <a href=\"mailto:eveline.lorenzato@ufpel.edu.br\">eveline.lorenzato@ufpel.edu.br<\/a><\/p>\n<p><strong>Let\u00edcia Saboia da Silva<\/strong> (Terapeuta Ocupacional)<\/p>\n<p><em>Lattes: <a href=\"http:\/\/lattes.cnpq.br\/9042834885991585\">http:\/\/lattes.cnpq.br\/9042834885991585<\/a><\/em><\/p>\n<p>E-mail institucional: <a href=\"mailto:leticia.saboia@ufpel.edu.br\">leticia.saboia@ufpel.edu.br<\/a><\/p>\n<p>&nbsp;<\/p>\n<p>&nbsp;<\/p>\n","protected":false},"excerpt":{"rendered":"<p>\u00a0 \u00a0 \u00a0 \u00a0 \u00a0 \u00a0 \u00a0 \u00a0 \u00a0 \u00a0UNIVERSIDADE FEDERAL DE PELOTAS \u00a0 \u00a0 \u00a0 \u00a0 \u00a0 \u00a0 \u00a0 \u00a0 \u00a0 \u00a0 \u00a0 \u00a0 \u00a0 \u00a0 \u00a0FACULDADE DE MEDICINA \u00a0 \u00a0 \u00a0 \u00a0 \u00a0 \u00a0 \u00a0 \u00a0 \u00a0 \u00a0 \u00a0 CURSO DE TERAPIA OCUPACIONAL &nbsp; Coordenador(a) do Curso: Prof.a Dr.a\u00a0Laurem Janine Pereira de Aguiar [&hellip;]<\/p>\n","protected":false},"author":189,"featured_media":0,"parent":0,"menu_order":0,"comment_status":"closed","ping_status":"closed","template":"","meta":{"footnotes":""},"class_list":["post-59","page","type-page","status-publish","hentry"],"_links":{"self":[{"href":"https:\/\/wp.ufpel.edu.br\/terapiaocupacional\/wp-json\/wp\/v2\/pages\/59","targetHints":{"allow":["GET"]}}],"collection":[{"href":"https:\/\/wp.ufpel.edu.br\/terapiaocupacional\/wp-json\/wp\/v2\/pages"}],"about":[{"href":"https:\/\/wp.ufpel.edu.br\/terapiaocupacional\/wp-json\/wp\/v2\/types\/page"}],"author":[{"embeddable":true,"href":"https:\/\/wp.ufpel.edu.br\/terapiaocupacional\/wp-json\/wp\/v2\/users\/189"}],"replies":[{"embeddable":true,"href":"https:\/\/wp.ufpel.edu.br\/terapiaocupacional\/wp-json\/wp\/v2\/comments?post=59"}],"version-history":[{"count":3,"href":"https:\/\/wp.ufpel.edu.br\/terapiaocupacional\/wp-json\/wp\/v2\/pages\/59\/revisions"}],"predecessor-version":[{"id":1827,"href":"https:\/\/wp.ufpel.edu.br\/terapiaocupacional\/wp-json\/wp\/v2\/pages\/59\/revisions\/1827"}],"wp:attachment":[{"href":"https:\/\/wp.ufpel.edu.br\/terapiaocupacional\/wp-json\/wp\/v2\/media?parent=59"}],"curies":[{"name":"wp","href":"https:\/\/api.w.org\/{rel}","templated":true}]}}