{"id":1385,"date":"2023-07-03T22:55:51","date_gmt":"2023-07-04T01:55:51","guid":{"rendered":"https:\/\/wp.ufpel.edu.br\/terapiaocupacional\/?page_id=1385"},"modified":"2025-07-15T23:08:55","modified_gmt":"2025-07-16T02:08:55","slug":"cato","status":"publish","type":"page","link":"https:\/\/wp.ufpel.edu.br\/terapiaocupacional\/cato\/","title":{"rendered":"CATO"},"content":{"rendered":"<h2><strong>CENTRO ACAD\u00caMICO DE TERAPIA OCUPACIONAL &#8211; CATO<\/strong><\/h2>\n<p>&nbsp;<\/p>\n<p>O CATO &#8211; UFPel foi criado em 2012 e trata-se de uma entidade civil laica com sede na cidade de Pelotas\/RS, tendo como foco a representa\u00e7\u00e3o estudantil do curso de Terapia Ocupacional, incentivando, assim, na luta dos estudantes junto \u00e0 comunidade de forma democr\u00e1tica e aut\u00f4noma, bem como as rela\u00e7\u00f5es com as demais entidades estudantis.<\/p>\n<p>Sem nenhum fim lucrativo ou pertencimento de partido pol\u00edtico, tamb\u00e9m compete ao CATO a representa\u00e7\u00e3o nas reuni\u00f5es, assim como intervir de forma democr\u00e1tica nos conflitos estudantis, organizar eventos em prol dos estudantes atuando como comunica\u00e7\u00e3o direta e na cria\u00e7\u00e3o de assembleias, al\u00e9m da responsabilidade de fazer-se cumprir o estatuto.<\/p>\n<p>A composi\u00e7\u00e3o dos representantes eleitos para a representa\u00e7\u00e3o discente do curso, que \u00e9 ocorrida atrav\u00e9s da vota\u00e7\u00e3o de todos os alunos, \u00e9 a seguinte: presidente, vice-presidente, secret\u00e1rio, tesoureiro, coordenador de pol\u00edticas estudantis e coordenador de eventos, podendo haver suplentes caso necess\u00e1rio.<\/p>\n<p>A sede do CATO fica localizada na Av. Duque de Caxias, 250, dentro da Faculdade de Medicina.<\/p>\n<p>Canais de comunica\u00e7\u00e3o: <strong>Instagram @catoufpel<\/strong> e <strong>e-mail: caterapiaocupacionalufpel@gmail.com<\/strong><\/p>\n<p style=\"text-align: left;\"><a href=\"https:\/\/wp.ufpel.edu.br\/terapiaocupacional\/files\/2025\/07\/CATO-2025.png\"><img class=\"wp-image-1944 aligncenter\" src=\"https:\/\/wp.ufpel.edu.br\/terapiaocupacional\/files\/2025\/07\/CATO-2025-310x400.png\" alt=\"\" width=\"424\" height=\"547\" srcset=\"https:\/\/wp.ufpel.edu.br\/terapiaocupacional\/files\/2025\/07\/CATO-2025-310x400.png 310w, https:\/\/wp.ufpel.edu.br\/terapiaocupacional\/files\/2025\/07\/CATO-2025-793x1024.png 793w, https:\/\/wp.ufpel.edu.br\/terapiaocupacional\/files\/2025\/07\/CATO-2025-768x992.png 768w, https:\/\/wp.ufpel.edu.br\/terapiaocupacional\/files\/2025\/07\/CATO-2025.png 1045w\" sizes=\"(max-width: 424px) 100vw, 424px\" \/><\/a><\/p>\n<p>&nbsp;<\/p>\n<p>&nbsp;<\/p>\n","protected":false},"excerpt":{"rendered":"<p>CENTRO ACAD\u00caMICO DE TERAPIA OCUPACIONAL &#8211; CATO &nbsp; O CATO &#8211; UFPel foi criado em 2012 e trata-se de uma entidade civil laica com sede na cidade de Pelotas\/RS, tendo como foco a representa\u00e7\u00e3o estudantil do curso de Terapia Ocupacional, incentivando, assim, na luta dos estudantes junto \u00e0 comunidade de forma democr\u00e1tica e aut\u00f4noma, bem [&hellip;]<\/p>\n","protected":false},"author":189,"featured_media":0,"parent":0,"menu_order":0,"comment_status":"closed","ping_status":"closed","template":"","meta":{"footnotes":""},"class_list":["post-1385","page","type-page","status-publish","hentry"],"_links":{"self":[{"href":"https:\/\/wp.ufpel.edu.br\/terapiaocupacional\/wp-json\/wp\/v2\/pages\/1385","targetHints":{"allow":["GET"]}}],"collection":[{"href":"https:\/\/wp.ufpel.edu.br\/terapiaocupacional\/wp-json\/wp\/v2\/pages"}],"about":[{"href":"https:\/\/wp.ufpel.edu.br\/terapiaocupacional\/wp-json\/wp\/v2\/types\/page"}],"author":[{"embeddable":true,"href":"https:\/\/wp.ufpel.edu.br\/terapiaocupacional\/wp-json\/wp\/v2\/users\/189"}],"replies":[{"embeddable":true,"href":"https:\/\/wp.ufpel.edu.br\/terapiaocupacional\/wp-json\/wp\/v2\/comments?post=1385"}],"version-history":[{"count":6,"href":"https:\/\/wp.ufpel.edu.br\/terapiaocupacional\/wp-json\/wp\/v2\/pages\/1385\/revisions"}],"predecessor-version":[{"id":1946,"href":"https:\/\/wp.ufpel.edu.br\/terapiaocupacional\/wp-json\/wp\/v2\/pages\/1385\/revisions\/1946"}],"wp:attachment":[{"href":"https:\/\/wp.ufpel.edu.br\/terapiaocupacional\/wp-json\/wp\/v2\/media?parent=1385"}],"curies":[{"name":"wp","href":"https:\/\/api.w.org\/{rel}","templated":true}]}}

<h2><strong>CENTRO ACADÊMICO DE TERAPIA OCUPACIONAL &#8211; CATO</strong></h2>
<p>&nbsp;</p>
<p>O CATO &#8211; UFPel foi criado em 2012 e trata-se de uma entidade civil laica com sede na cidade de Pelotas/RS, tendo como foco a representação estudantil do curso de Terapia Ocupacional, incentivando, assim, na luta dos estudantes junto à comunidade de forma democrática e autônoma, bem como as relações com as demais entidades estudantis.</p>
<p>Sem nenhum fim lucrativo ou pertencimento de partido político, também compete ao CATO a representação nas reuniões, assim como intervir de forma democrática nos conflitos estudantis, organizar eventos em prol dos estudantes atuando como comunicação direta e na criação de assembleias, além da responsabilidade de fazer-se cumprir o estatuto.</p>
<p>A composição dos representantes eleitos para a representação discente do curso, que é ocorrida através da votação de todos os alunos, é a seguinte: presidente, vice-presidente, secretário, tesoureiro, coordenador de políticas estudantis e coordenador de eventos, podendo haver suplentes caso necessário.</p>
<p>A sede do CATO fica localizada na Av. Duque de Caxias, 250, dentro da Faculdade de Medicina.</p>
<p>Canais de comunicação: <strong>Instagram @catoufpel</strong> e <strong>e-mail: caterapiaocupacionalufpel@gmail.com</strong></p>
<p style="text-align: left;"><a href="https://wp.ufpel.edu.br/terapiaocupacional/files/2025/07/CATO-2025.png"><img class="wp-image-1944 aligncenter" src="https://wp.ufpel.edu.br/terapiaocupacional/files/2025/07/CATO-2025-310x400.png" alt="" width="424" height="547" srcset="https://wp.ufpel.edu.br/terapiaocupacional/files/2025/07/CATO-2025-310x400.png 310w, https://wp.ufpel.edu.br/terapiaocupacional/files/2025/07/CATO-2025-793x1024.png 793w, https://wp.ufpel.edu.br/terapiaocupacional/files/2025/07/CATO-2025-768x992.png 768w, https://wp.ufpel.edu.br/terapiaocupacional/files/2025/07/CATO-2025.png 1045w" sizes="(max-width: 424px) 100vw, 424px" /></a></p>
<p>&nbsp;</p>
<p>&nbsp;</p>

<p>CENTRO ACADÊMICO DE TERAPIA OCUPACIONAL &#8211; CATO &nbsp; O CATO &#8211; UFPel foi criado em 2012 e trata-se de uma entidade civil laica com sede na cidade de Pelotas/RS, tendo como foco a representação estudantil do curso de Terapia Ocupacional, incentivando, assim, na luta dos estudantes junto à comunidade de forma democrática e autônoma, bem [&hellip;]</p>
