{"id":1283,"date":"2023-06-02T16:20:00","date_gmt":"2023-06-02T19:20:00","guid":{"rendered":"https:\/\/wp.ufpel.edu.br\/terapiaocupacional\/?page_id=1283"},"modified":"2026-03-04T16:00:58","modified_gmt":"2026-03-04T19:00:58","slug":"sobre-o-curso","status":"publish","type":"page","link":"https:\/\/wp.ufpel.edu.br\/terapiaocupacional\/sobre-o-curso\/","title":{"rendered":"Sobre o Curso"},"content":{"rendered":"<h2><strong>Curso de Bacharelado em Terapia Ocupacional<\/strong><\/h2>\n<p>&nbsp;<\/p>\n<p><strong>Funcionamento do curso:<\/strong><\/p>\n<p>O Curso de Bacharelado em Terapia Ocupacional pertence \u00e0 Faculdade de Medicina (FAMED) da Universidade Federal de Pelotas (UFPel) e as aulas acontecem em alguns <em>campi<\/em> da UFPel no munic\u00edpio de Pelotas\/RS.<\/p>\n<p>Trata-se de uma gradua\u00e7\u00e3o na modalidade presencial com dura\u00e7\u00e3o de quatro anos totalizando uma forma\u00e7\u00e3o com carga hor\u00e1ria de 3.270 horas.<\/p>\n<p>&nbsp;<\/p>\n<p><strong>Ingresso e vagas no curso:<\/strong><\/p>\n<p>S\u00e3o oferecidas anualmente 44 vagas para o Curso de Terapia Ocupacional. O ingresso dos estudantes ocorre no segundo semestre letivo.<\/p>\n<p>Mudan\u00e7a na forma de ingresso: https:\/\/wp.ufpel.edu.br\/terapiaocupacional\/2026\/01\/21\/%f0%9f%93%a2-atencao-mudanca-na-forma-de-ingresso-no-curso-de-terapia-ocupacional-da-ufpel\/<\/p>\n<p>&nbsp;<\/p>\n<p><strong>Hor\u00e1rios das aulas:<\/strong><\/p>\n<p>O curso possui turno integral (vespertino + noturno), sendo os hor\u00e1rios das disciplinas obrigat\u00f3rias concentradas \u00e0 tarde e \u00e0 noite (13h30 \u00e0s 22h20). No turno da manh\u00e3 podem ser cursadas as disciplinas optativas e o est\u00e1gio final de gradua\u00e7\u00e3o, bem como desenvolvidas atividades de pesquisa, ensino, extens\u00e3o e inova\u00e7\u00e3o.<\/p>\n<p><strong>\u00a0<\/strong><\/p>\n<p><strong>Est\u00e1gio final e trabalho de conclus\u00e3o de curso (TCC):<\/strong><\/p>\n<p>Como parte integrante da carga hor\u00e1ria obrigat\u00f3ria do curso, est\u00e3o previstos nos semestres finais a realiza\u00e7\u00e3o de est\u00e1gio e TCC.<\/p>\n<p>Os est\u00e1gios curriculares profissionais supervisionados (ECPS) I e II s\u00e3o obrigat\u00f3rios acatando o que rege a Lei n\u00ba 11.788 (2008) e ser\u00e3o desenvolvidos ap\u00f3s a conclus\u00e3o das disciplinas obrigat\u00f3rias, conforme a matriz curricular.<\/p>\n<p>Em conformidade com a Lei n\u00ba 11.788 de 25 de setembro de 2008, o(a) discente disp\u00f5e do direito de realizar est\u00e1gio curricular n\u00e3o-obrigat\u00f3rio desde que esteja cursando no m\u00ednimo o sexto per\u00edodo ou terceiro ano do curso (vide Resolu\u00e7\u00e3o n\u00ba 50\/2016 do Conselho Federal de Fisioterapia e Terapia Ocupacional). A Resolu\u00e7\u00e3o n\u00ba 29\/2018 do COCEPE\/UFPel refere ainda que o est\u00e1gio curricular n\u00e3o-obrigat\u00f3rio s\u00f3 ser\u00e1 realizado ap\u00f3s a celebra\u00e7\u00e3o do termo de compromisso entre a institui\u00e7\u00e3o de ensino e a parte concedente. Al\u00e9m disso, necessitar\u00e1 da orienta\u00e7\u00e3o de um docente terapeuta ocupacional da institui\u00e7\u00e3o de ensino para o acompanhamento acad\u00eamico do aluno, bem como dos relat\u00f3rios e processos avaliativos regulares. Tamb\u00e9m se faz necess\u00e1ria a presen\u00e7a do profissional terapeuta ocupacional (graduado h\u00e1 pelo menos 2 anos e que atue no servi\u00e7o com carga hor\u00e1ria m\u00ednima de 20h semanais) como componente da equipe interdisciplinar da institui\u00e7\u00e3o concedente para acompanhamento da pr\u00e1tica do(a) discente na institui\u00e7\u00e3o. A jornada de atividades, conforme a Lei n\u00ba 11.788 de 25 de setembro de 2008, n\u00e3o poder\u00e1 ultrapassar 6 horas di\u00e1rias e 30 horas semanais.<\/p>\n<p>&nbsp;<\/p>\n<p><strong>Mais detalhes:<\/strong><\/p>\n<p>Maior detalhamento acerca do curso pode ser consultado no Projeto Pedag\u00f3gico do Curso (PPC) que se encontra dispon\u00edvel na aba \u201cdocumentos\u201d deste site ou pelo e-mail do curso que pode ser obtido na aba \u201ccontato\u201d.<\/p>\n","protected":false},"excerpt":{"rendered":"<p>Curso de Bacharelado em Terapia Ocupacional &nbsp; Funcionamento do curso: O Curso de Bacharelado em Terapia Ocupacional pertence \u00e0 Faculdade de Medicina (FAMED) da Universidade Federal de Pelotas (UFPel) e as aulas acontecem em alguns campi da UFPel no munic\u00edpio de Pelotas\/RS. Trata-se de uma gradua\u00e7\u00e3o na modalidade presencial com dura\u00e7\u00e3o de quatro anos totalizando [&hellip;]<\/p>\n","protected":false},"author":189,"featured_media":0,"parent":0,"menu_order":0,"comment_status":"closed","ping_status":"closed","template":"","meta":{"footnotes":""},"class_list":["post-1283","page","type-page","status-publish","hentry"],"_links":{"self":[{"href":"https:\/\/wp.ufpel.edu.br\/terapiaocupacional\/wp-json\/wp\/v2\/pages\/1283","targetHints":{"allow":["GET"]}}],"collection":[{"href":"https:\/\/wp.ufpel.edu.br\/terapiaocupacional\/wp-json\/wp\/v2\/pages"}],"about":[{"href":"https:\/\/wp.ufpel.edu.br\/terapiaocupacional\/wp-json\/wp\/v2\/types\/page"}],"author":[{"embeddable":true,"href":"https:\/\/wp.ufpel.edu.br\/terapiaocupacional\/wp-json\/wp\/v2\/users\/189"}],"replies":[{"embeddable":true,"href":"https:\/\/wp.ufpel.edu.br\/terapiaocupacional\/wp-json\/wp\/v2\/comments?post=1283"}],"version-history":[{"count":4,"href":"https:\/\/wp.ufpel.edu.br\/terapiaocupacional\/wp-json\/wp\/v2\/pages\/1283\/revisions"}],"predecessor-version":[{"id":2094,"href":"https:\/\/wp.ufpel.edu.br\/terapiaocupacional\/wp-json\/wp\/v2\/pages\/1283\/revisions\/2094"}],"wp:attachment":[{"href":"https:\/\/wp.ufpel.edu.br\/terapiaocupacional\/wp-json\/wp\/v2\/media?parent=1283"}],"curies":[{"name":"wp","href":"https:\/\/api.w.org\/{rel}","templated":true}]}}

<h2><strong>Curso de Bacharelado em Terapia Ocupacional</strong></h2>
<p>&nbsp;</p>
<p><strong>Funcionamento do curso:</strong></p>
<p>O Curso de Bacharelado em Terapia Ocupacional pertence à Faculdade de Medicina (FAMED) da Universidade Federal de Pelotas (UFPel) e as aulas acontecem em alguns <em>campi</em> da UFPel no município de Pelotas/RS.</p>
<p>Trata-se de uma graduação na modalidade presencial com duração de quatro anos totalizando uma formação com carga horária de 3.270 horas.</p>
<p>&nbsp;</p>
<p><strong>Ingresso e vagas no curso:</strong></p>
<p>São oferecidas anualmente 44 vagas para o Curso de Terapia Ocupacional. O ingresso dos estudantes ocorre no segundo semestre letivo.</p>
<p>Mudança na forma de ingresso: https://wp.ufpel.edu.br/terapiaocupacional/2026/01/21/%f0%9f%93%a2-atencao-mudanca-na-forma-de-ingresso-no-curso-de-terapia-ocupacional-da-ufpel/</p>
<p>&nbsp;</p>
<p><strong>Horários das aulas:</strong></p>
<p>O curso possui turno integral (vespertino + noturno), sendo os horários das disciplinas obrigatórias concentradas à tarde e à noite (13h30 às 22h20). No turno da manhã podem ser cursadas as disciplinas optativas e o estágio final de graduação, bem como desenvolvidas atividades de pesquisa, ensino, extensão e inovação.</p>
<p><strong> </strong></p>
<p><strong>Estágio final e trabalho de conclusão de curso (TCC):</strong></p>
<p>Como parte integrante da carga horária obrigatória do curso, estão previstos nos semestres finais a realização de estágio e TCC.</p>
<p>Os estágios curriculares profissionais supervisionados (ECPS) I e II são obrigatórios acatando o que rege a Lei nº 11.788 (2008) e serão desenvolvidos após a conclusão das disciplinas obrigatórias, conforme a matriz curricular.</p>
<p>Em conformidade com a Lei nº 11.788 de 25 de setembro de 2008, o(a) discente dispõe do direito de realizar estágio curricular não-obrigatório desde que esteja cursando no mínimo o sexto período ou terceiro ano do curso (vide Resolução nº 50/2016 do Conselho Federal de Fisioterapia e Terapia Ocupacional). A Resolução nº 29/2018 do COCEPE/UFPel refere ainda que o estágio curricular não-obrigatório só será realizado após a celebração do termo de compromisso entre a instituição de ensino e a parte concedente. Além disso, necessitará da orientação de um docente terapeuta ocupacional da instituição de ensino para o acompanhamento acadêmico do aluno, bem como dos relatórios e processos avaliativos regulares. Também se faz necessária a presença do profissional terapeuta ocupacional (graduado há pelo menos 2 anos e que atue no serviço com carga horária mínima de 20h semanais) como componente da equipe interdisciplinar da instituição concedente para acompanhamento da prática do(a) discente na instituição. A jornada de atividades, conforme a Lei nº 11.788 de 25 de setembro de 2008, não poderá ultrapassar 6 horas diárias e 30 horas semanais.</p>
<p>&nbsp;</p>
<p><strong>Mais detalhes:</strong></p>
<p>Maior detalhamento acerca do curso pode ser consultado no Projeto Pedagógico do Curso (PPC) que se encontra disponível na aba “documentos” deste site ou pelo e-mail do curso que pode ser obtido na aba “contato”.</p>

<p>Curso de Bacharelado em Terapia Ocupacional &nbsp; Funcionamento do curso: O Curso de Bacharelado em Terapia Ocupacional pertence à Faculdade de Medicina (FAMED) da Universidade Federal de Pelotas (UFPel) e as aulas acontecem em alguns campi da UFPel no município de Pelotas/RS. Trata-se de uma graduação na modalidade presencial com duração de quatro anos totalizando [&hellip;]</p>
