{"id":1249,"date":"2023-05-25T20:52:10","date_gmt":"2023-05-25T23:52:10","guid":{"rendered":"https:\/\/wp.ufpel.edu.br\/terapiaocupacional\/?page_id=1249"},"modified":"2026-04-15T12:08:29","modified_gmt":"2026-04-15T15:08:29","slug":"projetos","status":"publish","type":"page","link":"https:\/\/wp.ufpel.edu.br\/terapiaocupacional\/projetos\/","title":{"rendered":"Projetos"},"content":{"rendered":"<h3><em><strong>PROJETOS UNIFICADOS COM \u00caNFASE EM ENSINO:<\/strong><\/em><\/h3>\n<p><strong>FormaTO: Processos Formativos em Terapia Ocupacional<\/strong>\u00a0<em>(\u00eanfase em ensino)<\/em><\/p>\n<p>Coordena\u00e7\u00e3o:\u00a0Prof<sup>a<\/sup>. Dr<sup>a<\/sup>. Mait\u00ea Carvalho<\/p>\n<p>Coordena\u00e7\u00e3o adjunta: Prof<sup>a<\/sup>. Dr<sup>a<\/sup>. Danusa Menegat<\/p>\n<p>&nbsp;<\/p>\n<p><strong>Tecnologias Contempor\u00e2neas Interdisciplinares na Comunidade<\/strong> <em>(\u00eanfase em ensino)<\/em><\/p>\n<p>Coordena\u00e7\u00e3o: Prof. Dr. Julio Caetano Costa<\/p>\n<p>&nbsp;<\/p>\n<p><strong>Coletivo Hildete Bahia: Diversidade e Sa\u00fade<\/strong> <em>(\u00eanfase em ensino)<\/em><\/p>\n<p>Coordena\u00e7\u00e3o: Prof<sup>a<\/sup>. Dr<sup>a<\/sup>. Marina Soares Mota<\/p>\n<p>Colaboradora: Profa. MSc. Larissa Dall&#8217; Agnol da Silva<\/p>\n<p>&nbsp;<\/p>\n<p><strong>Potencializa\u00e7\u00e3o nas atividades de ensino sobre Tecnologia Assistiva<\/strong> <em>(\u00eanfase em ensino)<\/em><\/p>\n<p>Coordena\u00e7\u00e3o Prof. Dr. Elcio Alteris dos Santos Bohm<\/p>\n<p>&nbsp;<\/p>\n<h3><em><strong>PROJETOS <\/strong><\/em><em><strong>UNIFICADOS COM \u00caNFASE EM <\/strong><\/em><em><strong>PESQUISA:<\/strong><\/em><\/h3>\n<p><strong>Abordagens Multiprofissionais em Inova\u00e7\u00f5es Sociais: visibilidade das compet\u00eancias da Terapia Ocupacional no contexto hospitalar<\/strong> <em>(\u00eanfase em pesquisa)<\/em><\/p>\n<p>Coordena\u00e7\u00e3o: Prof<sup>a<\/sup>. Dr<sup>a<\/sup>. Mait\u00ea Carvalho e Prof<sup>a<\/sup>. Dr<sup>a<\/sup>. Camilla Milczarski <em>(vinculado ao grupo de pesquisa LAMECIS)<\/p>\n<p><\/em><strong>N\u00facleo de Estudos e Pesquisa em Terapia Ocupacional Cr\u00edtica (NEPTOC) <\/strong><em>(\u00eanfase em pesquisa)<\/em><strong><br \/>\n<\/strong><\/p>\n<p>Coordena\u00e7\u00e3o: Prof<sup>a<\/sup>. Dr<sup>a<\/sup>. Laurem Janine Pereira de Aguiar\u00a0<em><\/p>\n<p><\/em><\/p>\n<h3><em><strong>PROJETOS <\/strong><\/em><em><strong>UNIFICADOS COM \u00caNFASE EM <\/strong><\/em><em><strong>EXTENS\u00c3O:<\/strong><\/em><\/h3>\n<p><strong>Pro-crescer: Programa de acompanhamento do desenvolvimento neuropsicomotor de prematuros<\/strong>\u00a0<em>(\u00eanfase em extens\u00e3o)<\/em><\/p>\n<p>Coordena\u00e7\u00e3o: Prof<sup>a<\/sup>. Dr<sup>a<\/sup>. Nicole Guarany<\/p>\n<p><strong>\u00a0<\/strong><\/p>\n<p><strong>PRO-GERONTO: Programa de Terapia Ocupacional em Gerontologia <\/strong><em>(\u00eanfase em extens\u00e3o)<\/em><\/p>\n<p>Coordena\u00e7\u00e3o: Prof<sup>a<\/sup>. Dr<sup>a<\/sup>. Zayanna Lind\u00f4so<\/p>\n<p>Colaboradoras: Prof<sup>a<\/sup>. Dr<sup>a<\/sup>. Camilla Milczarski e Prof<sup>a<\/sup>. Dr<sup>a<\/sup>. Mait\u00ea Carvalho<\/p>\n<p>&nbsp;<\/p>\n<p><strong>Terapia Ocupacional &#8211; Acessibilidade e Inclus\u00e3o (TO AI) <\/strong><em>(\u00eanfase em extens\u00e3o)<\/em><\/p>\n<p>Coordena\u00e7\u00e3o: Prof<sup>a<\/sup>. Dr<sup>a<\/sup>. Renata Rocha<\/p>\n<p>&nbsp;<\/p>\n<p><strong>O multiprofissional e o ambiente hospitalar<\/strong> <em>(\u00eanfase em extens\u00e3o)<\/em><\/p>\n<p>Coordena\u00e7\u00e3o: Prof<sup>a<\/sup>. Dr<sup>a<\/sup>. Danusa Menegat<\/p>\n<p>&nbsp;<\/p>\n<p><strong>MovimenTO &#8211; Terapia Ocupacional nas disfun\u00e7\u00f5es motoras gerais, interven\u00e7\u00f5es e tecnologias <\/strong><em>(\u00eanfase em extens\u00e3o)<\/em><\/p>\n<p>Coordena\u00e7\u00e3o: TAE Eveline Lorenzato<\/p>\n<p>&nbsp;<\/p>\n<p><strong>CUIDATIVA: INTEGRALIDADE DO CUIDADO E QUALIDADE DE VIDA &#8211; Centro Regional de Cuidados Paliativos UFPel<\/strong> <em>(\u00eanfase em extens\u00e3o)<\/em><\/p>\n<p>Coordena\u00e7\u00e3o: Prof<sup>a<\/sup>. Dr<sup>a<\/sup>.\u00a0 Julieta Carriconde Fripp<\/p>\n<p>Colaboradora: Profa. MSc. Larissa Dall&#8217; Agnol da Silva<\/p>\n<p>&nbsp;<\/p>\n<p><strong>Canal Conta comigo: o cuidado que nos aproxima<\/strong> <em>(\u00eanfase em extens\u00e3o)<\/em><\/p>\n<p>Coordena\u00e7\u00e3o: Prof<sup>a<\/sup>. Dr<sup>a<\/sup>.\u00a0 Val\u00e9ria Cristina Christello Coimbra<\/p>\n<p>Colaboradora: Profa. MSc. Larissa Dall&#8217; Agnol da Silva<\/p>\n<p>&nbsp;<\/p>\n<p><strong>ConTO Escolar: cada hist\u00f3ria importa, cada presen\u00e7a conta<\/strong> <em>(\u00eanfase em extens\u00e3o)<\/em><\/p>\n<p>Coordena\u00e7\u00e3o: Prof<sup>a<\/sup>. Dr<sup>a<\/sup>. Suzel Lima da Silva<\/p>\n<p>&nbsp;<\/p>\n<p><strong>Tecnologia Assistiva na Comunidade<\/strong> <em>(\u00eanfase em extens\u00e3o)<\/em><\/p>\n<p>Coordena\u00e7\u00e3o Prof. Dr. Elcio Alteris dos Santos Bohm<\/p>\n<p>&nbsp;<\/p>\n<p><strong>Tecnologia Assistiva e Terapia Ocupacional<\/strong> <em>(\u00eanfase em extens\u00e3o)<\/em><\/p>\n<p>Coordena\u00e7\u00e3o Prof. Dr. Elcio Alteris dos Santos Bohm<\/p>\n","protected":false},"excerpt":{"rendered":"<p>PROJETOS UNIFICADOS COM \u00caNFASE EM ENSINO: FormaTO: Processos Formativos em Terapia Ocupacional\u00a0(\u00eanfase em ensino) Coordena\u00e7\u00e3o:\u00a0Profa. Dra. Mait\u00ea Carvalho Coordena\u00e7\u00e3o adjunta: Profa. Dra. Danusa Menegat &nbsp; Tecnologias Contempor\u00e2neas Interdisciplinares na Comunidade (\u00eanfase em ensino) Coordena\u00e7\u00e3o: Prof. Dr. Julio Caetano Costa &nbsp; Coletivo Hildete Bahia: Diversidade e Sa\u00fade (\u00eanfase em ensino) Coordena\u00e7\u00e3o: Profa. Dra. Marina Soares Mota [&hellip;]<\/p>\n","protected":false},"author":189,"featured_media":0,"parent":0,"menu_order":0,"comment_status":"closed","ping_status":"closed","template":"","meta":{"footnotes":""},"class_list":["post-1249","page","type-page","status-publish","hentry"],"_links":{"self":[{"href":"https:\/\/wp.ufpel.edu.br\/terapiaocupacional\/wp-json\/wp\/v2\/pages\/1249","targetHints":{"allow":["GET"]}}],"collection":[{"href":"https:\/\/wp.ufpel.edu.br\/terapiaocupacional\/wp-json\/wp\/v2\/pages"}],"about":[{"href":"https:\/\/wp.ufpel.edu.br\/terapiaocupacional\/wp-json\/wp\/v2\/types\/page"}],"author":[{"embeddable":true,"href":"https:\/\/wp.ufpel.edu.br\/terapiaocupacional\/wp-json\/wp\/v2\/users\/189"}],"replies":[{"embeddable":true,"href":"https:\/\/wp.ufpel.edu.br\/terapiaocupacional\/wp-json\/wp\/v2\/comments?post=1249"}],"version-history":[{"count":3,"href":"https:\/\/wp.ufpel.edu.br\/terapiaocupacional\/wp-json\/wp\/v2\/pages\/1249\/revisions"}],"predecessor-version":[{"id":2127,"href":"https:\/\/wp.ufpel.edu.br\/terapiaocupacional\/wp-json\/wp\/v2\/pages\/1249\/revisions\/2127"}],"wp:attachment":[{"href":"https:\/\/wp.ufpel.edu.br\/terapiaocupacional\/wp-json\/wp\/v2\/media?parent=1249"}],"curies":[{"name":"wp","href":"https:\/\/api.w.org\/{rel}","templated":true}]}}

<h3><em><strong>PROJETOS UNIFICADOS COM ÊNFASE EM ENSINO:</strong></em></h3>
<p><strong>FormaTO: Processos Formativos em Terapia Ocupacional</strong> <em>(ênfase em ensino)</em></p>
<p>Coordenação: Prof<sup>a</sup>. Dr<sup>a</sup>. Maitê Carvalho</p>
<p>Coordenação adjunta: Prof<sup>a</sup>. Dr<sup>a</sup>. Danusa Menegat</p>
<p>&nbsp;</p>
<p><strong>Tecnologias Contemporâneas Interdisciplinares na Comunidade</strong> <em>(ênfase em ensino)</em></p>
<p>Coordenação: Prof. Dr. Julio Caetano Costa</p>
<p>&nbsp;</p>
<p><strong>Coletivo Hildete Bahia: Diversidade e Saúde</strong> <em>(ênfase em ensino)</em></p>
<p>Coordenação: Prof<sup>a</sup>. Dr<sup>a</sup>. Marina Soares Mota</p>
<p>Colaboradora: Profa. MSc. Larissa Dall&#8217; Agnol da Silva</p>
<p>&nbsp;</p>
<p><strong>Potencialização nas atividades de ensino sobre Tecnologia Assistiva</strong> <em>(ênfase em ensino)</em></p>
<p>Coordenação Prof. Dr. Elcio Alteris dos Santos Bohm</p>
<p>&nbsp;</p>
<h3><em><strong>PROJETOS </strong></em><em><strong>UNIFICADOS COM ÊNFASE EM </strong></em><em><strong>PESQUISA:</strong></em></h3>
<p><strong>Abordagens Multiprofissionais em Inovações Sociais: visibilidade das competências da Terapia Ocupacional no contexto hospitalar</strong> <em>(ênfase em pesquisa)</em></p>
<p>Coordenação: Prof<sup>a</sup>. Dr<sup>a</sup>. Maitê Carvalho e Prof<sup>a</sup>. Dr<sup>a</sup>. Camilla Milczarski <em>(vinculado ao grupo de pesquisa LAMECIS)</p>
<p></em><strong>Núcleo de Estudos e Pesquisa em Terapia Ocupacional Crítica (NEPTOC) </strong><em>(ênfase em pesquisa)</em><strong><br />
</strong></p>
<p>Coordenação: Prof<sup>a</sup>. Dr<sup>a</sup>. Laurem Janine Pereira de Aguiar <em></p>
<p></em></p>
<h3><em><strong>PROJETOS </strong></em><em><strong>UNIFICADOS COM ÊNFASE EM </strong></em><em><strong>EXTENSÃO:</strong></em></h3>
<p><strong>Pro-crescer: Programa de acompanhamento do desenvolvimento neuropsicomotor de prematuros</strong> <em>(ênfase em extensão)</em></p>
<p>Coordenação: Prof<sup>a</sup>. Dr<sup>a</sup>. Nicole Guarany</p>
<p><strong> </strong></p>
<p><strong>PRO-GERONTO: Programa de Terapia Ocupacional em Gerontologia </strong><em>(ênfase em extensão)</em></p>
<p>Coordenação: Prof<sup>a</sup>. Dr<sup>a</sup>. Zayanna Lindôso</p>
<p>Colaboradoras: Prof<sup>a</sup>. Dr<sup>a</sup>. Camilla Milczarski e Prof<sup>a</sup>. Dr<sup>a</sup>. Maitê Carvalho</p>
<p>&nbsp;</p>
<p><strong>Terapia Ocupacional &#8211; Acessibilidade e Inclusão (TO AI) </strong><em>(ênfase em extensão)</em></p>
<p>Coordenação: Prof<sup>a</sup>. Dr<sup>a</sup>. Renata Rocha</p>
<p>&nbsp;</p>
<p><strong>O multiprofissional e o ambiente hospitalar</strong> <em>(ênfase em extensão)</em></p>
<p>Coordenação: Prof<sup>a</sup>. Dr<sup>a</sup>. Danusa Menegat</p>
<p>&nbsp;</p>
<p><strong>MovimenTO &#8211; Terapia Ocupacional nas disfunções motoras gerais, intervenções e tecnologias </strong><em>(ênfase em extensão)</em></p>
<p>Coordenação: TAE Eveline Lorenzato</p>
<p>&nbsp;</p>
<p><strong>CUIDATIVA: INTEGRALIDADE DO CUIDADO E QUALIDADE DE VIDA &#8211; Centro Regional de Cuidados Paliativos UFPel</strong> <em>(ênfase em extensão)</em></p>
<p>Coordenação: Prof<sup>a</sup>. Dr<sup>a</sup>.  Julieta Carriconde Fripp</p>
<p>Colaboradora: Profa. MSc. Larissa Dall&#8217; Agnol da Silva</p>
<p>&nbsp;</p>
<p><strong>Canal Conta comigo: o cuidado que nos aproxima</strong> <em>(ênfase em extensão)</em></p>
<p>Coordenação: Prof<sup>a</sup>. Dr<sup>a</sup>.  Valéria Cristina Christello Coimbra</p>
<p>Colaboradora: Profa. MSc. Larissa Dall&#8217; Agnol da Silva</p>
<p>&nbsp;</p>
<p><strong>ConTO Escolar: cada história importa, cada presença conta</strong> <em>(ênfase em extensão)</em></p>
<p>Coordenação: Prof<sup>a</sup>. Dr<sup>a</sup>. Suzel Lima da Silva</p>
<p>&nbsp;</p>
<p><strong>Tecnologia Assistiva na Comunidade</strong> <em>(ênfase em extensão)</em></p>
<p>Coordenação Prof. Dr. Elcio Alteris dos Santos Bohm</p>
<p>&nbsp;</p>
<p><strong>Tecnologia Assistiva e Terapia Ocupacional</strong> <em>(ênfase em extensão)</em></p>
<p>Coordenação Prof. Dr. Elcio Alteris dos Santos Bohm</p>

<p>PROJETOS UNIFICADOS COM ÊNFASE EM ENSINO: FormaTO: Processos Formativos em Terapia Ocupacional (ênfase em ensino) Coordenação: Profa. Dra. Maitê Carvalho Coordenação adjunta: Profa. Dra. Danusa Menegat &nbsp; Tecnologias Contemporâneas Interdisciplinares na Comunidade (ênfase em ensino) Coordenação: Prof. Dr. Julio Caetano Costa &nbsp; Coletivo Hildete Bahia: Diversidade e Saúde (ênfase em ensino) Coordenação: Profa. Dra. Marina Soares Mota [&hellip;]</p>
