{"id":53,"date":"2022-02-08T15:04:34","date_gmt":"2022-02-08T18:04:34","guid":{"rendered":"https:\/\/wp.ufpel.edu.br\/teliganoca\/?page_id=53"},"modified":"2022-04-13T11:28:19","modified_gmt":"2022-04-13T14:28:19","slug":"equipe","status":"publish","type":"page","link":"https:\/\/wp.ufpel.edu.br\/teliganoca\/equipe\/","title":{"rendered":"EQUIPE"},"content":{"rendered":"<p>&nbsp;<\/p>\n<p><img loading=\"lazy\" decoding=\"async\" class=\"size-medium wp-image-83 aligncenter\" src=\"https:\/\/wp.ufpel.edu.br\/teliganoca\/files\/2022\/02\/WhatsApp-Image-2022-02-08-at-15.33.42-400x267.jpeg\" alt=\"\" width=\"400\" height=\"267\" srcset=\"https:\/\/wp.ufpel.edu.br\/teliganoca\/files\/2022\/02\/WhatsApp-Image-2022-02-08-at-15.33.42-400x267.jpeg 400w, https:\/\/wp.ufpel.edu.br\/teliganoca\/files\/2022\/02\/WhatsApp-Image-2022-02-08-at-15.33.42-1024x682.jpeg 1024w, https:\/\/wp.ufpel.edu.br\/teliganoca\/files\/2022\/02\/WhatsApp-Image-2022-02-08-at-15.33.42-768x512.jpeg 768w, https:\/\/wp.ufpel.edu.br\/teliganoca\/files\/2022\/02\/WhatsApp-Image-2022-02-08-at-15.33.42-555x370.jpeg 555w, https:\/\/wp.ufpel.edu.br\/teliganoca\/files\/2022\/02\/WhatsApp-Image-2022-02-08-at-15.33.42.jpeg 1280w\" sizes=\"auto, (max-width: 400px) 100vw, 400px\" \/><\/p>\n<table style=\"border-collapse: collapse; width: 100%;\" border=\"1\">\n<tbody>\n<tr style=\"height: 39px;\">\n<td style=\"width: 33.3333%; text-align: left; height: 39px;\">Coordenador<\/td>\n<td style=\"width: 33.3333%; text-align: left; height: 39px;\">Matheus Pinho<\/td>\n<td style=\"width: 33.3333%; text-align: left; height: 39px;\">Assistente em Administra\u00e7\u00e3o<\/td>\n<\/tr>\n<tr style=\"height: 39px;\">\n<td style=\"width: 33.3333%; text-align: left; height: 39px;\">Coordenadora-Adjunta<\/td>\n<td style=\"width: 33.3333%; text-align: left; height: 39px;\">Luana Pereira<\/td>\n<td style=\"width: 33.3333%; text-align: left; height: 39px;\">Assistente em Administra\u00e7\u00e3o<\/td>\n<\/tr>\n<tr style=\"height: 39px;\">\n<td style=\"width: 33.3333%; text-align: left; height: 39px;\">Colaborador<\/td>\n<td style=\"width: 33.3333%; text-align: left; height: 39px;\">R\u00e9gis Dutra<\/td>\n<td style=\"width: 33.3333%; text-align: left; height: 39px;\">T\u00e9cnico em Audiovisual<\/td>\n<\/tr>\n<tr>\n<td style=\"width: 33.3333%;\">Colaboradora<\/td>\n<td style=\"width: 33.3333%;\">Bruna das Neves<\/td>\n<td style=\"width: 33.3333%;\">Assistente em Administra\u00e7\u00e3o<\/td>\n<\/tr>\n<tr>\n<td style=\"width: 33.3333%;\">Colaboradora<\/td>\n<td style=\"width: 33.3333%;\">Marina Pereira<\/td>\n<td style=\"width: 33.3333%;\">Auxiliar em Administra\u00e7\u00e3o<\/td>\n<\/tr>\n<\/tbody>\n<\/table>\n<p><\/p>\n","protected":false},"excerpt":{"rendered":"<p>&nbsp; Coordenador Matheus Pinho Assistente em Administra\u00e7\u00e3o Coordenadora-Adjunta Luana Pereira Assistente em Administra\u00e7\u00e3o Colaborador R\u00e9gis Dutra T\u00e9cnico em Audiovisual Colaboradora Bruna das Neves Assistente em Administra\u00e7\u00e3o Colaboradora Marina Pereira Auxiliar em Administra\u00e7\u00e3o<\/p>\n","protected":false},"author":1219,"featured_media":0,"parent":0,"menu_order":0,"comment_status":"closed","ping_status":"closed","template":"","meta":{"footnotes":""},"class_list":["post-53","page","type-page","status-publish","hentry","nodate","item-wrap"],"jetpack_sharing_enabled":true,"_links":{"self":[{"href":"https:\/\/wp.ufpel.edu.br\/teliganoca\/wp-json\/wp\/v2\/pages\/53","targetHints":{"allow":["GET"]}}],"collection":[{"href":"https:\/\/wp.ufpel.edu.br\/teliganoca\/wp-json\/wp\/v2\/pages"}],"about":[{"href":"https:\/\/wp.ufpel.edu.br\/teliganoca\/wp-json\/wp\/v2\/types\/page"}],"author":[{"embeddable":true,"href":"https:\/\/wp.ufpel.edu.br\/teliganoca\/wp-json\/wp\/v2\/users\/1219"}],"replies":[{"embeddable":true,"href":"https:\/\/wp.ufpel.edu.br\/teliganoca\/wp-json\/wp\/v2\/comments?post=53"}],"version-history":[{"count":10,"href":"https:\/\/wp.ufpel.edu.br\/teliganoca\/wp-json\/wp\/v2\/pages\/53\/revisions"}],"predecessor-version":[{"id":266,"href":"https:\/\/wp.ufpel.edu.br\/teliganoca\/wp-json\/wp\/v2\/pages\/53\/revisions\/266"}],"wp:attachment":[{"href":"https:\/\/wp.ufpel.edu.br\/teliganoca\/wp-json\/wp\/v2\/media?parent=53"}],"curies":[{"name":"wp","href":"https:\/\/api.w.org\/{rel}","templated":true}]}}