{"id":140,"date":"2022-02-09T20:17:43","date_gmt":"2022-02-09T23:17:43","guid":{"rendered":"https:\/\/wp.ufpel.edu.br\/teliganoca\/?page_id=140"},"modified":"2022-03-08T15:17:19","modified_gmt":"2022-03-08T18:17:19","slug":"tutoriais-2","status":"publish","type":"page","link":"https:\/\/wp.ufpel.edu.br\/teliganoca\/tutoriais-2\/","title":{"rendered":"TUTORIAIS"},"content":{"rendered":"<p>Neste espa\u00e7o voc\u00ea encontra v\u00eddeos e arquivos em PDF que ir\u00e3o auxiliar nas rotinas administrativas do Centro de Artes.<\/p>\n","protected":false},"excerpt":{"rendered":"<p>Neste espa\u00e7o voc\u00ea encontra v\u00eddeos e arquivos em PDF que ir\u00e3o auxiliar nas rotinas administrativas do Centro de Artes.<\/p>\n","protected":false},"author":1219,"featured_media":0,"parent":0,"menu_order":0,"comment_status":"closed","ping_status":"closed","template":"","meta":{"footnotes":""},"class_list":["post-140","page","type-page","status-publish","hentry","nodate","item-wrap"],"jetpack_sharing_enabled":true,"_links":{"self":[{"href":"https:\/\/wp.ufpel.edu.br\/teliganoca\/wp-json\/wp\/v2\/pages\/140","targetHints":{"allow":["GET"]}}],"collection":[{"href":"https:\/\/wp.ufpel.edu.br\/teliganoca\/wp-json\/wp\/v2\/pages"}],"about":[{"href":"https:\/\/wp.ufpel.edu.br\/teliganoca\/wp-json\/wp\/v2\/types\/page"}],"author":[{"embeddable":true,"href":"https:\/\/wp.ufpel.edu.br\/teliganoca\/wp-json\/wp\/v2\/users\/1219"}],"replies":[{"embeddable":true,"href":"https:\/\/wp.ufpel.edu.br\/teliganoca\/wp-json\/wp\/v2\/comments?post=140"}],"version-history":[{"count":3,"href":"https:\/\/wp.ufpel.edu.br\/teliganoca\/wp-json\/wp\/v2\/pages\/140\/revisions"}],"predecessor-version":[{"id":205,"href":"https:\/\/wp.ufpel.edu.br\/teliganoca\/wp-json\/wp\/v2\/pages\/140\/revisions\/205"}],"wp:attachment":[{"href":"https:\/\/wp.ufpel.edu.br\/teliganoca\/wp-json\/wp\/v2\/media?parent=140"}],"curies":[{"name":"wp","href":"https:\/\/api.w.org\/{rel}","templated":true}]}}