{"id":365,"date":"2017-05-30T11:26:47","date_gmt":"2017-05-30T14:26:47","guid":{"rendered":"https:\/\/wp.ufpel.edu.br\/teatro\/?page_id=365"},"modified":"2025-04-28T08:45:32","modified_gmt":"2025-04-28T11:45:32","slug":"projetos-de-extensao","status":"publish","type":"page","link":"https:\/\/wp.ufpel.edu.br\/teatro\/projetos\/projetos-de-extensao\/","title":{"rendered":"\u00canfase Extens\u00e3o"},"content":{"rendered":"<div style=\"text-align: justify;\">\n<p><span style=\"font-family: verdana, geneva, sans-serif; color: #000000;\"><strong><span style=\"font-size: 14pt;\">Projetos Unificados com \u00eanfase na Extens\u00e3o<\/span><\/strong><\/span><\/p>\n<p><span style=\"color: #000000; font-family: verdana,geneva,sans-serif; font-size: 10pt;\"><em><strong>TEATRO DO OPRIMIDO NA COMUNIDADE (TOCO)<\/strong><\/em><\/span><\/p>\n<p><span style=\"font-family: verdana,geneva,sans-serif; font-size: 10pt; color: #000000;\"><strong>Coordenadora:<\/strong> Fabiane Tejada da Silveira<\/span><\/p>\n<p style=\"text-align: justify;\"><span style=\"font-family: verdana,geneva,sans-serif; font-size: 10pt; color: #000000;\"><strong>Descri\u00e7\u00e3o do Projeto:<\/strong> O projeto surgiu a partir da necessidade encontrada pelos estudantes de Teatro- Licenciatura de propor no campo de trabalho do\/a futuro\/a professor\/a experi\u00eancias com os estudos feitos sobre o teatr\u00f3logo Augusto Boal e o educador Paulo Freire. O Projeto TOCO desenvolve atividades teatrais que mobiliza as pessoas a narrarem sua exist\u00eancia a partir das opress\u00f5es que sofrem, justamente para procurarem superar tais opress\u00f5es. A autoria da pr\u00e1xis-teatral para Augusto Boal, sistematizador da proposta de Teatro do Oprimido, que \u00e9 experienciada pelos espectatores constitui-se para fundamentar o car\u00e1ter dial\u00f3gico desta pr\u00e1xis.<\/span><\/p>\n<p><span style=\"font-family: verdana,geneva,sans-serif; font-size: 10pt; color: #000000;\"><strong>Contato:<\/strong> <\/span><\/p>\n<p><span style=\"font-family: verdana,geneva,sans-serif; font-size: 10pt; color: #000000;\"><strong>E-mail:<\/strong> tejadafabiane@gmail.com<\/span><\/p>\n<hr \/>\n<p><span style=\"font-family: verdana,geneva,sans-serif; font-size: 10pt; color: #000000;\"><strong><em>VIV\u00caNCIAS TEATRAIS EM ESCOLAS<\/em><\/strong><\/span><\/p>\n<p><span style=\"font-family: verdana,geneva,sans-serif; font-size: 10pt; color: #000000;\"><strong>Coordenadoras:<\/strong> Vanessa Caldeira Leite e Andrisa Kemel Zanella (adjunta)<\/span><\/p>\n<p style=\"text-align: justify;\"><span style=\"font-family: verdana,geneva,sans-serif; font-size: 10pt; color: #000000;\"><strong>Descri\u00e7\u00e3o do Projeto:<\/strong> O Projeto de Extens\u00e3o Viv\u00eancias Teatrais em Escolas tem como foco principal a realiza\u00e7\u00e3o de oficinas de Teatro em escolas p\u00fablicas, em contraturno, com o objetivo de desenvolver as potencialidades criativas e expressivas de crian\u00e7as, adolescentes e jovens da Educa\u00e7\u00e3o B\u00e1sica. Destaca-se tamb\u00e9m a inten\u00e7\u00e3o de despertar o gosto pela artes em geral e, mais especificamente, apresentar a linguagem c\u00eanica como uma possibilidade de cria\u00e7\u00e3o art\u00edstica e frui\u00e7\u00e3o est\u00e9tica. E ainda, busca-se contribuir com a forma\u00e7\u00e3o de indiv\u00edduos mais cr\u00edticos, reflexivos, participativos e comprometidos com sua autoforma\u00e7\u00e3o.<\/span><\/p>\n<p><span style=\"font-family: verdana, geneva, sans-serif; font-size: 10pt; color: #000000;\">O projeto possui uma a\u00e7\u00e3o de pesquisa, vinculado ao Grupo de Estudos e Pesquisas em Teatro Educa\u00e7\u00e3o e Pr\u00e1xis Social (GETEPS): &#8220;Impactos da extens\u00e3o no contexto escolar: estudo de caso do projeto Viv\u00eancias Teatrais&#8221;.<\/span><\/p>\n<\/div>\n<div style=\"text-align: justify;\"><span style=\"font-family: verdana, geneva, sans-serif; font-size: 10pt; color: #000000;\">Objetivos:<\/span><\/div>\n<div style=\"text-align: justify;\"><span style=\"font-family: verdana, geneva, sans-serif; font-size: 10pt; color: #000000;\">Analisar os impactos do projeto de extens\u00e3o na escola envolvida;<\/span><br \/>\n<span style=\"font-family: verdana, geneva, sans-serif; font-size: 10pt; color: #000000;\">Perceber os avan\u00e7os do ensino de teatro no contexto da escola p\u00fablica;<\/span><br \/>\n<span style=\"font-family: verdana, geneva, sans-serif; font-size: 10pt; color: #000000;\">Compreender os significados e as aprendizagens com o ensino de teatro para os estudantes do ensino fundamental;<\/span><br \/>\n<span style=\"font-family: verdana, geneva, sans-serif; font-size: 10pt; color: #000000;\">Acompanhar a forma\u00e7\u00e3o acad\u00eamica dos ministrantes das oficinas.<\/span><\/div>\n<div><\/div>\n<p style=\"text-align: justify;\"><span style=\"font-family: verdana,geneva,sans-serif; font-size: 10pt; color: #000000;\"><strong>C<\/strong><\/span><span style=\"font-family: verdana, geneva, sans-serif; font-size: 10pt; color: #000000;\"><strong>ontatos:<\/strong><\/span><\/p>\n<p style=\"text-align: justify;\"><span style=\"font-family: verdana, geneva, sans-serif; font-size: 10pt; color: #000000;\"><strong>E-mail: <\/strong><span style=\"font-family: verdana, geneva, sans-serif; font-size: 10pt;\">professoraandrisakz@gmail.com e vanessa.leite@ufpel.edu.br<\/span><\/span><\/p>\n<p style=\"text-align: justify;\"><span style=\"font-family: verdana, geneva, sans-serif; font-size: 10pt; color: #000000;\"><strong>Site institucional:<\/strong> <a style=\"color: #000000;\" href=\"https:\/\/wp.ufpel.edu.br\/vivenciasteatraisemescolas\/\">https:\/\/wp.ufpel.edu.br\/vivenciasteatraisemescolas\/<\/a> <\/span><\/p>\n<p style=\"text-align: justify;\"><strong style=\"color: #000000; font-family: verdana, geneva, sans-serif; font-size: 10pt;\">Facebook: <\/strong><a style=\"color: #000000;\" href=\"https:\/\/www.facebook.com\/VivenciasTeatrais\/\">https:\/\/www.facebook.com\/VivenciasTeatrais\/<\/a><\/p>\n<p style=\"text-align: justify;\"><strong style=\"color: #000000; font-family: verdana, geneva, sans-serif; font-size: 10pt;\">Youtube: <\/strong><a style=\"color: #000000;\" href=\"https:\/\/www.youtube.com\/channel\/UCciKYlLNQqW4AmQ0SsSI3Hw\">https:\/\/www.youtube.com\/channel\/UCciKYlLNQqW4AmQ0SsSI3Hw<\/a><\/p>\n<hr \/>\n<p><span style=\"color: #000000; font-family: verdana,geneva,sans-serif; font-size: 10pt;\"><em><strong>SALA DE FIGURINOS<\/strong><\/em><\/span><\/p>\n<p><span style=\"font-family: verdana,geneva,sans-serif; font-size: 10pt; color: #000000;\"><strong>Coordenadora:<\/strong> Larissa Tavares Martins<\/span><\/p>\n<p style=\"text-align: justify;\"><span style=\"font-family: verdana,geneva,sans-serif; font-size: 10pt; color: #000000;\"><strong>Descri\u00e7\u00e3o do Projeto: <\/strong><\/span><span style=\"font-family: verdana, geneva, sans-serif; font-size: 10pt;\">O\u00a0projeto unificado com \u00eanfase em extens\u00e3o\u00a0Sala de Figurinos, iniciado em 2013, tem como objetivo realizar cursos de capacita\u00e7\u00e3o, proporcionando que a comunidade tenha experi\u00eancias sobre a compreens\u00e3o, cria\u00e7\u00e3o e confec\u00e7\u00e3o de pe\u00e7as de figurinos, adere\u00e7os e cen\u00e1rios para utiliza\u00e7\u00e3o nas mais variadas \u00e1reas. As a\u00e7\u00f5es realizadas visam promover o desenvolvimento de olhares\u00a0para a constru\u00e7\u00e3o de figurinos, buscando mostrar a import\u00e2ncia do traje c\u00eanico e suas rela\u00e7\u00f5es com as vertentes art\u00edsticas, expandindo o olhar atrav\u00e9s das pesquisas e refer\u00eancias apresentadas. O projeto realiza cursos presenciais e on-line com o intuito de alavancar a forma\u00e7\u00e3o e aperfei\u00e7oamento da comunidade na cria\u00e7\u00e3o e produ\u00e7\u00e3o de figurinos. As a\u00e7\u00f5es proporcionam experi\u00eancias de pesquisa e concep\u00e7\u00e3o de figurinos a partir de estudos das diferentes \u00e1reas que comp\u00f5em\u00a0a visualidade da cena. Pretende-se com os cursos, desenvolver a capacidade de atuar na elabora\u00e7\u00e3o de figurinos, oportunizando a amplia\u00e7\u00e3o da profiss\u00e3o e estudos na \u00e1rea. O projeto torna-se relevante pelo fato de atualmente no Brasil existirem poucas forma\u00e7\u00f5es que trabalhem de forma ampla com o assunto, fazendo com que as a\u00e7\u00f5es do projeto sejam muito procuradas e bem avaliadas.<\/span><\/p>\n<p><span style=\"font-family: verdana, geneva, sans-serif; font-size: 10pt;\"><strong>Contatos:<\/strong><\/span><\/p>\n<p><span style=\"font-family: verdana, geneva, sans-serif; font-size: 10pt;\"><strong>Telefone:<\/strong>\u00a03284-5513<\/span><\/p>\n<p><span style=\"font-family: verdana, geneva, sans-serif; font-size: 10pt;\"><strong>E-mail:\u00a0<\/strong><a href=\"mailto:ateliedefigurinos@ufpel.edu.br\" target=\"_blank\" rel=\"noopener noreferrer\">ateliedefigurinos@<wbr \/>ufpel.edu.br<\/a>\u00a0<\/span><\/p>\n<p><span style=\"font-family: verdana, geneva, sans-serif; font-size: 10pt;\"><strong>Site institucional:<\/strong>\u00a0<a href=\"https:\/\/wp.ufpel.edu.br\/ateliedefigurinos\/\" target=\"_blank\" rel=\"noopener noreferrer\" data-saferedirecturl=\"https:\/\/www.google.com\/url?q=https:\/\/wp.ufpel.edu.br\/ateliedefigurinos\/&amp;source=gmail&amp;ust=1745692571752000&amp;usg=AOvVaw36MITvkobun1GoxFKZFFmW\">https:\/\/wp.<wbr \/>ufpel.edu.br\/<wbr \/>ateliedefigurinos\/<\/a><\/span><\/p>\n<p><strong style=\"font-family: verdana, geneva, sans-serif; font-size: 10pt;\">Facebook:\u00a0<\/strong><span style=\"font-family: verdana, geneva, sans-serif; font-size: 10pt;\">Ateli\u00ea de Figurinos \u2013 UFPel e Ateli\u00eaFigurinos Ufpel\u00a0<\/span><\/p>\n<div>\n<div><span style=\"font-family: verdana, geneva, sans-serif; font-size: 10pt;\"><strong>Instagram:\u00a0<\/strong>@ateliefigurinos<\/span><\/div>\n<\/div>\n<hr \/>\n<p><em style=\"color: #000000; font-family: verdana, geneva, sans-serif; font-size: 10pt;\"><strong>MOSTRAS DE TEATRO UFPEL<\/strong><\/em><\/p>\n<div>\n<p><span style=\"font-family: verdana,geneva,sans-serif; font-size: 10pt; color: #000000;\"><strong>Coordenadora:<\/strong> Moira Albornoz Stein<\/span><\/p>\n<p style=\"text-align: justify;\"><span style=\"font-family: verdana,geneva,sans-serif; font-size: 10pt; color: #000000;\"><strong>Descri\u00e7\u00e3o do Projeto:<\/strong> O projeto foi criado para organizar, produzir, divulgar e desenvolver Mostras Teatrais do Curso de Teatro-Licenciatura UFPel, que re\u00fanam apresenta\u00e7\u00f5es de disciplinas espec\u00edficas, como Montagem e Encena\u00e7\u00e3o\u00a0teatral, e ainda trabalhos finais de semestres, resultados de projetos de professores e\/ou eventuais espet\u00e1culos convidados. Com a abertura para a comunidade, o projeto estrutura uma oportunidade de apresenta\u00e7\u00f5es, com carga hor\u00e1ria de extens\u00e3o, prevista em algumas disciplinas. Possibilita tamb\u00e9m diferentes compartilhamentos de trabalhos teatrais, de interesse de docentes e discentes, promovendo a frui\u00e7\u00e3o e o debate art\u00edstico.<\/span><\/p>\n<p><span style=\"font-family: verdana,geneva,sans-serif; font-size: 10pt; color: #000000;\"><strong>Contato: <\/strong><\/span><\/p>\n<p><span style=\"font-family: verdana,geneva,sans-serif; font-size: 10pt; color: #000000;\"><span style=\"font-family: verdana, geneva, sans-serif;\"><strong>E-mail:<\/strong> moirastein505@gmail.com<\/span><\/span><\/p>\n<hr \/>\n<\/div>\n<div><em><strong><span style=\"font-family: verdana, geneva, sans-serif; font-size: 10pt;\">LADRA NA COMUNIDADE<\/span><\/strong><\/em><\/div>\n<div><span style=\"font-family: verdana, geneva, sans-serif; font-size: 10pt;\"><strong>Coordenadora:\u00a0<\/strong> Marina de Oliveira<\/span><\/div>\n<div><\/div>\n<div><span style=\"font-family: verdana, geneva, sans-serif; font-size: 10pt;\"><strong>Descri\u00e7\u00e3o do Projeto:<\/strong> Este projeto tem como foco a realiza\u00e7\u00e3o de oficinas de teatro no Col\u00e9gio Municipal Pelotense, tendo a media\u00e7\u00e3o do professor Joaquim Lucas Dias dos Santos. Nas quartas-feiras de manh\u00e3, Leonan Fernandes da Costa \u00e9 ministrante da a\u00e7\u00e3o \u201cOficina de jogos teatrais no Col\u00e9gio Pelotense\u201d e Barbara Cruz Nunes e Marina Ualtes atuam como ministrantes da a\u00e7\u00e3o \u201cTeatro dos Gatos Pelados no Pelotense\u201d, que ocorre nas sextas-feiras pela tarde, sempre no contraturno das aulas. <\/span><\/div>\n<div><strong><span style=\"font-family: verdana, geneva, sans-serif; font-size: 10pt;\">Contatos: <\/span><\/strong><\/div>\n<div><span style=\"font-family: verdana, geneva, sans-serif; font-size: 10pt;\"><strong>E-mail:<\/strong> marinadolufpel@gmail.com\u00a0<\/span><\/div>\n<div><span style=\"font-family: verdana, geneva, sans-serif; font-size: 10pt;\"><span style=\"font-family: verdana, geneva, sans-serif; font-size: 10pt;\"><strong>Instagram:<\/strong> @lab.dramaturgiaufpel<\/span><\/span><\/div>\n<div>\n<hr \/>\n<p><span style=\"font-family: verdana, geneva, sans-serif; font-size: 10pt;\"><strong><em>N\u00daCLEO DE TEATRO UFPEL<\/em><\/strong><\/span><\/p>\n<p><span style=\"font-family: verdana, geneva, sans-serif; font-size: 10pt;\"><strong>Coordenadora:<\/strong>\u00a0Giselle Molon Cecchini<\/span><\/p>\n<p><span style=\"font-family: verdana, geneva, sans-serif; font-size: 10pt;\"><strong>Descri\u00e7\u00e3o do Projeto:<\/strong>\u00a0O N\u00facleo de Teatro UFPEL \u00e9 um projeto estrat\u00e9gico extensionista vinculado ao Departamento de Arte e Cultura da Pr\u00f3-Reitoria de Extens\u00e3o e Cultura \u2013 PREC \u2013 e teve in\u00edcio em 1995. Nestes 30 anos, o N\u00facleo de Teatro tem promovido in\u00fameras a\u00e7\u00f5es socioculturais com a comunidade acad\u00eamica e pelotense. O projeto atua efetivamente na qualifica\u00e7\u00e3o e forma\u00e7\u00e3o profissional dos alunos dos cursos do Centro de Artes e artistas das artes c\u00eanicas de Pelotas, promovendo a\u00e7\u00f5es art\u00edsticas e pedag\u00f3gicas em escolas e institui\u00e7\u00f5es, inter-relacionando-se com a comunidade de Pelotas e cidades vizinhas, investindo na forma\u00e7\u00e3o de p\u00fablico. De acordo com esta concep\u00e7\u00e3o, busca fortalecer a rela\u00e7\u00e3o interativa entre a universidade e a sociedade. O N\u00facleo de Teatro UFPEL tem \u00eanfase na extens\u00e3o, mas atua de forma complementar com o ensino e a pesquisa, contemplando a \u00e1rea do teatro de forma integral. Al\u00e9m de colaborar em diferentes Programas da universidade, promover oficinas e cursos, o coletivo do N\u00facleo faz apresenta\u00e7\u00f5es teatrais para diferentes p\u00fablicos. Desde 2020, oportuniza tr\u00eas a\u00e7\u00f5es de car\u00e1ter te\u00f3rico \/ pr\u00e1tico: \u201cN\u00facleo de estudo sobre o trabalho do ator\/da atriz\u201d, \u201cN\u00facleo de Treinamento\u201d e \u201cN\u00facleo de Processos de Cria\u00e7\u00e3o\u201d. Projeto vinculado ao Grupo de Pesquisa do CNPq OMEGA \u2013 Observat\u00f3rio de Mem\u00f3ria, Educa\u00e7\u00e3o, gesto e Arte &#8211; UFPEL.<\/span><\/p>\n<p><span style=\"font-family: verdana, geneva, sans-serif; font-size: 10pt;\"><strong>Contatos:<\/strong><\/span><\/p>\n<p><span style=\"font-family: verdana, geneva, sans-serif; font-size: 10pt;\"><strong>E-mail:\u00a0<\/strong>nucleoteatro.ufpel@gmail.com\u00a0<\/span><\/p>\n<p><span style=\"font-family: verdana, geneva, sans-serif; font-size: 10pt;\"><strong>Instagram:\u00a0<\/strong><a href=\"http:\/\/www.instagram.com\/nucleoteatro.ufpel\">http:\/\/www.instagram.com\/nucleoteatro.ufpel<\/a><\/span><\/p>\n<\/div>\n","protected":false},"excerpt":{"rendered":"<p>Projetos Unificados com \u00eanfase na Extens\u00e3o TEATRO DO OPRIMIDO NA COMUNIDADE (TOCO) Coordenadora: Fabiane Tejada da Silveira Descri\u00e7\u00e3o do Projeto: O projeto surgiu a partir da necessidade encontrada pelos estudantes de Teatro- Licenciatura de propor no campo de trabalho do\/a futuro\/a professor\/a experi\u00eancias com os estudos feitos sobre o teatr\u00f3logo Augusto Boal e o educador [&hellip;]<\/p>\n","protected":false},"author":337,"featured_media":0,"parent":362,"menu_order":3,"comment_status":"closed","ping_status":"closed","template":"","meta":{"footnotes":""},"class_list":["post-365","page","type-page","status-publish","hentry"],"_links":{"self":[{"href":"https:\/\/wp.ufpel.edu.br\/teatro\/wp-json\/wp\/v2\/pages\/365","targetHints":{"allow":["GET"]}}],"collection":[{"href":"https:\/\/wp.ufpel.edu.br\/teatro\/wp-json\/wp\/v2\/pages"}],"about":[{"href":"https:\/\/wp.ufpel.edu.br\/teatro\/wp-json\/wp\/v2\/types\/page"}],"author":[{"embeddable":true,"href":"https:\/\/wp.ufpel.edu.br\/teatro\/wp-json\/wp\/v2\/users\/337"}],"replies":[{"embeddable":true,"href":"https:\/\/wp.ufpel.edu.br\/teatro\/wp-json\/wp\/v2\/comments?post=365"}],"version-history":[{"count":54,"href":"https:\/\/wp.ufpel.edu.br\/teatro\/wp-json\/wp\/v2\/pages\/365\/revisions"}],"predecessor-version":[{"id":2494,"href":"https:\/\/wp.ufpel.edu.br\/teatro\/wp-json\/wp\/v2\/pages\/365\/revisions\/2494"}],"up":[{"embeddable":true,"href":"https:\/\/wp.ufpel.edu.br\/teatro\/wp-json\/wp\/v2\/pages\/362"}],"wp:attachment":[{"href":"https:\/\/wp.ufpel.edu.br\/teatro\/wp-json\/wp\/v2\/media?parent=365"}],"curies":[{"name":"wp","href":"https:\/\/api.w.org\/{rel}","templated":true}]}}