{"id":2432,"date":"2025-04-07T18:55:18","date_gmt":"2025-04-07T21:55:18","guid":{"rendered":"https:\/\/wp.ufpel.edu.br\/teatro\/?page_id=2432"},"modified":"2025-04-11T09:02:40","modified_gmt":"2025-04-11T12:02:40","slug":"canais-de-comunicacao","status":"publish","type":"page","link":"https:\/\/wp.ufpel.edu.br\/teatro\/canais-de-comunicacao\/","title":{"rendered":"Canais de comunica\u00e7\u00e3o"},"content":{"rendered":"<div><strong>Orienta\u00e7\u00f5es de como contatar a ouvidoria:<\/strong><\/div>\n<div>&#8211; Email:\u00a0<a href=\"mailto:ouvidoria@ufpel.edu.br\" target=\"_blank\" rel=\"noopener noreferrer noreferrer\">ouvidoria@ufpel.edu.br<\/a><\/div>\n<div>&#8211; Telefone:\u00a0(53) 3284-4098<\/div>\n<div>&#8211; Plataforma Fala.BR:\u00a0<a href=\"https:\/\/falabr.cgu.gov.br\/web\/home\" target=\"_blank\" rel=\"noopener noreferrer noreferrer\" data-saferedirecturl=\"https:\/\/www.google.com\/url?q=https:\/\/falabr.cgu.gov.br\/web\/home&amp;source=gmail&amp;ust=1744205026614000&amp;usg=AOvVaw0Le7cWTm7eQZTLhoLpb9ts\">https:\/\/falabr.cgu.<wbr \/>gov.br\/web\/home<\/a><\/div>\n<div>&#8211; Endere\u00e7o: <a href=\"https:\/\/www.google.com\/maps\/search\/rua+Gomes+Carneiro,+n+01?entry=gmail&amp;source=g\">Rua Gomes Carneiro, n<\/a>\u00ba\u00a0<a href=\"https:\/\/www.google.com\/maps\/search\/rua+Gomes+Carneiro,+n+01?entry=gmail&amp;source=g\">01<\/a>, no Gabinete da Reitora, sala 404 B, no Centro de Pelotas<\/div>\n<div>&#8211; Hor\u00e1rio de atendimento presencial: segunda-feira \u2013 15h \u00e0s 19h; quarta-feira \u2013 10h \u00e0s 17h; sexta-feira \u2013 15h \u00e0s 19h<\/div>\n<div>&#8211; Hor\u00e1rio de atendimento por telefone: Ter\u00e7a-feira \u00a0e quinta-feira- Manh\u00e3 e tarde (9h-13h\/15h-19h)<\/div>\n<div><\/div>\n<div>Nos demais turnos\/per\u00edodos\u00a0da semana, as atividades ser\u00e3o executadas em teletrabalho, nos seguintes hor\u00e1rios: \u00a0manh\u00e3 das 9h \u00e0s 13h e \u00e0 tarde das 15h \u00e0s 19h.<\/div>\n<div><\/div>\n<div><\/div>\n<div><strong>Orienta\u00e7\u00f5es de como contatar\u00a0a PRAE:<\/strong><\/div>\n<div>&#8211; Email:\u00a0<a href=\"mailto:ngp.prae.ufpel@gmail.com\" target=\"_blank\" rel=\"noopener noreferrer noreferrer\">ngp.prae.ufpel@gmail.<wbr \/>com<\/a><\/div>\n<div>&#8211; Telefone: (53) 3284-4300<br \/>\n&#8211; Endere\u00e7o:\u00a0<a href=\"https:\/\/www.google.com\/maps\/search\/R.+Alm.+Barroso,+1202+-+Centro,+Pelotas+-+RS,+96010-280?entry=gmail&amp;source=g\">R. Alm. Barroso, 1202 &#8211; Centro, Pelotas &#8211; RS, 96010-280<\/a><\/div>\n<div>&#8211; Hor\u00e1rio de Atendimento: \u00a08h \u00e0s 18h, de segunda a sexta-feira<\/div>\n<div><\/div>\n<div><\/div>\n<div><strong>Como fazer uma boa manifesta\u00e7\u00e3o nos canais de den\u00fancia:<\/strong><\/div>\n<div>&#8211; Descrever a situa\u00e7\u00e3o de forma clara, incluindo datas, locais e fatos detalhadamente;<\/div>\n<div>&#8211; Incluir documentos, fotos, imagens ou material relevante que ajudem na comprova\u00e7\u00e3o dos fatos informados;<\/div>\n<div>&#8211; Identificar as pessoas envolvidas se poss\u00edvel.<\/div>\n<div><\/div>\n<div><\/div>\n<div><strong>Acesse tamb\u00e9m:<\/strong> <a href=\"https:\/\/wp.ufpel.edu.br\/teatro\/files\/2025\/04\/Carta-de-Servicos-ao-Cidadao-UFPel.pdf\">Carta de Servi\u00e7os ao Cidad\u00e3o &#8211; UFPel<\/a><\/div>\n","protected":false},"excerpt":{"rendered":"<p>Orienta\u00e7\u00f5es de como contatar a ouvidoria: &#8211; Email:\u00a0ouvidoria@ufpel.edu.br &#8211; Telefone:\u00a0(53) 3284-4098 &#8211; Plataforma Fala.BR:\u00a0https:\/\/falabr.cgu.gov.br\/web\/home &#8211; Endere\u00e7o: Rua Gomes Carneiro, n\u00ba\u00a001, no Gabinete da Reitora, sala 404 B, no Centro de Pelotas &#8211; Hor\u00e1rio de atendimento presencial: segunda-feira \u2013 15h \u00e0s 19h; quarta-feira \u2013 10h \u00e0s 17h; sexta-feira \u2013 15h \u00e0s 19h &#8211; Hor\u00e1rio de atendimento [&hellip;]<\/p>\n","protected":false},"author":337,"featured_media":0,"parent":0,"menu_order":8,"comment_status":"closed","ping_status":"closed","template":"","meta":{"footnotes":""},"class_list":["post-2432","page","type-page","status-publish","hentry"],"_links":{"self":[{"href":"https:\/\/wp.ufpel.edu.br\/teatro\/wp-json\/wp\/v2\/pages\/2432","targetHints":{"allow":["GET"]}}],"collection":[{"href":"https:\/\/wp.ufpel.edu.br\/teatro\/wp-json\/wp\/v2\/pages"}],"about":[{"href":"https:\/\/wp.ufpel.edu.br\/teatro\/wp-json\/wp\/v2\/types\/page"}],"author":[{"embeddable":true,"href":"https:\/\/wp.ufpel.edu.br\/teatro\/wp-json\/wp\/v2\/users\/337"}],"replies":[{"embeddable":true,"href":"https:\/\/wp.ufpel.edu.br\/teatro\/wp-json\/wp\/v2\/comments?post=2432"}],"version-history":[{"count":4,"href":"https:\/\/wp.ufpel.edu.br\/teatro\/wp-json\/wp\/v2\/pages\/2432\/revisions"}],"predecessor-version":[{"id":2461,"href":"https:\/\/wp.ufpel.edu.br\/teatro\/wp-json\/wp\/v2\/pages\/2432\/revisions\/2461"}],"wp:attachment":[{"href":"https:\/\/wp.ufpel.edu.br\/teatro\/wp-json\/wp\/v2\/media?parent=2432"}],"curies":[{"name":"wp","href":"https:\/\/api.w.org\/{rel}","templated":true}]}}

Canais de comunicação

<div><strong>Orientações de como contatar a ouvidoria:</strong></div>
<div>&#8211; Email: <a href="mailto:ouvidoria@ufpel.edu.br" target="_blank" rel="noopener noreferrer noreferrer">ouvidoria@ufpel.edu.br</a></div>
<div>&#8211; Telefone: (53) 3284-4098</div>
<div>&#8211; Plataforma Fala.BR: <a href="https://falabr.cgu.gov.br/web/home" target="_blank" rel="noopener noreferrer noreferrer" data-saferedirecturl="https://www.google.com/url?q=https://falabr.cgu.gov.br/web/home&amp;source=gmail&amp;ust=1744205026614000&amp;usg=AOvVaw0Le7cWTm7eQZTLhoLpb9ts">https://falabr.cgu.<wbr />gov.br/web/home</a></div>
<div>&#8211; Endereço: <a href="https://www.google.com/maps/search/rua+Gomes+Carneiro,+n+01?entry=gmail&amp;source=g">Rua Gomes Carneiro, n</a>º <a href="https://www.google.com/maps/search/rua+Gomes+Carneiro,+n+01?entry=gmail&amp;source=g">01</a>, no Gabinete da Reitora, sala 404 B, no Centro de Pelotas</div>
<div>&#8211; Horário de atendimento presencial: segunda-feira – 15h às 19h; quarta-feira – 10h às 17h; sexta-feira – 15h às 19h</div>
<div>&#8211; Horário de atendimento por telefone: Terça-feira  e quinta-feira- Manhã e tarde (9h-13h/15h-19h)</div>
<div></div>
<div>Nos demais turnos/períodos da semana, as atividades serão executadas em teletrabalho, nos seguintes horários:  manhã das 9h às 13h e à tarde das 15h às 19h.</div>
<div></div>
<div></div>
<div><strong>Orientações de como contatar a PRAE:</strong></div>
<div>&#8211; Email: <a href="mailto:ngp.prae.ufpel@gmail.com" target="_blank" rel="noopener noreferrer noreferrer">ngp.prae.ufpel@gmail.<wbr />com</a></div>
<div>&#8211; Telefone: (53) 3284-4300<br />
&#8211; Endereço: <a href="https://www.google.com/maps/search/R.+Alm.+Barroso,+1202+-+Centro,+Pelotas+-+RS,+96010-280?entry=gmail&amp;source=g">R. Alm. Barroso, 1202 &#8211; Centro, Pelotas &#8211; RS, 96010-280</a></div>
<div>&#8211; Horário de Atendimento:  8h às 18h, de segunda a sexta-feira</div>
<div></div>
<div></div>
<div><strong>Como fazer uma boa manifestação nos canais de denúncia:</strong></div>
<div>&#8211; Descrever a situação de forma clara, incluindo datas, locais e fatos detalhadamente;</div>
<div>&#8211; Incluir documentos, fotos, imagens ou material relevante que ajudem na comprovação dos fatos informados;</div>
<div>&#8211; Identificar as pessoas envolvidas se possível.</div>
<div></div>
<div></div>
<div><strong>Acesse também:</strong> <a href="https://wp.ufpel.edu.br/teatro/files/2025/04/Carta-de-Servicos-ao-Cidadao-UFPel.pdf">Carta de Serviços ao Cidadão &#8211; UFPel</a></div>

<p>Orientações de como contatar a ouvidoria: &#8211; Email: ouvidoria@ufpel.edu.br &#8211; Telefone: (53) 3284-4098 &#8211; Plataforma Fala.BR: https://falabr.cgu.gov.br/web/home &#8211; Endereço: Rua Gomes Carneiro, nº 01, no Gabinete da Reitora, sala 404 B, no Centro de Pelotas &#8211; Horário de atendimento presencial: segunda-feira – 15h às 19h; quarta-feira – 10h às 17h; sexta-feira – 15h às 19h &#8211; Horário de atendimento [&hellip;]</p>
