{"id":235,"date":"2022-12-01T14:42:19","date_gmt":"2022-12-01T17:42:19","guid":{"rendered":"https:\/\/wp.ufpel.edu.br\/taxacaobebidasadocadas\/?page_id=235"},"modified":"2022-12-16T09:56:01","modified_gmt":"2022-12-16T12:56:01","slug":"videos-2","status":"publish","type":"page","link":"https:\/\/wp.ufpel.edu.br\/taxacaobebidasadocadas\/videos-2\/","title":{"rendered":"V\u00cdDEOS"},"content":{"rendered":"<h3><span style=\"font-family: helvetica, arial, sans-serif;\">Quadro &#8220;Hora de Aprender&#8221;: os diferentes efeitos da tributa\u00e7\u00e3o de bebidas ado\u00e7adas<br \/>\n<\/span><\/h3>\n<div style=\"width: 660px;\" class=\"wp-video\"><video class=\"wp-video-shortcode\" id=\"video-235-1\" width=\"660\" height=\"371\" preload=\"metadata\" controls=\"controls\"><source type=\"video\/mp4\" src=\"https:\/\/wp.ufpel.edu.br\/taxacaobebidasadocadas\/files\/2022\/12\/Kinecom-Bebidas-Adocadas-3-Legendas-Creditos_FINAL.mp4?_=1\" \/><a href=\"https:\/\/wp.ufpel.edu.br\/taxacaobebidasadocadas\/files\/2022\/12\/Kinecom-Bebidas-Adocadas-3-Legendas-Creditos_FINAL.mp4\">https:\/\/wp.ufpel.edu.br\/taxacaobebidasadocadas\/files\/2022\/12\/Kinecom-Bebidas-Adocadas-3-Legendas-Creditos_FINAL.mp4<\/a><\/video><\/div>\n<h3><span style=\"font-family: helvetica, arial, sans-serif;\">Quadro &#8220;Hora de Aprender&#8221;: panorama mundial da taxa\u00e7\u00e3o de bebidas ado\u00e7adas e a situa\u00e7\u00e3o brasileira<\/span><\/h3>\n<div style=\"width: 660px;\" class=\"wp-video\"><video class=\"wp-video-shortcode\" id=\"video-235-2\" width=\"660\" height=\"371\" preload=\"metadata\" controls=\"controls\"><source type=\"video\/mp4\" src=\"https:\/\/wp.ufpel.edu.br\/taxacaobebidasadocadas\/files\/2022\/12\/Kinecom-Bebidas-Adocadas-2-Legendas-Creditos_FINAL.mp4?_=2\" \/><a href=\"https:\/\/wp.ufpel.edu.br\/taxacaobebidasadocadas\/files\/2022\/12\/Kinecom-Bebidas-Adocadas-2-Legendas-Creditos_FINAL.mp4\">https:\/\/wp.ufpel.edu.br\/taxacaobebidasadocadas\/files\/2022\/12\/Kinecom-Bebidas-Adocadas-2-Legendas-Creditos_FINAL.mp4<\/a><\/video><\/div>\n<h3 class=\"style-scope ytd-watch-metadata\"><span style=\"font-family: helvetica, arial, sans-serif;\">Quadro &#8220;Hora de Aprender&#8221;: conceitua\u00e7\u00e3o e panorama do consumo de bebidas ado\u00e7adas no Brasil<\/span><\/h3>\n<div style=\"width: 660px;\" class=\"wp-video\"><video class=\"wp-video-shortcode\" id=\"video-235-3\" width=\"660\" height=\"371\" preload=\"metadata\" controls=\"controls\"><source type=\"video\/mp4\" src=\"https:\/\/wp.ufpel.edu.br\/taxacaobebidasadocadas\/files\/2022\/12\/Kinecom-Bebidas-Adocadas-1-Legendas-Creditos_FINALmp4.mp4?_=3\" \/><a href=\"https:\/\/wp.ufpel.edu.br\/taxacaobebidasadocadas\/files\/2022\/12\/Kinecom-Bebidas-Adocadas-1-Legendas-Creditos_FINALmp4.mp4\">https:\/\/wp.ufpel.edu.br\/taxacaobebidasadocadas\/files\/2022\/12\/Kinecom-Bebidas-Adocadas-1-Legendas-Creditos_FINALmp4.mp4<\/a><\/video><\/div>\n<p>&nbsp;<\/p>\n<h3><span style=\"font-family: helvetica, arial, sans-serif; color: #ff6600;\"><strong>Demais v\u00eddeos do quadro &#8220;Hora de Aprender&#8221;:<\/strong><\/span><\/h3>\n<h3 class=\"style-scope ytd-watch-metadata\"><span style=\"font-family: helvetica, arial, sans-serif;\">Semin\u00e1rio &#8220;Bebidas ado\u00e7adas: da Economia \u00e0 Sa\u00fade P\u00fablica&#8221;<\/span><\/h3>\n<h3><span style=\"color: #339966;\"><a style=\"color: #339966;\" href=\"https:\/\/www.youtube.com\/watch?v=HHwxzLZdzgQ&amp;ab_channel=Bebidasado%C3%A7adas%3Aimpactodataxa%C3%A7%C3%A3onoBrasil\"><span style=\"font-family: helvetica, arial, sans-serif;\"><span style=\"font-family: 'comic sans ms', sans-serif;\">Acesse aqui!<\/span><\/span><\/a><\/span><\/h3>\n<hr \/>\n<h3 class=\"style-scope ytd-watch-metadata\"><span style=\"font-family: helvetica, arial, sans-serif; font-size: 18pt;\">&#8220;Hora de Aprender&#8221; com o Advogado e Professor Paulo Caliendo<\/span><\/h3>\n<h3><span style=\"color: #339966;\"><a style=\"color: #339966;\" href=\"https:\/\/www.youtube.com\/watch?v=mIWLZJ8iEP4&amp;ab_channel=Bebidasado%C3%A7adas%3Aimpactodataxa%C3%A7%C3%A3onoBrasil\"><span style=\"font-family: helvetica, arial, sans-serif;\"><span style=\"font-family: 'comic sans ms', sans-serif;\">Acesse aqui!<\/span><\/span><\/a><\/span><\/h3>\n<hr \/>\n<h3><span style=\"font-family: helvetica, arial, sans-serif;\">&#8220;Hora de aprender&#8221; com o Nutricionista Leonardo Pozza dos Santos<\/span><\/h3>\n<h3><span style=\"color: #339966;\"><a style=\"color: #339966;\" href=\"https:\/\/www.youtube.com\/watch?v=RQAQAcBnksk&amp;t=2s&amp;ab_channel=Bebidasado%C3%A7adas%3Aimpactodataxa%C3%A7%C3%A3onoBrasil\"><span style=\"font-family: helvetica, arial, sans-serif;\"><span style=\"font-family: 'comic sans ms', sans-serif;\">Acesse aqui!<\/span><\/span><\/a><\/span><\/h3>\n<hr \/>\n<h3><span style=\"font-family: helvetica, arial, sans-serif;\">Bebidas ado\u00e7adas: impacto da taxa\u00e7\u00e3o no Brasil &#8211; &#8220;Hora de aprender&#8221; com o Advogado Lucas Holanda<\/span><\/h3>\n<h3><span style=\"color: #339966;\"><a style=\"color: #339966;\" href=\"https:\/\/www.youtube.com\/watch?v=Ef90MqWorVc&amp;t=91s&amp;ab_channel=Bebidasado%C3%A7adas%3Aimpactodataxa%C3%A7%C3%A3onoBrasil\"><span style=\"font-family: helvetica, arial, sans-serif;\"><span style=\"font-family: 'comic sans ms', sans-serif;\">Acesse aqui!<\/span><\/span><\/a><\/span><\/h3>\n<p>&nbsp;<\/p>\n","protected":false},"excerpt":{"rendered":"<p>Quadro &#8220;Hora de Aprender&#8221;: os diferentes efeitos da tributa\u00e7\u00e3o de bebidas ado\u00e7adas Quadro &#8220;Hora de Aprender&#8221;: panorama mundial da taxa\u00e7\u00e3o de bebidas ado\u00e7adas e a situa\u00e7\u00e3o brasileira Quadro &#8220;Hora de Aprender&#8221;: conceitua\u00e7\u00e3o e panorama do consumo de bebidas ado\u00e7adas no Brasil &nbsp; Demais v\u00eddeos do quadro &#8220;Hora de Aprender&#8221;: Semin\u00e1rio &#8220;Bebidas ado\u00e7adas: da Economia \u00e0 &hellip; <a href=\"https:\/\/wp.ufpel.edu.br\/taxacaobebidasadocadas\/videos-2\/\" class=\"more-link\">Continuar lendo <span class=\"screen-reader-text\">V\u00cdDEOS<\/span><\/a><\/p>\n","protected":false},"author":1228,"featured_media":0,"parent":0,"menu_order":0,"comment_status":"closed","ping_status":"closed","template":"","meta":{"footnotes":""},"class_list":["post-235","page","type-page","status-publish","hentry"],"yoast_head":"<!-- This site is optimized with the Yoast SEO plugin v26.7 - https:\/\/yoast.com\/wordpress\/plugins\/seo\/ -->\n<title>V\u00cdDEOS -<\/title>\n<meta name=\"robots\" content=\"index, follow, max-snippet:-1, max-image-preview:large, max-video-preview:-1\" \/>\n<link rel=\"canonical\" href=\"https:\/\/wp.ufpel.edu.br\/taxacaobebidasadocadas\/videos-2\/\" \/>\n<meta property=\"og:locale\" content=\"pt_BR\" \/>\n<meta property=\"og:type\" content=\"article\" \/>\n<meta property=\"og:title\" content=\"V\u00cdDEOS -\" \/>\n<meta property=\"og:description\" content=\"Quadro &#8220;Hora de Aprender&#8221;: os diferentes efeitos da tributa\u00e7\u00e3o de bebidas ado\u00e7adas Quadro &#8220;Hora de Aprender&#8221;: panorama mundial da taxa\u00e7\u00e3o de bebidas ado\u00e7adas e a situa\u00e7\u00e3o brasileira Quadro &#8220;Hora de Aprender&#8221;: conceitua\u00e7\u00e3o e panorama do consumo de bebidas ado\u00e7adas no Brasil &nbsp; Demais v\u00eddeos do quadro &#8220;Hora de Aprender&#8221;: Semin\u00e1rio &#8220;Bebidas ado\u00e7adas: da Economia \u00e0 &hellip; Continuar lendo V\u00cdDEOS\" \/>\n<meta property=\"og:url\" content=\"https:\/\/wp.ufpel.edu.br\/taxacaobebidasadocadas\/videos-2\/\" \/>\n<meta property=\"article:modified_time\" content=\"2022-12-16T12:56:01+00:00\" \/>\n<meta name=\"twitter:card\" content=\"summary_large_image\" \/>\n<meta name=\"twitter:label1\" content=\"Est. tempo de leitura\" \/>\n\t<meta name=\"twitter:data1\" content=\"1 minuto\" \/>\n<script type=\"application\/ld+json\" class=\"yoast-schema-graph\">{\"@context\":\"https:\/\/schema.org\",\"@graph\":[{\"@type\":\"WebPage\",\"@id\":\"https:\/\/wp.ufpel.edu.br\/taxacaobebidasadocadas\/videos-2\/\",\"url\":\"https:\/\/wp.ufpel.edu.br\/taxacaobebidasadocadas\/videos-2\/\",\"name\":\"V\u00cdDEOS -\",\"isPartOf\":{\"@id\":\"https:\/\/wp.ufpel.edu.br\/taxacaobebidasadocadas\/#website\"},\"datePublished\":\"2022-12-01T17:42:19+00:00\",\"dateModified\":\"2022-12-16T12:56:01+00:00\",\"breadcrumb\":{\"@id\":\"https:\/\/wp.ufpel.edu.br\/taxacaobebidasadocadas\/videos-2\/#breadcrumb\"},\"inLanguage\":\"pt-BR\",\"potentialAction\":[{\"@type\":\"ReadAction\",\"target\":[\"https:\/\/wp.ufpel.edu.br\/taxacaobebidasadocadas\/videos-2\/\"]}]},{\"@type\":\"BreadcrumbList\",\"@id\":\"https:\/\/wp.ufpel.edu.br\/taxacaobebidasadocadas\/videos-2\/#breadcrumb\",\"itemListElement\":[{\"@type\":\"ListItem\",\"position\":1,\"name\":\"In\u00edcio\",\"item\":\"https:\/\/wp.ufpel.edu.br\/taxacaobebidasadocadas\/\"},{\"@type\":\"ListItem\",\"position\":2,\"name\":\"V\u00cdDEOS\"}]},{\"@type\":\"WebSite\",\"@id\":\"https:\/\/wp.ufpel.edu.br\/taxacaobebidasadocadas\/#website\",\"url\":\"https:\/\/wp.ufpel.edu.br\/taxacaobebidasadocadas\/\",\"name\":\"\",\"description\":\"Universidade Federal de Pelotas\",\"potentialAction\":[{\"@type\":\"SearchAction\",\"target\":{\"@type\":\"EntryPoint\",\"urlTemplate\":\"https:\/\/wp.ufpel.edu.br\/taxacaobebidasadocadas\/?s={search_term_string}\"},\"query-input\":{\"@type\":\"PropertyValueSpecification\",\"valueRequired\":true,\"valueName\":\"search_term_string\"}}],\"inLanguage\":\"pt-BR\"}]}<\/script>\n<!-- \/ Yoast SEO plugin. -->","yoast_head_json":{"title":"V\u00cdDEOS -","robots":{"index":"index","follow":"follow","max-snippet":"max-snippet:-1","max-image-preview":"max-image-preview:large","max-video-preview":"max-video-preview:-1"},"canonical":"https:\/\/wp.ufpel.edu.br\/taxacaobebidasadocadas\/videos-2\/","og_locale":"pt_BR","og_type":"article","og_title":"V\u00cdDEOS -","og_description":"Quadro &#8220;Hora de Aprender&#8221;: os diferentes efeitos da tributa\u00e7\u00e3o de bebidas ado\u00e7adas Quadro &#8220;Hora de Aprender&#8221;: panorama mundial da taxa\u00e7\u00e3o de bebidas ado\u00e7adas e a situa\u00e7\u00e3o brasileira Quadro &#8220;Hora de Aprender&#8221;: conceitua\u00e7\u00e3o e panorama do consumo de bebidas ado\u00e7adas no Brasil &nbsp; Demais v\u00eddeos do quadro &#8220;Hora de Aprender&#8221;: Semin\u00e1rio &#8220;Bebidas ado\u00e7adas: da Economia \u00e0 &hellip; Continuar lendo V\u00cdDEOS","og_url":"https:\/\/wp.ufpel.edu.br\/taxacaobebidasadocadas\/videos-2\/","article_modified_time":"2022-12-16T12:56:01+00:00","twitter_card":"summary_large_image","twitter_misc":{"Est. tempo de leitura":"1 minuto"},"schema":{"@context":"https:\/\/schema.org","@graph":[{"@type":"WebPage","@id":"https:\/\/wp.ufpel.edu.br\/taxacaobebidasadocadas\/videos-2\/","url":"https:\/\/wp.ufpel.edu.br\/taxacaobebidasadocadas\/videos-2\/","name":"V\u00cdDEOS -","isPartOf":{"@id":"https:\/\/wp.ufpel.edu.br\/taxacaobebidasadocadas\/#website"},"datePublished":"2022-12-01T17:42:19+00:00","dateModified":"2022-12-16T12:56:01+00:00","breadcrumb":{"@id":"https:\/\/wp.ufpel.edu.br\/taxacaobebidasadocadas\/videos-2\/#breadcrumb"},"inLanguage":"pt-BR","potentialAction":[{"@type":"ReadAction","target":["https:\/\/wp.ufpel.edu.br\/taxacaobebidasadocadas\/videos-2\/"]}]},{"@type":"BreadcrumbList","@id":"https:\/\/wp.ufpel.edu.br\/taxacaobebidasadocadas\/videos-2\/#breadcrumb","itemListElement":[{"@type":"ListItem","position":1,"name":"In\u00edcio","item":"https:\/\/wp.ufpel.edu.br\/taxacaobebidasadocadas\/"},{"@type":"ListItem","position":2,"name":"V\u00cdDEOS"}]},{"@type":"WebSite","@id":"https:\/\/wp.ufpel.edu.br\/taxacaobebidasadocadas\/#website","url":"https:\/\/wp.ufpel.edu.br\/taxacaobebidasadocadas\/","name":"","description":"Universidade Federal de Pelotas","potentialAction":[{"@type":"SearchAction","target":{"@type":"EntryPoint","urlTemplate":"https:\/\/wp.ufpel.edu.br\/taxacaobebidasadocadas\/?s={search_term_string}"},"query-input":{"@type":"PropertyValueSpecification","valueRequired":true,"valueName":"search_term_string"}}],"inLanguage":"pt-BR"}]}},"_links":{"self":[{"href":"https:\/\/wp.ufpel.edu.br\/taxacaobebidasadocadas\/wp-json\/wp\/v2\/pages\/235","targetHints":{"allow":["GET"]}}],"collection":[{"href":"https:\/\/wp.ufpel.edu.br\/taxacaobebidasadocadas\/wp-json\/wp\/v2\/pages"}],"about":[{"href":"https:\/\/wp.ufpel.edu.br\/taxacaobebidasadocadas\/wp-json\/wp\/v2\/types\/page"}],"author":[{"embeddable":true,"href":"https:\/\/wp.ufpel.edu.br\/taxacaobebidasadocadas\/wp-json\/wp\/v2\/users\/1228"}],"replies":[{"embeddable":true,"href":"https:\/\/wp.ufpel.edu.br\/taxacaobebidasadocadas\/wp-json\/wp\/v2\/comments?post=235"}],"version-history":[{"count":6,"href":"https:\/\/wp.ufpel.edu.br\/taxacaobebidasadocadas\/wp-json\/wp\/v2\/pages\/235\/revisions"}],"predecessor-version":[{"id":271,"href":"https:\/\/wp.ufpel.edu.br\/taxacaobebidasadocadas\/wp-json\/wp\/v2\/pages\/235\/revisions\/271"}],"wp:attachment":[{"href":"https:\/\/wp.ufpel.edu.br\/taxacaobebidasadocadas\/wp-json\/wp\/v2\/media?parent=235"}],"curies":[{"name":"wp","href":"https:\/\/api.w.org\/{rel}","templated":true}]}}