{"id":191,"date":"2022-08-02T21:58:41","date_gmt":"2022-08-03T00:58:41","guid":{"rendered":"https:\/\/wp.ufpel.edu.br\/taxacaobebidasadocadas\/?page_id=191"},"modified":"2022-10-11T14:05:37","modified_gmt":"2022-10-11T17:05:37","slug":"evento","status":"publish","type":"page","link":"https:\/\/wp.ufpel.edu.br\/taxacaobebidasadocadas\/evento\/","title":{"rendered":"EVENTO"},"content":{"rendered":"<p style=\"margin-top: 0px;\"><img loading=\"lazy\" decoding=\"async\" class=\"wp-image-213 alignleft\" src=\"https:\/\/wp.ufpel.edu.br\/taxacaobebidasadocadas\/files\/2022\/10\/WhatsApp-Image-2022-10-06-at-17.35.30-283x400.jpeg\" alt=\"\" width=\"397\" height=\"562\" srcset=\"https:\/\/wp.ufpel.edu.br\/taxacaobebidasadocadas\/files\/2022\/10\/WhatsApp-Image-2022-10-06-at-17.35.30-283x400.jpeg 283w, https:\/\/wp.ufpel.edu.br\/taxacaobebidasadocadas\/files\/2022\/10\/WhatsApp-Image-2022-10-06-at-17.35.30-724x1024.jpeg 724w, https:\/\/wp.ufpel.edu.br\/taxacaobebidasadocadas\/files\/2022\/10\/WhatsApp-Image-2022-10-06-at-17.35.30-768x1086.jpeg 768w, https:\/\/wp.ufpel.edu.br\/taxacaobebidasadocadas\/files\/2022\/10\/WhatsApp-Image-2022-10-06-at-17.35.30.jpeg 905w\" sizes=\"auto, (max-width: 397px) 100vw, 397px\" \/><span style=\"color: #000000;\">\u00c9 com prazer que informamos que no dia 10 de novembro de 2022 ser\u00e1 realizado o semin\u00e1rio <strong>\u201cBEBIDAS ADO\u00c7ADAS: DA ECONOMIA \u00c0 SA\u00daDE P\u00daBLICA\u201d.<\/strong><\/span><\/p>\n<p><span style=\"color: #000000;\">Convidamos todos a participar do evento promovido pelo nosso projeto.<\/span><\/p>\n<p><span style=\"color: #000000;\">Ao longo do dia, teremos apresenta\u00e7\u00f5es dos representantes das tr\u00eas grandes \u00e1reas envolvidas no projeto (Sa\u00fade, Direito e Economia). Participar\u00e3o da ocasi\u00e3o palestrantes da Universidade Federal de Pelotas (UFPel), da Universidade do Estado do Rio de Janeiro (UERJ), da Universidade Federal do Esp\u00edrito Santo (Ufes), da Universidade Federal do Cear\u00e1 (UFC), da Pontif\u00edcia Universidade Cat\u00f3lica do Rio Grande do Sul (PUCRS), da Universidade Federal de Goi\u00e1s (UFG), da Universidade Estadual de Londrina (UEL), assim como representantes da ACT Promo\u00e7\u00e3o da Sa\u00fade.<\/span><\/p>\n<p><span style=\"color: #000000;\">O evento \u00e9 um marco no que concerne \u00e0 discuss\u00e3o sobre as bebidas ado\u00e7adas e seus impactos na sa\u00fade e na economia brasileira.<\/span><\/p>\n<p><span style=\"color: #000000;\">Informamos, tamb\u00e9m, que as vagas s\u00e3o <strong>limitadas<\/strong> e as inscri\u00e7\u00f5es podem ser realizadas gratuitamente no link a seguir:<strong> <a href=\"http:\/\/l1nq.com\/2Kgu3\">http:\/\/l1nq.com\/2Kgu3<\/a><\/strong><\/span><\/p>\n<p><span style=\"color: #000000;\">Data de realiza\u00e7\u00e3o: <strong>10\/11\/2022 \u2013 quinta-feira<\/strong><\/span><br \/>\n<span style=\"color: #000000;\">Hor\u00e1rio: <strong>09h00 \u00e0s 12h00 e 14h00 \u00e0s 18h00<\/strong><\/span><br \/>\n<span style=\"color: #000000;\">Local:<strong> Audit\u00f3rio Elio Paulo Zonta, pr\u00e9dio da Reitoria, Universidade Federal de Pelotas (UFPel)<\/strong><\/span><br \/>\n<span style=\"color: #000000;\">\u00a0<\/span><br \/>\n<span style=\"color: #000000;\">Desde j\u00e1, agradecemos a participa\u00e7\u00e3o e a colabora\u00e7\u00e3o de todos na divulga\u00e7\u00e3o deste t\u00e3o aguardado evento.<\/span><\/p>\n<h2><span style=\"font-family: impact, sans-serif; color: #339966;\">PROGRAMA\u00c7\u00c3O:<\/span><\/h2>\n<p style=\"text-align: center;\"><strong><span style=\"font-family: helvetica, arial, sans-serif;\"><span style=\"font-size: 18pt;\">MANH\u00c3:<\/span><br \/>\n<\/span><\/strong><img loading=\"lazy\" decoding=\"async\" class=\"alignnone wp-image-215\" src=\"https:\/\/wp.ufpel.edu.br\/taxacaobebidasadocadas\/files\/2022\/10\/WhatsApp-Image-2022-10-06-at-17.36.17-283x400.jpeg\" alt=\"\" width=\"565\" height=\"798\" srcset=\"https:\/\/wp.ufpel.edu.br\/taxacaobebidasadocadas\/files\/2022\/10\/WhatsApp-Image-2022-10-06-at-17.36.17-283x400.jpeg 283w, https:\/\/wp.ufpel.edu.br\/taxacaobebidasadocadas\/files\/2022\/10\/WhatsApp-Image-2022-10-06-at-17.36.17-724x1024.jpeg 724w, https:\/\/wp.ufpel.edu.br\/taxacaobebidasadocadas\/files\/2022\/10\/WhatsApp-Image-2022-10-06-at-17.36.17-768x1086.jpeg 768w, https:\/\/wp.ufpel.edu.br\/taxacaobebidasadocadas\/files\/2022\/10\/WhatsApp-Image-2022-10-06-at-17.36.17.jpeg 905w\" sizes=\"auto, (max-width: 565px) 100vw, 565px\" \/><\/p>\n<p style=\"text-align: center;\"><span style=\"font-family: helvetica, arial, sans-serif; font-size: 18pt;\"><strong>TARDE:<\/strong><\/span><img loading=\"lazy\" decoding=\"async\" class=\"wp-image-216 aligncenter\" src=\"https:\/\/wp.ufpel.edu.br\/taxacaobebidasadocadas\/files\/2022\/10\/WhatsApp-Image-2022-10-06-at-17.36.32-283x400.jpeg\" alt=\"\" width=\"554\" height=\"783\" srcset=\"https:\/\/wp.ufpel.edu.br\/taxacaobebidasadocadas\/files\/2022\/10\/WhatsApp-Image-2022-10-06-at-17.36.32-283x400.jpeg 283w, https:\/\/wp.ufpel.edu.br\/taxacaobebidasadocadas\/files\/2022\/10\/WhatsApp-Image-2022-10-06-at-17.36.32-724x1024.jpeg 724w, https:\/\/wp.ufpel.edu.br\/taxacaobebidasadocadas\/files\/2022\/10\/WhatsApp-Image-2022-10-06-at-17.36.32-768x1086.jpeg 768w, https:\/\/wp.ufpel.edu.br\/taxacaobebidasadocadas\/files\/2022\/10\/WhatsApp-Image-2022-10-06-at-17.36.32.jpeg 905w\" sizes=\"auto, (max-width: 554px) 100vw, 554px\" \/><\/p>\n<p>&nbsp;<\/p>\n<p>&#8212;&#8212;&#8212;&#8212;&#8212;&#8212;&#8212;&#8212;&#8212;&#8212;&#8212;&#8212;&#8212;&#8212;&#8212;&#8212;&#8212;&#8212;&#8212;&#8212;&#8212;&#8212;&#8212;&#8212;&#8212;&#8212;&#8212;&#8212;&#8212;&#8212;&#8212;&#8212;&#8212;-<\/p>\n<h1 style=\"text-align: left;\"><span style=\"font-family: helvetica, arial, sans-serif;\"><span style=\"font-family: impact, sans-serif; color: #339966;\"><img loading=\"lazy\" decoding=\"async\" class=\"alignnone wp-image-203 alignleft\" style=\"color: #333333; font-family: 'Noto Serif', serif; font-size: 17px; font-weight: 400;\" src=\"https:\/\/wp.ufpel.edu.br\/taxacaobebidasadocadas\/files\/2022\/08\/WhatsApp-Image-2022-08-10-at-17.30.29-400x400.jpeg\" alt=\"\" width=\"383\" height=\"383\" srcset=\"https:\/\/wp.ufpel.edu.br\/taxacaobebidasadocadas\/files\/2022\/08\/WhatsApp-Image-2022-08-10-at-17.30.29-400x400.jpeg 400w, https:\/\/wp.ufpel.edu.br\/taxacaobebidasadocadas\/files\/2022\/08\/WhatsApp-Image-2022-08-10-at-17.30.29-1024x1024.jpeg 1024w, https:\/\/wp.ufpel.edu.br\/taxacaobebidasadocadas\/files\/2022\/08\/WhatsApp-Image-2022-08-10-at-17.30.29-200x200.jpeg 200w, https:\/\/wp.ufpel.edu.br\/taxacaobebidasadocadas\/files\/2022\/08\/WhatsApp-Image-2022-08-10-at-17.30.29-768x768.jpeg 768w, https:\/\/wp.ufpel.edu.br\/taxacaobebidasadocadas\/files\/2022\/08\/WhatsApp-Image-2022-08-10-at-17.30.29.jpeg 1080w\" sizes=\"auto, (max-width: 383px) 100vw, 383px\" \/><strong>SAVE THE DATE!<\/strong><\/span><\/span><\/h1>\n<p style=\"text-align: left;\"><span style=\"font-family: helvetica, arial, sans-serif;\">Em breve divulgaremos mais informa\u00e7\u00f5es sobre o evento aqui no site e Instagram do projeto (@bebidasadocadas). Fique atento!<\/span><\/p>\n<p style=\"text-align: center;\"><a href=\"https:\/\/docs.google.com\/forms\/d\/e\/1FAIpQLSfvIvmtaQ2o4UMvmq_HfWk_5kJF2Qy-Kg1g4-NKAAqz5qodcQ\/viewform\"><strong><span style=\"font-family: helvetica, arial, sans-serif;\">CLIQUE AQUI PARA INSCREVER-SE!<\/span><\/strong><\/a><\/p>\n","protected":false},"excerpt":{"rendered":"<p>\u00c9 com prazer que informamos que no dia 10 de novembro de 2022 ser\u00e1 realizado o semin\u00e1rio \u201cBEBIDAS ADO\u00c7ADAS: DA ECONOMIA \u00c0 SA\u00daDE P\u00daBLICA\u201d. Convidamos todos a participar do evento promovido pelo nosso projeto. Ao longo do dia, teremos apresenta\u00e7\u00f5es dos representantes das tr\u00eas grandes \u00e1reas envolvidas no projeto (Sa\u00fade, Direito e Economia). Participar\u00e3o da &hellip; <a href=\"https:\/\/wp.ufpel.edu.br\/taxacaobebidasadocadas\/evento\/\" class=\"more-link\">Continuar lendo <span class=\"screen-reader-text\">EVENTO<\/span><\/a><\/p>\n","protected":false},"author":1228,"featured_media":0,"parent":0,"menu_order":0,"comment_status":"closed","ping_status":"closed","template":"","meta":{"footnotes":""},"class_list":["post-191","page","type-page","status-publish","hentry"],"yoast_head":"<!-- This site is optimized with the Yoast SEO plugin v26.7 - https:\/\/yoast.com\/wordpress\/plugins\/seo\/ -->\n<title>EVENTO -<\/title>\n<meta name=\"robots\" content=\"index, follow, max-snippet:-1, max-image-preview:large, max-video-preview:-1\" \/>\n<link rel=\"canonical\" href=\"https:\/\/wp.ufpel.edu.br\/taxacaobebidasadocadas\/evento\/\" \/>\n<meta property=\"og:locale\" content=\"pt_BR\" \/>\n<meta property=\"og:type\" content=\"article\" \/>\n<meta property=\"og:title\" content=\"EVENTO -\" \/>\n<meta property=\"og:description\" content=\"\u00c9 com prazer que informamos que no dia 10 de novembro de 2022 ser\u00e1 realizado o semin\u00e1rio \u201cBEBIDAS ADO\u00c7ADAS: DA ECONOMIA \u00c0 SA\u00daDE P\u00daBLICA\u201d. Convidamos todos a participar do evento promovido pelo nosso projeto. Ao longo do dia, teremos apresenta\u00e7\u00f5es dos representantes das tr\u00eas grandes \u00e1reas envolvidas no projeto (Sa\u00fade, Direito e Economia). Participar\u00e3o da &hellip; Continuar lendo EVENTO\" \/>\n<meta property=\"og:url\" content=\"https:\/\/wp.ufpel.edu.br\/taxacaobebidasadocadas\/evento\/\" \/>\n<meta property=\"article:modified_time\" content=\"2022-10-11T17:05:37+00:00\" \/>\n<meta property=\"og:image\" content=\"https:\/\/wp.ufpel.edu.br\/taxacaobebidasadocadas\/files\/2022\/10\/WhatsApp-Image-2022-10-06-at-17.35.30-283x400.jpeg\" \/>\n<meta name=\"twitter:card\" content=\"summary_large_image\" \/>\n<meta name=\"twitter:label1\" content=\"Est. tempo de leitura\" \/>\n\t<meta name=\"twitter:data1\" content=\"3 minutos\" \/>\n<script type=\"application\/ld+json\" class=\"yoast-schema-graph\">{\"@context\":\"https:\/\/schema.org\",\"@graph\":[{\"@type\":\"WebPage\",\"@id\":\"https:\/\/wp.ufpel.edu.br\/taxacaobebidasadocadas\/evento\/\",\"url\":\"https:\/\/wp.ufpel.edu.br\/taxacaobebidasadocadas\/evento\/\",\"name\":\"EVENTO -\",\"isPartOf\":{\"@id\":\"https:\/\/wp.ufpel.edu.br\/taxacaobebidasadocadas\/#website\"},\"primaryImageOfPage\":{\"@id\":\"https:\/\/wp.ufpel.edu.br\/taxacaobebidasadocadas\/evento\/#primaryimage\"},\"image\":{\"@id\":\"https:\/\/wp.ufpel.edu.br\/taxacaobebidasadocadas\/evento\/#primaryimage\"},\"thumbnailUrl\":\"https:\/\/wp.ufpel.edu.br\/taxacaobebidasadocadas\/files\/2022\/10\/WhatsApp-Image-2022-10-06-at-17.35.30-283x400.jpeg\",\"datePublished\":\"2022-08-03T00:58:41+00:00\",\"dateModified\":\"2022-10-11T17:05:37+00:00\",\"breadcrumb\":{\"@id\":\"https:\/\/wp.ufpel.edu.br\/taxacaobebidasadocadas\/evento\/#breadcrumb\"},\"inLanguage\":\"pt-BR\",\"potentialAction\":[{\"@type\":\"ReadAction\",\"target\":[\"https:\/\/wp.ufpel.edu.br\/taxacaobebidasadocadas\/evento\/\"]}]},{\"@type\":\"ImageObject\",\"inLanguage\":\"pt-BR\",\"@id\":\"https:\/\/wp.ufpel.edu.br\/taxacaobebidasadocadas\/evento\/#primaryimage\",\"url\":\"https:\/\/wp.ufpel.edu.br\/taxacaobebidasadocadas\/files\/2022\/10\/WhatsApp-Image-2022-10-06-at-17.35.30.jpeg\",\"contentUrl\":\"https:\/\/wp.ufpel.edu.br\/taxacaobebidasadocadas\/files\/2022\/10\/WhatsApp-Image-2022-10-06-at-17.35.30.jpeg\",\"width\":905,\"height\":1280},{\"@type\":\"BreadcrumbList\",\"@id\":\"https:\/\/wp.ufpel.edu.br\/taxacaobebidasadocadas\/evento\/#breadcrumb\",\"itemListElement\":[{\"@type\":\"ListItem\",\"position\":1,\"name\":\"In\u00edcio\",\"item\":\"https:\/\/wp.ufpel.edu.br\/taxacaobebidasadocadas\/\"},{\"@type\":\"ListItem\",\"position\":2,\"name\":\"EVENTO\"}]},{\"@type\":\"WebSite\",\"@id\":\"https:\/\/wp.ufpel.edu.br\/taxacaobebidasadocadas\/#website\",\"url\":\"https:\/\/wp.ufpel.edu.br\/taxacaobebidasadocadas\/\",\"name\":\"\",\"description\":\"Universidade Federal de Pelotas\",\"potentialAction\":[{\"@type\":\"SearchAction\",\"target\":{\"@type\":\"EntryPoint\",\"urlTemplate\":\"https:\/\/wp.ufpel.edu.br\/taxacaobebidasadocadas\/?s={search_term_string}\"},\"query-input\":{\"@type\":\"PropertyValueSpecification\",\"valueRequired\":true,\"valueName\":\"search_term_string\"}}],\"inLanguage\":\"pt-BR\"}]}<\/script>\n<!-- \/ Yoast SEO plugin. -->","yoast_head_json":{"title":"EVENTO -","robots":{"index":"index","follow":"follow","max-snippet":"max-snippet:-1","max-image-preview":"max-image-preview:large","max-video-preview":"max-video-preview:-1"},"canonical":"https:\/\/wp.ufpel.edu.br\/taxacaobebidasadocadas\/evento\/","og_locale":"pt_BR","og_type":"article","og_title":"EVENTO -","og_description":"\u00c9 com prazer que informamos que no dia 10 de novembro de 2022 ser\u00e1 realizado o semin\u00e1rio \u201cBEBIDAS ADO\u00c7ADAS: DA ECONOMIA \u00c0 SA\u00daDE P\u00daBLICA\u201d. Convidamos todos a participar do evento promovido pelo nosso projeto. Ao longo do dia, teremos apresenta\u00e7\u00f5es dos representantes das tr\u00eas grandes \u00e1reas envolvidas no projeto (Sa\u00fade, Direito e Economia). Participar\u00e3o da &hellip; Continuar lendo EVENTO","og_url":"https:\/\/wp.ufpel.edu.br\/taxacaobebidasadocadas\/evento\/","article_modified_time":"2022-10-11T17:05:37+00:00","og_image":[{"url":"https:\/\/wp.ufpel.edu.br\/taxacaobebidasadocadas\/files\/2022\/10\/WhatsApp-Image-2022-10-06-at-17.35.30-283x400.jpeg","type":"","width":"","height":""}],"twitter_card":"summary_large_image","twitter_misc":{"Est. tempo de leitura":"3 minutos"},"schema":{"@context":"https:\/\/schema.org","@graph":[{"@type":"WebPage","@id":"https:\/\/wp.ufpel.edu.br\/taxacaobebidasadocadas\/evento\/","url":"https:\/\/wp.ufpel.edu.br\/taxacaobebidasadocadas\/evento\/","name":"EVENTO -","isPartOf":{"@id":"https:\/\/wp.ufpel.edu.br\/taxacaobebidasadocadas\/#website"},"primaryImageOfPage":{"@id":"https:\/\/wp.ufpel.edu.br\/taxacaobebidasadocadas\/evento\/#primaryimage"},"image":{"@id":"https:\/\/wp.ufpel.edu.br\/taxacaobebidasadocadas\/evento\/#primaryimage"},"thumbnailUrl":"https:\/\/wp.ufpel.edu.br\/taxacaobebidasadocadas\/files\/2022\/10\/WhatsApp-Image-2022-10-06-at-17.35.30-283x400.jpeg","datePublished":"2022-08-03T00:58:41+00:00","dateModified":"2022-10-11T17:05:37+00:00","breadcrumb":{"@id":"https:\/\/wp.ufpel.edu.br\/taxacaobebidasadocadas\/evento\/#breadcrumb"},"inLanguage":"pt-BR","potentialAction":[{"@type":"ReadAction","target":["https:\/\/wp.ufpel.edu.br\/taxacaobebidasadocadas\/evento\/"]}]},{"@type":"ImageObject","inLanguage":"pt-BR","@id":"https:\/\/wp.ufpel.edu.br\/taxacaobebidasadocadas\/evento\/#primaryimage","url":"https:\/\/wp.ufpel.edu.br\/taxacaobebidasadocadas\/files\/2022\/10\/WhatsApp-Image-2022-10-06-at-17.35.30.jpeg","contentUrl":"https:\/\/wp.ufpel.edu.br\/taxacaobebidasadocadas\/files\/2022\/10\/WhatsApp-Image-2022-10-06-at-17.35.30.jpeg","width":905,"height":1280},{"@type":"BreadcrumbList","@id":"https:\/\/wp.ufpel.edu.br\/taxacaobebidasadocadas\/evento\/#breadcrumb","itemListElement":[{"@type":"ListItem","position":1,"name":"In\u00edcio","item":"https:\/\/wp.ufpel.edu.br\/taxacaobebidasadocadas\/"},{"@type":"ListItem","position":2,"name":"EVENTO"}]},{"@type":"WebSite","@id":"https:\/\/wp.ufpel.edu.br\/taxacaobebidasadocadas\/#website","url":"https:\/\/wp.ufpel.edu.br\/taxacaobebidasadocadas\/","name":"","description":"Universidade Federal de Pelotas","potentialAction":[{"@type":"SearchAction","target":{"@type":"EntryPoint","urlTemplate":"https:\/\/wp.ufpel.edu.br\/taxacaobebidasadocadas\/?s={search_term_string}"},"query-input":{"@type":"PropertyValueSpecification","valueRequired":true,"valueName":"search_term_string"}}],"inLanguage":"pt-BR"}]}},"_links":{"self":[{"href":"https:\/\/wp.ufpel.edu.br\/taxacaobebidasadocadas\/wp-json\/wp\/v2\/pages\/191","targetHints":{"allow":["GET"]}}],"collection":[{"href":"https:\/\/wp.ufpel.edu.br\/taxacaobebidasadocadas\/wp-json\/wp\/v2\/pages"}],"about":[{"href":"https:\/\/wp.ufpel.edu.br\/taxacaobebidasadocadas\/wp-json\/wp\/v2\/types\/page"}],"author":[{"embeddable":true,"href":"https:\/\/wp.ufpel.edu.br\/taxacaobebidasadocadas\/wp-json\/wp\/v2\/users\/1228"}],"replies":[{"embeddable":true,"href":"https:\/\/wp.ufpel.edu.br\/taxacaobebidasadocadas\/wp-json\/wp\/v2\/comments?post=191"}],"version-history":[{"count":12,"href":"https:\/\/wp.ufpel.edu.br\/taxacaobebidasadocadas\/wp-json\/wp\/v2\/pages\/191\/revisions"}],"predecessor-version":[{"id":224,"href":"https:\/\/wp.ufpel.edu.br\/taxacaobebidasadocadas\/wp-json\/wp\/v2\/pages\/191\/revisions\/224"}],"wp:attachment":[{"href":"https:\/\/wp.ufpel.edu.br\/taxacaobebidasadocadas\/wp-json\/wp\/v2\/media?parent=191"}],"curies":[{"name":"wp","href":"https:\/\/api.w.org\/{rel}","templated":true}]}}