{"id":12,"date":"2020-03-03T10:24:18","date_gmt":"2020-03-03T13:24:18","guid":{"rendered":"https:\/\/wp.ufpel.edu.br\/syhda\/?page_id=12"},"modified":"2021-09-15T08:45:22","modified_gmt":"2021-09-15T11:45:22","slug":"solicitacao","status":"publish","type":"page","link":"https:\/\/wp.ufpel.edu.br\/syhda\/solicitacao\/","title":{"rendered":"Solicita\u00e7\u00e3o"},"content":{"rendered":"<p style=\"text-align: justify\">Para realizar a solicita\u00e7\u00e3o de download do SYHDA, preencha o\u00a0<strong><a href=\"https:\/\/forms.gle\/CT6AYvXiQYZMFG4Y8\" target=\"_blank\" rel=\"noopener noreferrer\">formul\u00e1rio<\/a><\/strong>. <em>Ap\u00f3s o preenchimento do formul\u00e1rio, retornaremos com as informa\u00e7\u00f5es em at\u00e9 7 dias uteis. Em caso de n\u00e3o recebimento do e-mail com o download, verifique a sua caixa de spam.\u00a0<\/em><\/p>\n<p style=\"text-align: justify\">A vers\u00e3o atual do SYHDA \u00e9 uma vers\u00e3o beta. Nem todas as funcionalidades est\u00e3o dispon\u00edveis nesta vers\u00e3o. Caso o usu\u00e1rio precise utillizar funcionalidades que n\u00e3o foram disponibilizadas nesta vers\u00e3o, entre em contato com o <strong><a href=\"https:\/\/wp.ufpel.edu.br\/hidrologiaemodelagemhidrologica\/\" target=\"_blank\" rel=\"noopener noreferrer\">Grupo de Pesquisa em Hidrologia e Modelagem Hidrol\u00f3gica em Bacias Hidrogr\u00e1ficas.<\/a><\/strong><\/p>\n","protected":false},"excerpt":{"rendered":"<p>Para realizar a solicita\u00e7\u00e3o de download do SYHDA, preencha o\u00a0formul\u00e1rio. Ap\u00f3s o preenchimento do formul\u00e1rio, retornaremos com as informa\u00e7\u00f5es em at\u00e9 7 dias uteis. Em caso de n\u00e3o recebimento do e-mail com o download, verifique a sua caixa de spam.\u00a0 A vers\u00e3o atual do SYHDA \u00e9 uma vers\u00e3o beta. Nem todas as funcionalidades est\u00e3o dispon\u00edveis&#8230; <\/p>\n<div class=\"link-more\"><a href=\"https:\/\/wp.ufpel.edu.br\/syhda\/solicitacao\/\">Leia mais<\/a><\/div>\n","protected":false},"author":984,"featured_media":0,"parent":0,"menu_order":0,"comment_status":"closed","ping_status":"closed","template":"","meta":{"footnotes":""},"class_list":["post-12","page","type-page","status-publish","hentry"],"_links":{"self":[{"href":"https:\/\/wp.ufpel.edu.br\/syhda\/wp-json\/wp\/v2\/pages\/12","targetHints":{"allow":["GET"]}}],"collection":[{"href":"https:\/\/wp.ufpel.edu.br\/syhda\/wp-json\/wp\/v2\/pages"}],"about":[{"href":"https:\/\/wp.ufpel.edu.br\/syhda\/wp-json\/wp\/v2\/types\/page"}],"author":[{"embeddable":true,"href":"https:\/\/wp.ufpel.edu.br\/syhda\/wp-json\/wp\/v2\/users\/984"}],"replies":[{"embeddable":true,"href":"https:\/\/wp.ufpel.edu.br\/syhda\/wp-json\/wp\/v2\/comments?post=12"}],"version-history":[{"count":5,"href":"https:\/\/wp.ufpel.edu.br\/syhda\/wp-json\/wp\/v2\/pages\/12\/revisions"}],"predecessor-version":[{"id":106,"href":"https:\/\/wp.ufpel.edu.br\/syhda\/wp-json\/wp\/v2\/pages\/12\/revisions\/106"}],"wp:attachment":[{"href":"https:\/\/wp.ufpel.edu.br\/syhda\/wp-json\/wp\/v2\/media?parent=12"}],"curies":[{"name":"wp","href":"https:\/\/api.w.org\/{rel}","templated":true}]}}