{"id":28,"date":"2021-12-20T22:58:42","date_gmt":"2021-12-21T01:58:42","guid":{"rendered":"https:\/\/wp.ufpel.edu.br\/superavit\/?page_id=28"},"modified":"2023-11-22T18:49:15","modified_gmt":"2023-11-22T21:49:15","slug":"quem-somos","status":"publish","type":"page","link":"https:\/\/wp.ufpel.edu.br\/superavit\/quem-somos\/","title":{"rendered":"Quem somos"},"content":{"rendered":"<p>A p\u00e1gina Super\u00e1vit Caseiro \u00e9 um projeto de extens\u00e3o\u00a0 da Universidade Federal de Pelotas (UFPEL). Criado em mar\u00e7o de 2022 com o objetivo de informar o p\u00fablico sobre economia, finan\u00e7as pessoais e investimentos, o projeto conta com a participa\u00e7\u00e3o de professores, servidores, alunos e colaboradores convidados.<\/p>\n<p>O site re\u00fane ainda produ\u00e7\u00f5es acad\u00eamicas na \u00e1rea do jornalismo econ\u00f4mico produzidas pelos estudantes do curso de Jornalismo durante a gradua\u00e7\u00e3o.<\/p>\n<p>O projeto \u00e9 coordenado pelo professor do curso de Jornalismo do Centro de Letras e Comunica\u00e7\u00e3o da Universidade Federal de Pelotas, Dr. Eduardo Ritter.<\/p>\n<p>Equipe (2023\/02):<\/p>\n<p>Caio Nogueira de Lima Gon\u00e7alves Ribeiro (estudante de Jornalismo\/UFPEL)<\/p>\n<p>Eduardo Ritter (professor do curso de Jornalismo\/UFPEL)<\/p>\n<p>Kaique Cangirana Trov\u00e3o<b> <\/b>(estudante de Jornalismo\/UFPEL)<\/p>\n<p>Lara Nari (professora do curso de Jornalismo\/UFPEL)<\/p>\n<p>Maria Rita da Costa Rolim (estudante de Jornalismo\/UFPEL)<\/p>\n<p>Melissa Lara Carvalho (estudante de Letras\/UFPEL)<\/p>\n<p>Pedro Bittencourt (estudante de Jornalismo\/UFPEL)<\/p>\n<p>Vit\u00f3ria Santos (estudante de Jornalismo\/UFPEL)<\/p>\n<p>Contato: <b><strong>superavitcaseiro@gmail.com<\/strong><\/b><\/p>\n<p style=\"text-align: justify;\"><img loading=\"lazy\" decoding=\"async\" class=\"size-medium wp-image-9 alignright\" src=\"https:\/\/wp.ufpel.edu.br\/superavit\/files\/2021\/12\/superavit-2-400x206.jpg\" alt=\"\" width=\"400\" height=\"206\" srcset=\"https:\/\/wp.ufpel.edu.br\/superavit\/files\/2021\/12\/superavit-2-400x206.jpg 400w, https:\/\/wp.ufpel.edu.br\/superavit\/files\/2021\/12\/superavit-2-1024x528.jpg 1024w, https:\/\/wp.ufpel.edu.br\/superavit\/files\/2021\/12\/superavit-2-768x396.jpg 768w, https:\/\/wp.ufpel.edu.br\/superavit\/files\/2021\/12\/superavit-2-600x310.jpg 600w, https:\/\/wp.ufpel.edu.br\/superavit\/files\/2021\/12\/superavit-2-945x488.jpg 945w, https:\/\/wp.ufpel.edu.br\/superavit\/files\/2021\/12\/superavit-2.jpg 1246w\" sizes=\"auto, (max-width: 400px) 100vw, 400px\" \/><\/p>\n","protected":false},"excerpt":{"rendered":"<p>A p\u00e1gina Super\u00e1vit Caseiro \u00e9 um projeto de extens\u00e3o\u00a0 da Universidade Federal de Pelotas (UFPEL). Criado em mar\u00e7o de 2022 com o objetivo de informar o p\u00fablico sobre economia, finan\u00e7as pessoais e investimentos, o projeto conta com a participa\u00e7\u00e3o de&#8230; <a class=\"more-link\" href=\"https:\/\/wp.ufpel.edu.br\/superavit\/quem-somos\/\">Continue lendo &rarr;<\/a><\/p>\n","protected":false},"author":1210,"featured_media":0,"parent":0,"menu_order":0,"comment_status":"closed","ping_status":"closed","template":"","meta":{"footnotes":""},"class_list":["post-28","page","type-page","status-publish","hentry"],"jetpack_sharing_enabled":true,"_links":{"self":[{"href":"https:\/\/wp.ufpel.edu.br\/superavit\/wp-json\/wp\/v2\/pages\/28","targetHints":{"allow":["GET"]}}],"collection":[{"href":"https:\/\/wp.ufpel.edu.br\/superavit\/wp-json\/wp\/v2\/pages"}],"about":[{"href":"https:\/\/wp.ufpel.edu.br\/superavit\/wp-json\/wp\/v2\/types\/page"}],"author":[{"embeddable":true,"href":"https:\/\/wp.ufpel.edu.br\/superavit\/wp-json\/wp\/v2\/users\/1210"}],"replies":[{"embeddable":true,"href":"https:\/\/wp.ufpel.edu.br\/superavit\/wp-json\/wp\/v2\/comments?post=28"}],"version-history":[{"count":12,"href":"https:\/\/wp.ufpel.edu.br\/superavit\/wp-json\/wp\/v2\/pages\/28\/revisions"}],"predecessor-version":[{"id":1442,"href":"https:\/\/wp.ufpel.edu.br\/superavit\/wp-json\/wp\/v2\/pages\/28\/revisions\/1442"}],"wp:attachment":[{"href":"https:\/\/wp.ufpel.edu.br\/superavit\/wp-json\/wp\/v2\/media?parent=28"}],"curies":[{"name":"wp","href":"https:\/\/api.w.org\/{rel}","templated":true}]}}