{"id":9,"date":"2018-11-14T15:46:56","date_gmt":"2018-11-14T17:46:56","guid":{"rendered":"https:\/\/wp.ufpel.edu.br\/sulpet\/?page_id=9"},"modified":"2019-04-26T01:11:44","modified_gmt":"2019-04-26T04:11:44","slug":"evento","status":"publish","type":"page","link":"https:\/\/wp.ufpel.edu.br\/sulpet\/evento\/","title":{"rendered":"Evento"},"content":{"rendered":"<p>O Encontro Regional dos Grupos PET do Sul \u2013 SULPET XXII ocorrer\u00e1 nos dias 01 a 04 de maio, na cidade de Pelotas \u2013 RS. O evento, organizado pelos grupos PET da Universidade Federal de Pelotas (UFPel), ser\u00e1 realizado no campus universit\u00e1rio Cap\u00e3o do Le\u00e3o, localizado na Av. Eliseu Maciel, s\/n, Cap\u00e3o do Le\u00e3o &#8211; RS.<\/p>\n<p>O tema <strong>\u201cSer Petiano: forma\u00e7\u00e3o, resist\u00eancia e transforma\u00e7\u00e3o\u201d<\/strong> surgiu de modo a fortificar a necessidade da presen\u00e7a dos grupos PET dentro das universidades, assim como dos demais grupos que incentivam a forma\u00e7\u00e3o de pensadores\/as e pesquisadores\/as. Dessa forma, os alunos e alunas, professores e professoras da UFPel ir\u00e3o receber os grupos dos tr\u00eas estados da regi\u00e3o sul na nossa cidade para quatro dias de muito aprendizado e troca de experi\u00eancias.<\/p>\n<p>Dentro desse contexto, \u00e9 importante deixar claro no que consistem os tr\u00eas eixos tem\u00e1ticos para facilitar a submiss\u00e3o dos trabalhos:<\/p>\n<ul>\n<li><strong>FORMA\u00c7\u00c3O ACAD\u00caMICA:<\/strong> trabalhos relacionados \u00e0s atividades de ensino dos grupos, enfatizando o papel do PET na gradua\u00e7\u00e3o;<\/li>\n<li><strong>TRANSFORMA\u00c7\u00c3O SOCIAL:<\/strong> trabalhos que tenham cunho extensionista, enfatizando o papel dos PETs na comunidade;<\/li>\n<li><strong>FORMA\u00c7\u00c3O CIENT\u00cdFICA:<\/strong> trabalhos relacionados com \u00e0s atividades de pesquisa realizadas pelos grupos PET.<\/li>\n<\/ul>\n<p>A participa\u00e7\u00e3o dos Grupos no evento n\u00e3o est\u00e1 condicionada \u00e0 submiss\u00e3o de trabalhos.<\/p>\n<p>Confiram o manual que montamos para o evento:<\/p>\n<ul>\n<li><a href=\"https:\/\/wp.ufpel.edu.br\/sulpet\/files\/2019\/04\/Manual-de-Orienta\u00e7\u00f5es-B\u00e1sicas-XXII-SulPET.pdf\">Manual de Orienta\u00e7\u00f5es B\u00e1sicas XXII SulPET<\/a><\/li>\n<\/ul>\n<p>Para saber mais, leia o <a href=\"https:\/\/wp.ufpel.edu.br\/sulpet\/files\/2019\/02\/EDITAL-SULPET.2019-.pdf\" target=\"_blank\" rel=\"noopener noreferrer\">Edital de Submiss\u00e3o de Trabalhos<\/a>.<\/p>\n","protected":false},"excerpt":{"rendered":"<p>O Encontro Regional dos Grupos PET do Sul \u2013 SULPET XXII ocorrer\u00e1 nos dias 01 a 04 de maio, na cidade de Pelotas \u2013 RS. O evento, organizado pelos grupos PET da Universidade Federal de Pelotas (UFPel), ser\u00e1 realizado no campus universit\u00e1rio Cap\u00e3o do Le\u00e3o, localizado na Av. Eliseu Maciel, s\/n, Cap\u00e3o do Le\u00e3o &#8211; [&hellip;]<\/p>\n","protected":false},"author":890,"featured_media":0,"parent":0,"menu_order":0,"comment_status":"closed","ping_status":"closed","template":"","meta":{"footnotes":""},"class_list":["post-9","page","type-page","status-publish","hentry","post"],"_links":{"self":[{"href":"https:\/\/wp.ufpel.edu.br\/sulpet\/wp-json\/wp\/v2\/pages\/9","targetHints":{"allow":["GET"]}}],"collection":[{"href":"https:\/\/wp.ufpel.edu.br\/sulpet\/wp-json\/wp\/v2\/pages"}],"about":[{"href":"https:\/\/wp.ufpel.edu.br\/sulpet\/wp-json\/wp\/v2\/types\/page"}],"author":[{"embeddable":true,"href":"https:\/\/wp.ufpel.edu.br\/sulpet\/wp-json\/wp\/v2\/users\/890"}],"replies":[{"embeddable":true,"href":"https:\/\/wp.ufpel.edu.br\/sulpet\/wp-json\/wp\/v2\/comments?post=9"}],"version-history":[{"count":17,"href":"https:\/\/wp.ufpel.edu.br\/sulpet\/wp-json\/wp\/v2\/pages\/9\/revisions"}],"predecessor-version":[{"id":460,"href":"https:\/\/wp.ufpel.edu.br\/sulpet\/wp-json\/wp\/v2\/pages\/9\/revisions\/460"}],"wp:attachment":[{"href":"https:\/\/wp.ufpel.edu.br\/sulpet\/wp-json\/wp\/v2\/media?parent=9"}],"curies":[{"name":"wp","href":"https:\/\/api.w.org\/{rel}","templated":true}]}}

<p>O Encontro Regional dos Grupos PET do Sul – SULPET XXII ocorrerá nos dias 01 a 04 de maio, na cidade de Pelotas – RS. O evento, organizado pelos grupos PET da Universidade Federal de Pelotas (UFPel), será realizado no campus universitário Capão do Leão, localizado na Av. Eliseu Maciel, s/n, Capão do Leão &#8211; RS.</p>
<p>O tema <strong>“Ser Petiano: formação, resistência e transformação”</strong> surgiu de modo a fortificar a necessidade da presença dos grupos PET dentro das universidades, assim como dos demais grupos que incentivam a formação de pensadores/as e pesquisadores/as. Dessa forma, os alunos e alunas, professores e professoras da UFPel irão receber os grupos dos três estados da região sul na nossa cidade para quatro dias de muito aprendizado e troca de experiências.</p>
<p>Dentro desse contexto, é importante deixar claro no que consistem os três eixos temáticos para facilitar a submissão dos trabalhos:</p>
<ul>
<li><strong>FORMAÇÃO ACADÊMICA:</strong> trabalhos relacionados às atividades de ensino dos grupos, enfatizando o papel do PET na graduação;</li>
<li><strong>TRANSFORMAÇÃO SOCIAL:</strong> trabalhos que tenham cunho extensionista, enfatizando o papel dos PETs na comunidade;</li>
<li><strong>FORMAÇÃO CIENTÍFICA:</strong> trabalhos relacionados com às atividades de pesquisa realizadas pelos grupos PET.</li>
</ul>
<p>A participação dos Grupos no evento não está condicionada à submissão de trabalhos.</p>
<p>Confiram o manual que montamos para o evento:</p>
<ul>
<li><a href="https://wp.ufpel.edu.br/sulpet/files/2019/04/Manual-de-Orientações-Básicas-XXII-SulPET.pdf">Manual de Orientações Básicas XXII SulPET</a></li>
</ul>
<p>Para saber mais, leia o <a href="https://wp.ufpel.edu.br/sulpet/files/2019/02/EDITAL-SULPET.2019-.pdf" target="_blank" rel="noopener noreferrer">Edital de Submissão de Trabalhos</a>.</p>

<p>O Encontro Regional dos Grupos PET do Sul – SULPET XXII ocorrerá nos dias 01 a 04 de maio, na cidade de Pelotas – RS. O evento, organizado pelos grupos PET da Universidade Federal de Pelotas (UFPel), será realizado no campus universitário Capão do Leão, localizado na Av. Eliseu Maciel, s/n, Capão do Leão &#8211; [&hellip;]</p>
