{"id":15,"date":"2018-11-14T15:48:08","date_gmt":"2018-11-14T17:48:08","guid":{"rendered":"https:\/\/wp.ufpel.edu.br\/sulpet\/?page_id=15"},"modified":"2019-02-12T15:04:06","modified_gmt":"2019-02-12T17:04:06","slug":"comissao-organizadora","status":"publish","type":"page","link":"https:\/\/wp.ufpel.edu.br\/sulpet\/comissao-organizadora\/","title":{"rendered":"Comiss\u00e3o Organizadora"},"content":{"rendered":"<p>Nossa comiss\u00e3o organizadora consiste em uma mescla de tutores e alunos de todos os PETs da UfPel. Para a <strong>Comiss\u00e3o Organizadora Geral<\/strong> podemos contar com os seguintes integrantes:<\/p>\n<p>&#8211; Prof\u00aa Dr\u00aa Daniele Fonseca PET Conserva\u00e7\u00e3o e Restauro &#8211; Tutora<\/p>\n<p>&#8211; Prof\u00ba Dr\u00ba Fernando Sim\u00f5es Jr. PET F\u00edsica &#8211; Tutor<\/p>\n<p>&#8211; Ana Brito PET Conserva\u00e7\u00e3o e Restauro &#8211; Discente<\/p>\n<p>&#8211; Ane Tchavo PET Diversidade e Toler\u00e2ncia &#8211; Discente<\/p>\n<p>&#8211; Isabela Maria PET GAPE &#8211; Discente<\/p>\n<p>&#8211; Gilberto Collares PET Engenharia H\u00eddrica &#8211; Reitoria<\/p>\n<p>Cada comiss\u00e3o conta com o apoio de ao menos um tutor, assim sendo:<\/p>\n<p><strong>Comiss\u00e3o Acad\u00eamica<\/strong><\/p>\n<p>&#8211; \u00c1lvaro Ayala &#8211; Ex tutor<\/p>\n<p>&#8211; Cristina Maria Rosa &#8211; PET Educa\u00e7\u00e3o<\/p>\n<p><strong>Comiss\u00e3o de Apoio<\/strong><\/p>\n<p>&#8211; Mari\u00e2ngela da R. Afonso &#8211; PET Educa\u00e7\u00e3o F\u00edsica<\/p>\n<p>&#8211; Helo\u00edsa Duval &#8211; PET GAPE<\/p>\n<p><strong>Comiss\u00e3o Cient\u00edfica<\/strong><\/p>\n<p>&#8211; Andr\u00e9 Nunes &#8211; PET Meteorologia<\/p>\n<p>&#8211; Danielle Ribeiro Barros &#8211; PET Agronomia<\/p>\n<p><strong>Comiss\u00e3o de Comunica\u00e7\u00e3o<\/strong><\/p>\n<p>&#8211; Leomar da Rosa Junior &#8211; PET Computa\u00e7\u00e3o<\/p>\n<p>&#8211; N\u00e1dia da Cruz Senna &#8211; PET Artes Visuais<\/p>\n<p><strong>Comiss\u00e3o Cultural<\/strong><\/p>\n<p>&#8211; Denise Bussoletti &#8211; PET Fronteiras<\/p>\n<p>&#8211; Lorena Gill &#8211; PET Diversidade e Toler\u00e2ncia<\/p>\n<p><strong>Comiss\u00e3o Financeira<\/strong><\/p>\n<p>&#8211; Carlos Tillmann &#8211; PET Engenharia Agr\u00edcola<\/p>\n<p><strong>Comiss\u00e3o de Infraestrutura<\/strong><\/p>\n<p>&#8211; Ana Paula Neto de Faria &#8211; PET Arquitetura<\/p>\n<p><strong>Comiss\u00e3o de Log\u00edstica<\/strong><\/p>\n<p>&#8211; Josu\u00e9 Martos &#8211; PET Odontologia<\/p>\n<p>&#8211; Viviane S. Silva Terra &#8211; PET Engenharia H\u00eddrica<\/p>\n","protected":false},"excerpt":{"rendered":"<p>Nossa comiss\u00e3o organizadora consiste em uma mescla de tutores e alunos de todos os PETs da UfPel. Para a Comiss\u00e3o Organizadora Geral podemos contar com os seguintes integrantes: &#8211; Prof\u00aa Dr\u00aa Daniele Fonseca PET Conserva\u00e7\u00e3o e Restauro &#8211; Tutora &#8211; Prof\u00ba Dr\u00ba Fernando Sim\u00f5es Jr. PET F\u00edsica &#8211; Tutor &#8211; Ana Brito PET Conserva\u00e7\u00e3o e [&hellip;]<\/p>\n","protected":false},"author":890,"featured_media":0,"parent":0,"menu_order":0,"comment_status":"closed","ping_status":"closed","template":"","meta":{"footnotes":""},"class_list":["post-15","page","type-page","status-publish","hentry","post"],"_links":{"self":[{"href":"https:\/\/wp.ufpel.edu.br\/sulpet\/wp-json\/wp\/v2\/pages\/15","targetHints":{"allow":["GET"]}}],"collection":[{"href":"https:\/\/wp.ufpel.edu.br\/sulpet\/wp-json\/wp\/v2\/pages"}],"about":[{"href":"https:\/\/wp.ufpel.edu.br\/sulpet\/wp-json\/wp\/v2\/types\/page"}],"author":[{"embeddable":true,"href":"https:\/\/wp.ufpel.edu.br\/sulpet\/wp-json\/wp\/v2\/users\/890"}],"replies":[{"embeddable":true,"href":"https:\/\/wp.ufpel.edu.br\/sulpet\/wp-json\/wp\/v2\/comments?post=15"}],"version-history":[{"count":8,"href":"https:\/\/wp.ufpel.edu.br\/sulpet\/wp-json\/wp\/v2\/pages\/15\/revisions"}],"predecessor-version":[{"id":186,"href":"https:\/\/wp.ufpel.edu.br\/sulpet\/wp-json\/wp\/v2\/pages\/15\/revisions\/186"}],"wp:attachment":[{"href":"https:\/\/wp.ufpel.edu.br\/sulpet\/wp-json\/wp\/v2\/media?parent=15"}],"curies":[{"name":"wp","href":"https:\/\/api.w.org\/{rel}","templated":true}]}}