{"id":9,"date":"2025-10-29T10:25:22","date_gmt":"2025-10-29T13:25:22","guid":{"rendered":"https:\/\/wp.ufpel.edu.br\/suldesign20\/?page_id=9"},"modified":"2025-12-10T11:36:10","modified_gmt":"2025-12-10T14:36:10","slug":"oficinas","status":"publish","type":"page","link":"https:\/\/wp.ufpel.edu.br\/suldesign20\/oficinas\/","title":{"rendered":"Oficinas &#038; Workshops"},"content":{"rendered":"<div id=\"pl-9\"  class=\"panel-layout\" ><div id=\"pg-9-0\"  class=\"panel-grid panel-no-style\" ><div id=\"pgc-9-0-0\"  class=\"panel-grid-cell\" ><div id=\"panel-9-0-0-0\" class=\"so-panel widget widget_text panel-first-child\" data-index=\"0\" >\t\t\t<div class=\"textwidget\"><p>&nbsp;<\/p>\n<p>&nbsp;<\/p>\n<\/div>\n\t\t<\/div><div id=\"panel-9-0-0-1\" class=\"so-panel widget widget_text\" data-index=\"1\" ><h3 class=\"widget-title\">Oficinas &#038; Workshops<\/h3>\t\t\t<div class=\"textwidget\"><p>A certifica\u00e7\u00e3o se dar\u00e1 mediante presen\u00e7a nas atividades:\u00a0<strong>3 carimbos de oficinas\/workshops<\/strong>\u00a0no crach\u00e1 +\u00a0<strong>1 carimbo palestra ou mesa redonda<\/strong>. Quem completar o crach\u00e1 ganha<strong> brinde<\/strong>! N\u00e3o \u00e9 necess\u00e1rio realizar inscri\u00e7\u00e3o. A participa\u00e7\u00e3o ser\u00e1 por\u00a0<strong>ordem de chegada<\/strong>.<\/p>\n<p>*Programa\u00e7\u00e3o sujeita \u00e0 altera\u00e7\u00f5es.<\/p>\n<\/div>\n\t\t<\/div><div id=\"panel-9-0-0-2\" class=\"so-panel widget widget_siteorigin-panels-builder\" data-index=\"2\" ><div id=\"pl-w6939855aa64cb\"  class=\"panel-layout\" ><div id=\"pg-w6939855aa64cb-0\"  class=\"panel-grid panel-no-style\" ><div id=\"pgc-w6939855aa64cb-0-0\"  class=\"panel-grid-cell\" ><div id=\"panel-w6939855aa64cb-0-0-0\" class=\"so-panel widget widget_sow-accordion panel-first-child\" data-index=\"0\" ><div class=\"panel-widget-style panel-widget-style-for-w6939855aa64cb-0-0-0\" ><div\n\t\t\t\n\t\t\tclass=\"so-widget-sow-accordion so-widget-sow-accordion-default-182f380ae3e7\"\n\t\t\t\n\t\t><div>\n\t<div class=\"sow-accordion\">\n\t\t\t<div class=\"sow-accordion-panel\n\t\t\t\t\"\n\t\t\tdata-anchor-id=\"terca-09-de-dezembro\">\n\t\t\t\t<div class=\"sow-accordion-panel-header-container\" role=\"heading\" aria-level=\"2\">\n\t\t\t\t\t<div class=\"sow-accordion-panel-header\" tabindex=\"0\" role=\"button\" id=\"accordion-label-ter%c3%a7a-09-de-dezembro\" aria-controls=\"accordion-content-ter%c3%a7a-09-de-dezembro\" aria-expanded=\"false\">\n\t\t\t\t\t\t<div class=\"sow-accordion-title sow-accordion-title-icon-left\">\n\t\t\t\t\t\t\t\t\t\t\t\t\t\tTER\u00c7A 09 DE DEZEMBRO\t\t\t\t\t\t\t\t\t\t\t\t\t<\/div>\n\t\t\t\t\t\t<div class=\"sow-accordion-open-close-button\">\n\t\t\t\t\t\t\t<div class=\"sow-accordion-open-button\">\n\t\t\t\t\t\t\t\t<span class=\"sow-icon-ionicons\" data-sow-icon=\"&#xf218;\"\n\t\t \n\t\taria-hidden=\"true\"><\/span>\t\t\t\t\t\t\t<\/div>\n\t\t\t\t\t\t\t<div class=\"sow-accordion-close-button\">\n\t\t\t\t\t\t\t\t<span class=\"sow-icon-ionicons\" data-sow-icon=\"&#xf209;\"\n\t\t \n\t\taria-hidden=\"true\"><\/span>\t\t\t\t\t\t\t<\/div>\n\t\t\t\t\t\t<\/div>\n\t\t\t\t\t<\/div>\n\t\t\t\t<\/div>\n\n\t\t\t<div\n\t\t\t\tclass=\"sow-accordion-panel-content\"\n\t\t\t\trole=\"region\"\n\t\t\t\taria-labelledby=\"accordion-label-ter%c3%a7a-09-de-dezembro\"\n\t\t\t\tid=\"accordion-content-ter%c3%a7a-09-de-dezembro\"\n\t\t\t\tstyle=\"display: none;\"\t\t\t>\n\t\t\t\t<div class=\"sow-accordion-panel-border\">\n\t\t\t\t\t<h1><span style=\"color: #c90058;\"><strong>Manh\u00e3 <\/strong><\/span><em style=\"font-size: 16px;\">Das 10h \u00e0s 12h<\/em><\/h1>\n<table style=\"width: 800px;\">\n<thead>\n<tr style=\"height: 24px;\">\n<th style=\"width: 103px; height: 24px;\">\n<h3><strong><span style=\"color: #c90058;\">Sala<\/span><\/strong><\/h3>\n<\/th>\n<th style=\"width: 271px; height: 24px;\">\n<h3><span style=\"color: #c90058;\"><b>Oficineiro(a)<\/b><\/span><\/h3>\n<\/th>\n<th style=\"width: 418px; height: 24px;\">\n<h3><span style=\"color: #c90058;\"><b>Oficina<\/b><\/span><\/h3>\n<\/th>\n<\/tr>\n<\/thead>\n<tbody>\n<tr style=\"height: 24px;\">\n<td style=\"width: 103px; height: 24px;\"><b>302\/2<\/b><\/td>\n<td style=\"width: 271px; height: 24px;\"><span style=\"font-weight: 400;\">Mariana Teixeira de Ferreira<\/span><\/td>\n<td style=\"width: 418px; height: 24px;\"><strong>Um guia pr\u00e1tico sobre como escolher o Notebook ideal<\/strong><\/td>\n<\/tr>\n<tr style=\"height: 24px;\">\n<td style=\"width: 103px; height: 24px;\"><b>303\/2<\/b><\/td>\n<td style=\"width: 271px; height: 24px;\"><span style=\"font-weight: 400;\">Vagner Dutra Maciel<\/span><\/td>\n<td style=\"width: 418px; height: 24px;\"><strong>Descomplicando o InDesign<\/strong><\/td>\n<\/tr>\n<tr style=\"height: 24px;\">\n<td style=\"width: 103px; height: 24px;\"><b>306\/2<\/b><\/td>\n<td style=\"width: 271px; height: 24px;\"><span style=\"font-weight: 400;\">Eliza Gutierres Avila<\/span><\/td>\n<td style=\"width: 418px; height: 24px;\"><strong>Fotografia: Como \u00e9 viver na pr\u00e1tica<\/strong><\/td>\n<\/tr>\n<tr style=\"height: 24px;\">\n<td style=\"width: 103px; height: 24px;\"><span style=\"background-color: #c90058; color: #ffffff;\"><b>101\/2<\/b><\/span><\/td>\n<td style=\"width: 271px; height: 24px;\"><span style=\"font-weight: 400; background-color: #c90058; color: #ffffff;\">Laura Barela<\/span><\/td>\n<td style=\"width: 418px; height: 24px;\"><span style=\"background-color: #c90058; color: #ffffff;\"><strong>[Workshop] Acessibilidade digital<\/strong><\/span><\/td>\n<\/tr>\n<\/tbody>\n<\/table>\n<h1><span style=\"color: #c90058;\"><b>[suspenso] Tarde <\/b><\/span><em style=\"font-size: 16px;\">Das 15h30 \u00e0s 17h<\/em><\/h1>\n<table style=\"width: 800px;\">\n<thead>\n<tr>\n<th style=\"width: 104px;\">\n<h3><span style=\"color: #c90058;\"><b>Sala<\/b><\/span><\/h3>\n<\/th>\n<th style=\"width: 271px;\">\n<h3><span style=\"color: #c90058;\"><b>Oficineiro(a)<\/b><\/span><\/h3>\n<\/th>\n<th style=\"width: 417px;\">\n<h3><span style=\"color: #c90058;\"><b>Oficina<\/b><\/span><\/h3>\n<\/th>\n<\/tr>\n<\/thead>\n<tbody>\n<tr>\n<td style=\"width: 104px;\"><del><b>209\/1<\/b><\/del><\/td>\n<td style=\"width: 271px;\"><del><span style=\"font-weight: 400;\">Theo Viebrantz Cassuriaga<\/span><\/del><\/td>\n<td style=\"width: 417px;\"><del><strong>Game Design na Pr\u00e1tica: Como Organizar um Jogo do Zero!<\/strong><\/del><\/td>\n<\/tr>\n<tr>\n<td style=\"width: 104px;\"><del><b>302\/2<\/b><\/del><\/td>\n<td style=\"width: 271px;\"><del><span style=\"font-weight: 400;\">Amanda Schiller<\/span><\/del><\/td>\n<td style=\"width: 417px;\"><del><strong>Oficina de colagem<\/strong><\/del><\/td>\n<\/tr>\n<tr>\n<td style=\"width: 104px;\"><del><b>306\/2<\/b><\/del><\/td>\n<td style=\"width: 271px;\"><del><span style=\"font-weight: 400;\">Marina Pilger Filgueiras<\/span><\/del><\/td>\n<td style=\"width: 417px;\"><del><strong>Criando Jogos de Cartas em Casa<\/strong><\/del><\/td>\n<\/tr>\n<tr>\n<td style=\"width: 104px;\"><del><b>303\/2<\/b><\/del><\/td>\n<td style=\"width: 271px;\"><del><span style=\"font-weight: 400;\">Camila Colpo Corcini<\/span><\/del><\/td>\n<td style=\"width: 417px;\"><del><strong>Do texto ao Zine: diagrama\u00e7\u00e3o de um livreto no InDesign<\/strong><\/del><\/td>\n<\/tr>\n<tr>\n<td style=\"width: 104px;\"><del><span style=\"background-color: #c90058; color: #ffffff;\"><b>101\/2<\/b><\/span><\/del><\/td>\n<td style=\"width: 271px;\"><del><span style=\"font-weight: 400; background-color: #c90058; color: #ffffff;\">Guilherme Otavio Martinelli Fragoso\u00a0<\/span><\/del><\/td>\n<td style=\"width: 417px;\"><del><span style=\"background-color: #c90058; color: #ffffff;\"><strong>[Workshop] Oficina de inicia\u00e7\u00e3o ao desenho digital usando Krita<\/strong><\/span><\/del><\/td>\n<\/tr>\n<\/tbody>\n<\/table>\n<p><em><span style=\"font-weight: 400;\">\u00a0<\/span><\/em><\/p>\n\t\t\t\t<\/div>\n\t\t\t<\/div>\n\t\t<\/div>\n\t\t<\/div>\n<\/div>\n<\/div><\/div><\/div><div id=\"panel-w6939855aa64cb-0-0-1\" class=\"so-panel widget widget_sow-accordion\" data-index=\"1\" ><div class=\"panel-widget-style panel-widget-style-for-w6939855aa64cb-0-0-1\" ><div\n\t\t\t\n\t\t\tclass=\"so-widget-sow-accordion so-widget-sow-accordion-default-63af54c847ed\"\n\t\t\t\n\t\t><div>\n\t<div class=\"sow-accordion\">\n\t\t\t<div class=\"sow-accordion-panel\n\t\t sow-accordion-panel-open\t\t\"\n\t\t\tdata-anchor-id=\"quarta-10-de-dezembro\">\n\t\t\t\t<div class=\"sow-accordion-panel-header-container\" role=\"heading\" aria-level=\"2\">\n\t\t\t\t\t<div class=\"sow-accordion-panel-header\" tabindex=\"0\" role=\"button\" id=\"accordion-label-quarta-10-de-dezembro\" aria-controls=\"accordion-content-quarta-10-de-dezembro\" aria-expanded=\"true\">\n\t\t\t\t\t\t<div class=\"sow-accordion-title sow-accordion-title-icon-left\">\n\t\t\t\t\t\t\t\t\t\t\t\t\t\tQUARTA 10 DE DEZEMBRO\t\t\t\t\t\t\t\t\t\t\t\t\t<\/div>\n\t\t\t\t\t\t<div class=\"sow-accordion-open-close-button\">\n\t\t\t\t\t\t\t<div class=\"sow-accordion-open-button\">\n\t\t\t\t\t\t\t\t<span class=\"sow-icon-ionicons\" data-sow-icon=\"&#xf218;\"\n\t\t \n\t\taria-hidden=\"true\"><\/span>\t\t\t\t\t\t\t<\/div>\n\t\t\t\t\t\t\t<div class=\"sow-accordion-close-button\">\n\t\t\t\t\t\t\t\t<span class=\"sow-icon-ionicons\" data-sow-icon=\"&#xf209;\"\n\t\t \n\t\taria-hidden=\"true\"><\/span>\t\t\t\t\t\t\t<\/div>\n\t\t\t\t\t\t<\/div>\n\t\t\t\t\t<\/div>\n\t\t\t\t<\/div>\n\n\t\t\t<div\n\t\t\t\tclass=\"sow-accordion-panel-content\"\n\t\t\t\trole=\"region\"\n\t\t\t\taria-labelledby=\"accordion-label-quarta-10-de-dezembro\"\n\t\t\t\tid=\"accordion-content-quarta-10-de-dezembro\"\n\t\t\t\t\t\t\t>\n\t\t\t\t<div class=\"sow-accordion-panel-border\">\n\t\t\t\t\t<h1><span style=\"color: #5a88c5;\">[suspenso] Manh\u00e3 <\/span><em style=\"font-size: 16px;\"><span style=\"color: #000000; font-size: 14pt;\">Das 10h \u00e0s 12h<\/span><\/em><\/h1>\n<table style=\"width: 800px;\">\n<thead>\n<tr>\n<th style=\"width: 104px;\">\n<h3><span style=\"color: #5a88c5;\"><b>Sala<\/b><\/span><\/h3>\n<\/th>\n<th style=\"width: 345px;\">\n<h3><span style=\"color: #5a88c5;\"><b>Oficineiro(a)<\/b><\/span><\/h3>\n<\/th>\n<th style=\"width: 691px;\">\n<h3><span style=\"color: #5a88c5;\"><b>Oficina<\/b><\/span><\/h3>\n<\/th>\n<\/tr>\n<\/thead>\n<tbody>\n<tr>\n<td style=\"width: 104px;\"><del><b>304\/2<\/b><\/del><\/td>\n<td style=\"width: 345px;\"><del><span style=\"font-weight: 400;\">Mariana Teixeira de Ferreira<\/span><\/del><\/td>\n<td style=\"width: 691px;\"><del><strong>Facilitando a navega\u00e7\u00e3o: Atalhos e truques essenciais para o Windows<\/strong><\/del><\/td>\n<\/tr>\n<tr>\n<td style=\"width: 104px;\"><del><b>101\/2<\/b><\/del><\/td>\n<td style=\"width: 345px;\"><del><span style=\"font-weight: 400;\">Diego Dummer Ruas<\/span><\/del><\/td>\n<td style=\"width: 691px;\"><del><strong>Figma Sites<\/strong><\/del><\/td>\n<\/tr>\n<tr>\n<td style=\"width: 104px;\"><del><b>306\/2<\/b><\/del><\/td>\n<td style=\"width: 345px;\"><del><span style=\"font-weight: 400;\">Henrique Lange de Oliveira<\/span><\/del><\/td>\n<td style=\"width: 691px;\"><del><strong>O que \u00e9 o Desenho objetivamente bom<\/strong><\/del><\/td>\n<\/tr>\n<tr>\n<td style=\"width: 104px;\"><del><span style=\"background-color: #5a88c5; color: #ffffff;\"><b>Audit\u00f3rio 1<\/b><\/span><\/del><\/td>\n<td style=\"width: 345px;\"><del><span style=\"font-weight: 400; background-color: #5a88c5; color: #ffffff;\">Edson Matsuo<\/span><\/del><\/td>\n<td style=\"width: 691px;\"><del><span style=\"background-color: #5a88c5; color: #ffffff;\"><strong>[Workshop] EDSON MATSUO &amp; COdesign Transgeracional<\/strong><\/span><\/del><\/td>\n<\/tr>\n<\/tbody>\n<\/table>\n<h1><span style=\"color: #5a88c5;\">Tarde\u00a0<\/span><em style=\"font-size: 16px;\"><span style=\"color: #000000; font-size: 14pt;\">Das 13h30 \u00e0s 15h30<\/span><\/em><\/h1>\n<table style=\"width: 803px;\">\n<thead><\/thead>\n<tbody>\n<tr>\n<td style=\"width: 104px;\"><span style=\"background-color: #5a88c5; color: #ffffff;\"><b>Audit\u00f3rio<\/b><\/span><span style=\"background-color: #5a88c5; color: #ffffff;\"><b> 1<\/b><\/span><\/td>\n<td style=\"width: 224px;\"><span style=\"font-weight: 400; background-color: #5a88c5; color: #ffffff;\">Edson Matsuo<\/span><\/td>\n<td style=\"width: 475px;\"><span style=\"background-color: #5a88c5; color: #ffffff;\"><strong>[Workshop] E<\/strong><\/span><span style=\"background-color: #5a88c5; color: #ffffff;\"><strong>DSON MATSUO &amp; COdesign Transgeracional<\/strong><\/span><\/td>\n<\/tr>\n<\/tbody>\n<\/table>\n<table style=\"width: 800px;\">\n<thead>\n<tr style=\"height: 10px;\">\n<th style=\"width: 1132px; height: 10px;\" colspan=\"3\">\n<h1 style=\"text-align: left;\"><em style=\"font-size: 16px;\"><span style=\"color: #000000; font-size: 14pt;\">Das 15h30 \u00e0s 17h<\/span><\/em><\/h1>\n<\/th>\n<\/tr>\n<tr style=\"height: 65px;\">\n<th style=\"width: 108px; height: 65px;\">\n<h3><span style=\"color: #5a88c5;\"><b>Sala<\/b><\/span><\/h3>\n<\/th>\n<th style=\"width: 332px; height: 65px;\">\n<h3><span style=\"color: #5a88c5;\"><b>Oficineiro(a)<\/b><\/span><\/h3>\n<\/th>\n<th style=\"width: 692px; height: 65px;\">\n<h3><span style=\"color: #5a88c5;\"><b>Oficina<\/b><\/span><\/h3>\n<\/th>\n<\/tr>\n<\/thead>\n<tbody>\n<tr style=\"height: 24px;\">\n<td style=\"width: 108px; height: 24px;\"><b>202\/2<\/b><\/td>\n<td style=\"width: 332px; height: 24px;\"><span style=\"font-weight: 400;\">Raissa da Silva Coelho<\/span><\/td>\n<td style=\"width: 692px; height: 24px;\"><strong>O Poder da Cor na Constru\u00e7\u00e3o de Marcas<\/strong><\/td>\n<\/tr>\n<tr style=\"height: 24px;\">\n<td style=\"width: 108px; height: 24px;\"><del><b>304\/2<\/b><\/del><\/td>\n<td style=\"width: 332px; height: 24px;\"><del><span style=\"font-weight: 400;\">J\u00e9ssica Oliveira de Oliveira\u00a0<\/span><\/del><\/td>\n<td style=\"width: 692px; height: 24px;\"><del><strong>Prompt &amp; Pixel: gerando imagens com IA<\/strong><\/del><\/td>\n<\/tr>\n<tr style=\"height: 72px;\">\n<td style=\"width: 108px; height: 72px;\"><b>306\/2<\/b><\/td>\n<td style=\"width: 332px; height: 72px;\"><span style=\"font-weight: 400;\">Giulia Pletz, Ana Paula Tomasi, Mariana Ribeiro Rodrigues e Luiza Ribeiro Cardoso<\/span><\/td>\n<td style=\"width: 692px; height: 72px;\"><strong>Dados sobre uso de redes sociais e tend\u00eancias - Percep\u00e7\u00f5es para prospec\u00e7\u00e3o<\/strong><\/td>\n<\/tr>\n<tr style=\"height: 24px;\">\n<td style=\"width: 108px; height: 24px;\"><b>101\/2<\/b><\/td>\n<td style=\"width: 332px; height: 24px;\"><span style=\"font-weight: 400;\">Charles Davi de Freitas Soares<\/span><\/td>\n<td style=\"width: 692px; height: 24px;\"><strong>Um guia pr\u00e1tico para a Impress\u00e3o 3D FDM<\/strong><\/td>\n<\/tr>\n<tr style=\"height: 96px;\">\n<td style=\"width: 108px; height: 96px;\"><span style=\"background-color: #5a88c5; color: #ffffff;\"><b>Audit\u00f3rio 1<\/b><\/span><\/td>\n<td style=\"width: 332px; height: 96px;\"><span style=\"font-weight: 400; background-color: #5a88c5; color: #ffffff;\">Prof. Lauer Alves Nunes dos Santos &amp; p\u00f3s-graduandos Ana Martha Bonat, Lara Calvette e Miguel Martins dos Santos<\/span><\/td>\n<td style=\"width: 692px; height: 96px;\"><span style=\"background-color: #5a88c5; color: #ffffff;\"><strong>[Workshop] PPGArtes: Design e pesquisa na P\u00f3s-Gradua\u00e7\u00e3o<\/strong><\/span><\/td>\n<\/tr>\n<\/tbody>\n<\/table>\n\t\t\t\t<\/div>\n\t\t\t<\/div>\n\t\t<\/div>\n\t\t<\/div>\n<\/div>\n<\/div><\/div><\/div><div id=\"panel-w6939855aa64cb-0-0-2\" class=\"so-panel widget widget_sow-accordion panel-last-child\" data-index=\"2\" ><div class=\"panel-widget-style panel-widget-style-for-w6939855aa64cb-0-0-2\" ><div\n\t\t\t\n\t\t\tclass=\"so-widget-sow-accordion so-widget-sow-accordion-default-3bd79b60e38b\"\n\t\t\t\n\t\t><div>\n\t<div class=\"sow-accordion\">\n\t\t\t<div class=\"sow-accordion-panel\n\t\t sow-accordion-panel-open\t\t\"\n\t\t\tdata-anchor-id=\"quinta-11-de-dezembro\">\n\t\t\t\t<div class=\"sow-accordion-panel-header-container\" role=\"heading\" aria-level=\"2\">\n\t\t\t\t\t<div class=\"sow-accordion-panel-header\" tabindex=\"0\" role=\"button\" id=\"accordion-label-quinta-11-de-dezembro\" aria-controls=\"accordion-content-quinta-11-de-dezembro\" aria-expanded=\"true\">\n\t\t\t\t\t\t<div class=\"sow-accordion-title sow-accordion-title-icon-left\">\n\t\t\t\t\t\t\t\t\t\t\t\t\t\tQUINTA 11 DE DEZEMBRO\t\t\t\t\t\t\t\t\t\t\t\t\t<\/div>\n\t\t\t\t\t\t<div class=\"sow-accordion-open-close-button\">\n\t\t\t\t\t\t\t<div class=\"sow-accordion-open-button\">\n\t\t\t\t\t\t\t\t<span class=\"sow-icon-ionicons\" data-sow-icon=\"&#xf218;\"\n\t\t \n\t\taria-hidden=\"true\"><\/span>\t\t\t\t\t\t\t<\/div>\n\t\t\t\t\t\t\t<div class=\"sow-accordion-close-button\">\n\t\t\t\t\t\t\t\t<span class=\"sow-icon-ionicons\" data-sow-icon=\"&#xf209;\"\n\t\t \n\t\taria-hidden=\"true\"><\/span>\t\t\t\t\t\t\t<\/div>\n\t\t\t\t\t\t<\/div>\n\t\t\t\t\t<\/div>\n\t\t\t\t<\/div>\n\n\t\t\t<div\n\t\t\t\tclass=\"sow-accordion-panel-content\"\n\t\t\t\trole=\"region\"\n\t\t\t\taria-labelledby=\"accordion-label-quinta-11-de-dezembro\"\n\t\t\t\tid=\"accordion-content-quinta-11-de-dezembro\"\n\t\t\t\t\t\t\t>\n\t\t\t\t<div class=\"sow-accordion-panel-border\">\n\t\t\t\t\t<h1><span style=\"color: #e0b116;\"><b>Manh\u00e3 <\/b><\/span><em style=\"font-size: 16px;\">Das 10h \u00e0s 12h<\/em><\/h1>\n<table style=\"width: 800px;\">\n<thead>\n<tr>\n<th style=\"width: 105px;\">\n<h3><span style=\"color: #e0b116;\"><b>Sala<\/b><\/span><\/h3>\n<\/th>\n<th style=\"width: 219px;\">\n<h3><span style=\"color: #e0b116;\"><b>Oficineiro(a)<\/b><\/span><\/h3>\n<\/th>\n<th style=\"width: 476px;\">\n<h3><span style=\"color: #e0b116;\"><b>Oficina<\/b><\/span><\/h3>\n<\/th>\n<\/tr>\n<\/thead>\n<tbody>\n<tr>\n<td style=\"width: 105px;\"><b>302\/2<\/b><\/td>\n<td style=\"width: 219px;\"><span style=\"font-weight: 400;\">Raissa Vasconcelos Galli<\/span><\/td>\n<td style=\"width: 476px;\"><strong>Ferramentas de Branding na Pr\u00e1tica: utilizando Personas, Arqu\u00e9tipos, Golden Circle e Moodboards para desenvolver marcas que geram comunidade<\/strong><\/td>\n<\/tr>\n<tr>\n<td style=\"width: 105px;\"><b>306\/2<\/b><\/td>\n<td style=\"width: 219px;\"><span style=\"font-weight: 400;\">Ana Paula Tomasi e Lorena Marques Vieira Medeiros<\/span><\/td>\n<td style=\"width: 476px;\"><strong>Desenhando para dar vida: fundamentos do desenho para personagem\u00a0<\/strong><\/td>\n<\/tr>\n<tr>\n<td style=\"width: 105px;\"><span style=\"background-color: #e0b116;\"><b>202\/2<\/b><\/span><\/td>\n<td style=\"width: 219px;\"><span style=\"font-weight: 400; background-color: #e0b116;\">Fernando Silveira (Falamansa)<\/span><\/td>\n<td style=\"width: 476px;\"><span style=\"background-color: #e0b116;\"><strong>[Workshop] Introdu\u00e7\u00e3o ao Desenho com Formas B\u00e1sicas e Narrativa Visual<\/strong><\/span><\/td>\n<\/tr>\n<tr>\n<td style=\"width: 105px;\"><b>101\/1<\/b><span style=\"background-color: #e0b116;\"><b><br \/>\n<\/b><\/span><\/td>\n<td style=\"width: 219px;\"><span style=\"font-weight: 400;\">Theo Viebrantz Cassuriaga<\/span><\/td>\n<td style=\"width: 476px;\"><strong>Game Design na Pr\u00e1tica: Como Organizar um Jogo do Zero!<\/strong><\/td>\n<\/tr>\n<\/tbody>\n<\/table>\n<h1><span style=\"color: #e0b116;\"><b>Tarde <\/b><\/span><em style=\"font-size: 16px;\">D<\/em><em style=\"font-size: 16px;\">as 15h30 \u00e0s 17h<\/em><\/h1>\n<table style=\"width: 800px;\">\n<thead>\n<tr>\n<th style=\"width: 91px;\">\n<h3><span style=\"color: #e0b116;\"><b>Sala<\/b><\/span><\/h3>\n<\/th>\n<th style=\"width: 232px;\">\n<h3><span style=\"color: #e0b116;\"><b>Oficineiro(a)<\/b><\/span><\/h3>\n<\/th>\n<th style=\"width: 479px;\">\n<h3><span style=\"color: #e0b116;\"><b>Oficina<\/b><\/span><\/h3>\n<\/th>\n<\/tr>\n<\/thead>\n<tbody>\n<tr>\n<td style=\"width: 91px;\"><b>308\/1<\/b><\/td>\n<td style=\"width: 232px;\"><span style=\"font-weight: 400;\">Caio Bojanoski Mayrink<\/span><\/td>\n<td style=\"width: 479px;\"><strong>Oficina b\u00e1sica de corte a laser [5 vagas]<\/strong><\/td>\n<\/tr>\n<tr>\n<td style=\"width: 91px;\"><span style=\"background-color: #e0b116;\"><b>304\/2<\/b><\/span><\/td>\n<td style=\"width: 232px;\"><span style=\"font-weight: 400; background-color: #e0b116;\">Adalice Andrade Kosby<\/span><\/td>\n<td style=\"width: 479px;\"><span style=\"background-color: #e0b116;\"><strong>[Workshop] Marca na Pr\u00e1tica: Como registrar e proteger sua marca<\/strong><\/span><\/td>\n<\/tr>\n<tr>\n<td style=\"width: 91px;\"><b>204\/1<\/b><\/td>\n<td style=\"width: 232px;\"><span style=\"font-weight: 400;\">Marina Pilger Filgueiras<\/span><\/td>\n<td style=\"width: 479px;\"><strong>Criando Jogos de Cartas em Casa<\/strong><\/td>\n<\/tr>\n<\/tbody>\n<\/table>\n\t\t\t\t<\/div>\n\t\t\t<\/div>\n\t\t<\/div>\n\t\t<\/div>\n<\/div>\n<\/div><\/div><\/div><\/div><\/div><\/div><\/div><div id=\"panel-9-0-0-3\" class=\"so-panel widget widget_text panel-last-child\" data-index=\"3\" ><h3 class=\"widget-title\">Atividades paralelas:<\/h3>\t\t\t<div class=\"textwidget\"><p><span style=\"font-weight: 400;\">Exposi\u00e7\u00e3o 20 anos de Suldesign Est\u00fadio (Suldesign Galeria, hall do audit\u00f3rio 2, bloco 2 CA)<\/span><\/p>\n<p><span style=\"font-weight: 400;\">Mostra do Festival de Design (hall do bloco 2 CA).<\/span><\/p>\n<p>&nbsp;<\/p>\n<p>&nbsp;<\/p>\n<\/div>\n\t\t<\/div><\/div><\/div><\/div>","protected":false},"excerpt":{"rendered":"<p>&nbsp; &nbsp; A certifica\u00e7\u00e3o se dar\u00e1 mediante presen\u00e7a nas atividades:\u00a03 carimbos de oficinas\/workshops\u00a0no crach\u00e1 +\u00a01 carimbo palestra ou mesa redonda. Quem completar o crach\u00e1 ganha brinde! N\u00e3o \u00e9 necess\u00e1rio realizar inscri\u00e7\u00e3o. A participa\u00e7\u00e3o ser\u00e1 por\u00a0ordem de chegada. *Programa\u00e7\u00e3o sujeita \u00e0 altera\u00e7\u00f5es. Exposi\u00e7\u00e3o 20 anos de Suldesign Est\u00fadio (Suldesign Galeria, hall do audit\u00f3rio 2, bloco 2 [&hellip;]<\/p>\n","protected":false},"author":928,"featured_media":0,"parent":0,"menu_order":0,"comment_status":"closed","ping_status":"closed","template":"","meta":{"footnotes":""},"class_list":["post-9","page","type-page","status-publish","hentry","post"],"_links":{"self":[{"href":"https:\/\/wp.ufpel.edu.br\/suldesign20\/wp-json\/wp\/v2\/pages\/9","targetHints":{"allow":["GET"]}}],"collection":[{"href":"https:\/\/wp.ufpel.edu.br\/suldesign20\/wp-json\/wp\/v2\/pages"}],"about":[{"href":"https:\/\/wp.ufpel.edu.br\/suldesign20\/wp-json\/wp\/v2\/types\/page"}],"author":[{"embeddable":true,"href":"https:\/\/wp.ufpel.edu.br\/suldesign20\/wp-json\/wp\/v2\/users\/928"}],"replies":[{"embeddable":true,"href":"https:\/\/wp.ufpel.edu.br\/suldesign20\/wp-json\/wp\/v2\/comments?post=9"}],"version-history":[{"count":4,"href":"https:\/\/wp.ufpel.edu.br\/suldesign20\/wp-json\/wp\/v2\/pages\/9\/revisions"}],"predecessor-version":[{"id":347,"href":"https:\/\/wp.ufpel.edu.br\/suldesign20\/wp-json\/wp\/v2\/pages\/9\/revisions\/347"}],"wp:attachment":[{"href":"https:\/\/wp.ufpel.edu.br\/suldesign20\/wp-json\/wp\/v2\/media?parent=9"}],"curies":[{"name":"wp","href":"https:\/\/api.w.org\/{rel}","templated":true}]}}