{"id":419,"date":"2024-11-18T13:21:53","date_gmt":"2024-11-18T16:21:53","guid":{"rendered":"https:\/\/wp.ufpel.edu.br\/suldesign\/?page_id=419"},"modified":"2025-07-02T17:52:25","modified_gmt":"2025-07-02T20:52:25","slug":"25-anos-design","status":"publish","type":"page","link":"https:\/\/wp.ufpel.edu.br\/suldesign\/25-anos-design\/","title":{"rendered":"25 ANOS"},"content":{"rendered":"<div id=\"pl-419\"  class=\"panel-layout\" ><div id=\"pg-419-0\"  class=\"panel-grid panel-has-style\" ><div class=\"so-rounded panel-row-style panel-row-style-for-419-0\" ><div id=\"pgc-419-0-0\"  class=\"panel-grid-cell\" ><div id=\"panel-419-0-0-0\" class=\"so-panel widget widget_siteorigin-panels-builder panel-first-child panel-last-child\" data-index=\"0\" ><div id=\"pl-w68659c095ad54\"  class=\"panel-layout\" ><div id=\"pg-w68659c095ad54-0\"  class=\"panel-grid panel-no-style\" ><div id=\"pgc-w68659c095ad54-0-0\"  class=\"panel-grid-cell\" ><div id=\"panel-w68659c095ad54-0-0-0\" class=\"so-panel widget widget_sow-image-grid panel-first-child panel-last-child\" data-index=\"0\" ><div class=\"panel-widget-style panel-widget-style-for-w68659c095ad54-0-0-0\" ><div\n\t\t\t\n\t\t\tclass=\"so-widget-sow-image-grid so-widget-sow-image-grid-default-6e31b722da20\"\n\t\t\t\n\t\t>\t<div\n\t\tclass=\"sow-image-grid-wrapper\"\n\t\tdata-max-width=\"150\"\t\tdata-max-height=\"150\"\t>\n\t\t\t\t\t<div class=\"sow-image-grid-image\">\n\t\t\t\t\t\t\t\t\t\t\t\t\t<a href=\"https:\/\/www.sympla.com.br\/evento\/encerramento-dos-25-anos-do-design\/2754982\"\n\t\t\t\t\t>\n\t\t\t\t\t\t\t\t<img loading=\"lazy\" decoding=\"async\" width=\"200\" height=\"200\" src=\"https:\/\/wp.ufpel.edu.br\/suldesign\/files\/2024\/12\/CapaIngresso-200x200.png\" class=\"sow-image-grid-image_html\" alt=\"Ingresso para o encerramento&quot;\" title=\"Ingresso para o encerramento\" srcset=\"https:\/\/wp.ufpel.edu.br\/suldesign\/files\/2024\/12\/CapaIngresso-200x200.png 200w, https:\/\/wp.ufpel.edu.br\/suldesign\/files\/2024\/12\/CapaIngresso-400x400.png 400w, https:\/\/wp.ufpel.edu.br\/suldesign\/files\/2024\/12\/CapaIngresso-375x375.png 375w, https:\/\/wp.ufpel.edu.br\/suldesign\/files\/2024\/12\/CapaIngresso-216x216.png 216w, https:\/\/wp.ufpel.edu.br\/suldesign\/files\/2024\/12\/CapaIngresso.png 683w\" sizes=\"auto, (max-width: 200px) 100vw, 200px\" \/>\t\t\t\t\t\t\t\t\t<\/a>\n\t\t\t\t\t\t\t\t\t\t\t\t\t<div class=\"image-title\">\n\t\t\t\t\t\tIngresso para o encerramento\t\t\t\t\t<\/div>\n\t\t\t\t\t\t\t<\/div>\n\t\t\t<\/div>\n<\/div><\/div><\/div><\/div><div id=\"pgc-w68659c095ad54-0-1\"  class=\"panel-grid-cell\" ><div id=\"panel-w68659c095ad54-0-1-0\" class=\"so-panel widget widget_sow-image-grid panel-first-child panel-last-child\" data-index=\"1\" ><div class=\"panel-widget-style panel-widget-style-for-w68659c095ad54-0-1-0\" ><div\n\t\t\t\n\t\t\tclass=\"so-widget-sow-image-grid so-widget-sow-image-grid-default-6e31b722da20\"\n\t\t\t\n\t\t>\t<div\n\t\tclass=\"sow-image-grid-wrapper\"\n\t\tdata-max-width=\"150\"\t\tdata-max-height=\"150\"\t>\n\t\t\t\t\t<div class=\"sow-image-grid-image\">\n\t\t\t\t\t\t\t\t\t\t\t\t\t<a href=\"https:\/\/docs.google.com\/document\/d\/1VAEZOGxIG6ONjAxx3pjlq4cUYif2tB157tHa3koaDMU\/edit?usp=sharing\"\n\t\t\t\t\t>\n\t\t\t\t\t\t\t\t<img loading=\"lazy\" decoding=\"async\" width=\"200\" height=\"200\" src=\"https:\/\/wp.ufpel.edu.br\/suldesign\/files\/2024\/12\/CapaCrono-200x200.png\" class=\"sow-image-grid-image_html\" alt=\"Cronograma&quot;\" title=\"Cronograma\" srcset=\"https:\/\/wp.ufpel.edu.br\/suldesign\/files\/2024\/12\/CapaCrono-200x200.png 200w, https:\/\/wp.ufpel.edu.br\/suldesign\/files\/2024\/12\/CapaCrono-400x400.png 400w, https:\/\/wp.ufpel.edu.br\/suldesign\/files\/2024\/12\/CapaCrono-375x375.png 375w, https:\/\/wp.ufpel.edu.br\/suldesign\/files\/2024\/12\/CapaCrono-216x216.png 216w, https:\/\/wp.ufpel.edu.br\/suldesign\/files\/2024\/12\/CapaCrono.png 683w\" sizes=\"auto, (max-width: 200px) 100vw, 200px\" \/>\t\t\t\t\t\t\t\t\t<\/a>\n\t\t\t\t\t\t\t\t\t\t\t\t\t<div class=\"image-title\">\n\t\t\t\t\t\tCronograma\t\t\t\t\t<\/div>\n\t\t\t\t\t\t\t<\/div>\n\t\t\t<\/div>\n<\/div><\/div><\/div><\/div><div id=\"pgc-w68659c095ad54-0-2\"  class=\"panel-grid-cell\" ><div id=\"panel-w68659c095ad54-0-2-0\" class=\"so-panel widget widget_sow-image-grid panel-first-child panel-last-child\" data-index=\"2\" ><div class=\"panel-widget-style panel-widget-style-for-w68659c095ad54-0-2-0\" ><div\n\t\t\t\n\t\t\tclass=\"so-widget-sow-image-grid so-widget-sow-image-grid-default-6e31b722da20\"\n\t\t\t\n\t\t>\t<div\n\t\tclass=\"sow-image-grid-wrapper\"\n\t\tdata-max-width=\"150\"\t\tdata-max-height=\"150\"\t>\n\t\t\t\t\t<div class=\"sow-image-grid-image\">\n\t\t\t\t\t\t\t\t\t\t\t\t\t<a href=\"https:\/\/docs.google.com\/document\/d\/1VAEZOGxIG6ONjAxx3pjlq4cUYif2tB157tHa3koaDMU\/edit?usp=sharing\"\n\t\t\t\t\t>\n\t\t\t\t\t\t\t\t<img loading=\"lazy\" decoding=\"async\" width=\"200\" height=\"200\" src=\"https:\/\/wp.ufpel.edu.br\/suldesign\/files\/2024\/11\/Capaoficina-200x200.png\" class=\"sow-image-grid-image_html\" alt=\"Oficinas&quot;\" title=\"Oficinas\" srcset=\"https:\/\/wp.ufpel.edu.br\/suldesign\/files\/2024\/11\/Capaoficina-200x200.png 200w, https:\/\/wp.ufpel.edu.br\/suldesign\/files\/2024\/11\/Capaoficina-400x400.png 400w, https:\/\/wp.ufpel.edu.br\/suldesign\/files\/2024\/11\/Capaoficina-375x375.png 375w, https:\/\/wp.ufpel.edu.br\/suldesign\/files\/2024\/11\/Capaoficina-216x216.png 216w, https:\/\/wp.ufpel.edu.br\/suldesign\/files\/2024\/11\/Capaoficina.png 683w\" sizes=\"auto, (max-width: 200px) 100vw, 200px\" \/>\t\t\t\t\t\t\t\t\t<\/a>\n\t\t\t\t\t\t\t\t\t\t\t\t\t<div class=\"image-title\">\n\t\t\t\t\t\tOficinas\t\t\t\t\t<\/div>\n\t\t\t\t\t\t\t<\/div>\n\t\t\t<\/div>\n<\/div><\/div><\/div><\/div><div id=\"pgc-w68659c095ad54-0-3\"  class=\"panel-grid-cell\" ><div id=\"panel-w68659c095ad54-0-3-0\" class=\"so-panel widget widget_sow-image-grid panel-first-child panel-last-child\" data-index=\"3\" ><div class=\"panel-widget-style panel-widget-style-for-w68659c095ad54-0-3-0\" ><div\n\t\t\t\n\t\t\tclass=\"so-widget-sow-image-grid so-widget-sow-image-grid-default-6e31b722da20\"\n\t\t\t\n\t\t>\t<div\n\t\tclass=\"sow-image-grid-wrapper\"\n\t\tdata-max-width=\"150\"\t\tdata-max-height=\"150\"\t>\n\t\t\t\t\t<div class=\"sow-image-grid-image\">\n\t\t\t\t\t\t\t\t\t\t\t\t\t<a href=\"https:\/\/wp.ufpel.edu.br\/suldesign\/files\/2024\/11\/Regulamento_festival_2024.pdf\"\n\t\t\t\t\t\t\t\t\t\t\t\t\t\t\t\t\t\ttarget=\"_blank\" \t\t\t\t\t\t\t\t\t\t\t\t\t\t\t\t\t\t\t\t\t\t\t\trel=\"noopener noreferrer\" \t\t\t\t\t\t\t\t\t\t\t>\n\t\t\t\t\t\t\t\t<img loading=\"lazy\" decoding=\"async\" width=\"200\" height=\"200\" src=\"https:\/\/wp.ufpel.edu.br\/suldesign\/files\/2024\/11\/CapaFestival-200x200.png\" class=\"sow-image-grid-image_html\" alt=\"Festival&quot;\" title=\"Festival\" srcset=\"https:\/\/wp.ufpel.edu.br\/suldesign\/files\/2024\/11\/CapaFestival-200x200.png 200w, https:\/\/wp.ufpel.edu.br\/suldesign\/files\/2024\/11\/CapaFestival-400x400.png 400w, https:\/\/wp.ufpel.edu.br\/suldesign\/files\/2024\/11\/CapaFestival-375x375.png 375w, https:\/\/wp.ufpel.edu.br\/suldesign\/files\/2024\/11\/CapaFestival-216x216.png 216w, https:\/\/wp.ufpel.edu.br\/suldesign\/files\/2024\/11\/CapaFestival.png 683w\" sizes=\"auto, (max-width: 200px) 100vw, 200px\" \/>\t\t\t\t\t\t\t\t\t<\/a>\n\t\t\t\t\t\t\t\t\t\t\t\t\t<div class=\"image-title\">\n\t\t\t\t\t\tFestival\t\t\t\t\t<\/div>\n\t\t\t\t\t\t\t<\/div>\n\t\t\t<\/div>\n<\/div><\/div><\/div><\/div><div id=\"pgc-w68659c095ad54-0-4\"  class=\"panel-grid-cell\" ><div id=\"panel-w68659c095ad54-0-4-0\" class=\"so-panel widget widget_sow-image-grid panel-first-child panel-last-child\" data-index=\"4\" ><div class=\"panel-widget-style panel-widget-style-for-w68659c095ad54-0-4-0\" ><div\n\t\t\t\n\t\t\tclass=\"so-widget-sow-image-grid so-widget-sow-image-grid-default-6e31b722da20\"\n\t\t\t\n\t\t>\t<div\n\t\tclass=\"sow-image-grid-wrapper\"\n\t\tdata-max-width=\"150\"\t\tdata-max-height=\"150\"\t>\n\t\t\t\t\t<div class=\"sow-image-grid-image\">\n\t\t\t\t\t\t\t\t\t\t\t\t\t<a href=\"https:\/\/maps.app.goo.gl\/6A389gih2zdExdxP9\"\n\t\t\t\t\t\t\t\t\t\t\t\t\t\t\t\t\t\ttarget=\"_blank\" \t\t\t\t\t\t\t\t\t\t\t\t\t\t\t\t\t\t\t\t\t\t\t\trel=\"noopener noreferrer\" \t\t\t\t\t\t\t\t\t\t\t>\n\t\t\t\t\t\t\t\t<img loading=\"lazy\" decoding=\"async\" width=\"200\" height=\"200\" src=\"https:\/\/wp.ufpel.edu.br\/suldesign\/files\/2024\/11\/CapaEndeerc\u0327o-200x200.png\" class=\"sow-image-grid-image_html\" alt=\"Endere\u00e7o&quot;\" title=\"Endere\u00e7o\" srcset=\"https:\/\/wp.ufpel.edu.br\/suldesign\/files\/2024\/11\/CapaEndeerc\u0327o-200x200.png 200w, https:\/\/wp.ufpel.edu.br\/suldesign\/files\/2024\/11\/CapaEndeerc\u0327o-400x400.png 400w, https:\/\/wp.ufpel.edu.br\/suldesign\/files\/2024\/11\/CapaEndeerc\u0327o-375x375.png 375w, https:\/\/wp.ufpel.edu.br\/suldesign\/files\/2024\/11\/CapaEndeerc\u0327o-216x216.png 216w, https:\/\/wp.ufpel.edu.br\/suldesign\/files\/2024\/11\/CapaEndeerc\u0327o.png 683w\" sizes=\"auto, (max-width: 200px) 100vw, 200px\" \/>\t\t\t\t\t\t\t\t\t<\/a>\n\t\t\t\t\t\t\t\t\t\t\t\t\t<div class=\"image-title\">\n\t\t\t\t\t\tEndere\u00e7o\t\t\t\t\t<\/div>\n\t\t\t\t\t\t\t<\/div>\n\t\t\t<\/div>\n<\/div><\/div><\/div><\/div><\/div><\/div><\/div><\/div><\/div><\/div><div id=\"pg-419-1\"  class=\"panel-grid panel-has-style\" ><div class=\"so-rounded panel-row-style panel-row-style-for-419-1\" ><div id=\"pgc-419-1-0\"  class=\"panel-grid-cell\" ><div id=\"panel-419-1-0-0\" class=\"so-panel widget widget_sow-editor panel-first-child panel-last-child\" data-index=\"1\" ><div class=\"so-rounded panel-widget-style panel-widget-style-for-419-1-0-0\" ><div\n\t\t\t\n\t\t\tclass=\"so-widget-sow-editor so-widget-sow-editor-base\"\n\t\t\t\n\t\t>\n<div class=\"siteorigin-widget-tinymce textwidget\">\n\t<p style=\"text-align: center;\"><span style=\"font-size: 14pt;\">Certificado para <strong>ouvintes<\/strong> dispon\u00edvel no <a href=\"https:\/\/cobalto.ufpel.edu.br\/portal\/consultas\/eventoPublico\">Cobalto &gt; acesso livre &gt; certificados.\u00a0<\/a><\/span><\/p>\n<p style=\"text-align: center;\"><span style=\"font-size: 14pt;\">Para declara\u00e7\u00e3o de <strong>expositor e\/ou premiado no Festival de Design<\/strong>, <a href=\"https:\/\/www2.ufpel.edu.br\/suldesign\/certificados\/index.php\">acesse aqui.<\/a><\/span><\/p>\n<\/div>\n<\/div><\/div><\/div><\/div><\/div><\/div><div id=\"pg-419-2\"  class=\"panel-grid panel-has-style\" ><div class=\"panel-row-style panel-row-style-for-419-2\" ><div id=\"pgc-419-2-0\"  class=\"panel-grid-cell\" ><div id=\"panel-419-2-0-0\" class=\"so-panel widget widget_sow-editor panel-first-child panel-last-child\" data-index=\"2\" ><div\n\t\t\t\n\t\t\tclass=\"so-widget-sow-editor so-widget-sow-editor-base\"\n\t\t\t\n\t\t>\n<div class=\"siteorigin-widget-tinymce textwidget\">\n\t<p><span style=\"font-size: 14pt;\">Em 2024, comemoramos 25 anos do Curso de Design Gr\u00e1fico da UFPEL, um marco que reflete nossa trajet\u00f3ria de inova\u00e7\u00e3o, criatividade e impacto na \u00e1rea do design. Para comemorar essa data especial, o colegiado dos cursos de Design, em parceria com o Suldesign Est\u00fadio e o Centro Acad\u00eamico do Design, preparou um evento imperd\u00edvel que acontecer\u00e1 de <span style=\"color: #06196e;\"><strong>9 a 11 de dezembro de 2024<\/strong>.<\/span><\/span><\/p>\n<p><span style=\"font-size: 14pt;\">O evento contar\u00e1 com:<\/span><\/p>\n<ul>\n<li><span style=\"font-size: 14pt;\"><span style=\"color: #06196e;\"><strong>Palestra com convidado internacional<\/strong>:<\/span> uma oportunidade \u00fanica de ampliar perspectivas e conhecer tend\u00eancias globais do design.<\/span><\/li>\n<li><span style=\"font-size: 14pt;\"><span style=\"font-size: 14pt;\"><span style=\"color: #06196e;\"><strong>Workshop<\/strong> <\/span>com o Dr. Juan Salamanca, <\/span><\/span><span style=\"font-size: 14pt;\">convidado internacional.<\/span><\/li>\n<li><span style=\"font-size: 14pt;\"><span style=\"color: #06196e;\"><strong>Oficinas<\/strong>:<\/span> atividades pr\u00e1ticas que promovem explorar diferentes \u00e1reas do design, promovendo aprendizado e troca de experi\u00eancias.<\/span><\/li>\n<li><span style=\"font-size: 14pt;\"><span style=\"color: #06196e;\"><strong>Festival de Design<\/strong>:<\/span> um espa\u00e7o para celebrar e expor a produ\u00e7\u00e3o criativa de nossos estudantes e profissionais da \u00e1rea.<\/span><\/li>\n<\/ul>\n<\/div>\n<\/div><\/div><\/div><\/div><\/div><div id=\"pg-419-3\"  class=\"panel-grid panel-no-style\" ><div id=\"pgc-419-3-0\"  class=\"panel-grid-cell\" ><div id=\"panel-419-3-0-0\" class=\"so-panel widget widget_sow-editor panel-first-child panel-last-child\" data-index=\"3\" ><div\n\t\t\t\n\t\t\tclass=\"so-widget-sow-editor so-widget-sow-editor-base\"\n\t\t\t\n\t\t>\n<div class=\"siteorigin-widget-tinymce textwidget\">\n\t<div style=\"display: flex; justify-content: center; align-items: center; height: 100vh; margin: 0; padding: 0; overflow: no;\">\n    <iframe \n        src=\"https:\/\/docs.google.com\/document\/d\/e\/2PACX-1vSZZZtBywHVJssgr1GuXVLhFK-8OV-vBg9UE2P13okC6mCjHSs4tjGGB3J5bO6E2Mf_OprPSvsHZUqe\/pub?embedded=true\" \n        style=\"transform: scale(2); transform-origin: center; width: 50%; height: 50%; border: none;\"><br \/>\n    <\/iframe>\n<\/div>\n<\/div>\n<\/div><\/div><\/div><\/div><div id=\"pg-419-4\"  class=\"panel-grid panel-has-style panel-has-overlay\" ><div class=\"siteorigin-panels-stretch panel-row-style panel-row-style-for-419-4\" data-stretch-type=\"full\" ><div id=\"pgc-419-4-0\"  class=\"panel-grid-cell\" ><div id=\"panel-419-4-0-0\" class=\"so-panel widget widget_media_image panel-first-child\" data-index=\"4\" ><img loading=\"lazy\" decoding=\"async\" width=\"400\" height=\"400\" src=\"https:\/\/wp.ufpel.edu.br\/suldesign\/files\/2024\/11\/CapaFoto-400x400.png\" class=\"image wp-image-458  attachment-medium size-medium\" alt=\"\" style=\"max-width: 100%; height: auto;\" srcset=\"https:\/\/wp.ufpel.edu.br\/suldesign\/files\/2024\/11\/CapaFoto-400x400.png 400w, https:\/\/wp.ufpel.edu.br\/suldesign\/files\/2024\/11\/CapaFoto-200x200.png 200w, https:\/\/wp.ufpel.edu.br\/suldesign\/files\/2024\/11\/CapaFoto-375x375.png 375w, https:\/\/wp.ufpel.edu.br\/suldesign\/files\/2024\/11\/CapaFoto-216x216.png 216w, https:\/\/wp.ufpel.edu.br\/suldesign\/files\/2024\/11\/CapaFoto.png 683w\" sizes=\"auto, (max-width: 400px) 100vw, 400px\" \/><\/div><div id=\"panel-419-4-0-1\" class=\"so-panel widget widget_sow-editor panel-last-child\" data-index=\"5\" ><div class=\"panel-widget-style panel-widget-style-for-419-4-0-1\" ><div\n\t\t\t\n\t\t\tclass=\"so-widget-sow-editor so-widget-sow-editor-base\"\n\t\t\t\n\t\t>\n<div class=\"siteorigin-widget-tinymce textwidget\">\n\t<p style=\"text-align: center;\"><span style=\"color: #000000; font-size: 18pt;\"><em>Dr. Juan Salamanca <\/em><\/span><\/p>\n<p style=\"text-align: center;\"><span style=\"color: #000000;\">PALESTRANTE<\/span><\/p>\n<\/div>\n<\/div><\/div><\/div><\/div><div id=\"pgc-419-4-1\"  class=\"panel-grid-cell\" ><div id=\"panel-419-4-1-0\" class=\"so-panel widget widget_sow-editor panel-first-child panel-last-child\" data-index=\"6\" ><div class=\"panel-widget-style panel-widget-style-for-419-4-1-0\" ><div\n\t\t\t\n\t\t\tclass=\"so-widget-sow-editor so-widget-sow-editor-base\"\n\t\t\t\n\t\t>\n<div class=\"siteorigin-widget-tinymce textwidget\">\n\t<p style=\"text-align: justify;\"><span style=\"color: #000000;\"><span style=\"font-weight: 400;\">Dr. Salamanca \u00e9 pesquisador e designer de intera\u00e7\u00e3o. Possui mais de 15 anos de experi\u00eancia, tanto na ind\u00fastria quanto na academia, com experimentos com quest\u00f5es est\u00e9ticas de produtos e tecnologias de informa\u00e7\u00e3o. Sua \u00e1rea de atua\u00e7\u00e3o \u00e9 uma intersec\u00e7\u00e3o entre design, ci\u00eancias sociais e inform\u00e1tica. Sua pesquisa investiga\u00a0 as condi\u00e7\u00f5es sociais e materiais necess\u00e1rias para fomentar \u2013 ou dificultar \u2013 a coopera\u00e7\u00e3o e a colabora\u00e7\u00e3o em pr\u00e1ticas coletivas, como o deslocamento urbano. Suas publica\u00e7\u00f5es recentes discutem o conceito de viscosidade social e introduzem o uso da Modelagem Baseada em Agentes (<\/span><i><span style=\"font-weight: 400;\">Agent-Based Modelling<\/span><\/i><span style=\"font-weight: 400;\">) como uma ferramenta para o estudo da intera\u00e7\u00e3o social. Al\u00e9m disso, ele explora a an\u00e1lise visual de grandes conjuntos de dados para a realiza\u00e7\u00e3o de objetivos coletivos n\u00e3o planejados dentro de um contexto de uma cidade inteligente. Atualmente, ele \u00e9 Professor Assistente (<\/span><i><span style=\"font-weight: 400;\">assistant professor<\/span><\/i><span style=\"font-weight: 400;\">) na <\/span><i><span style=\"font-weight: 400;\">School of Art + Design<\/span><\/i><span style=\"font-weight: 400;\">, na <\/span><i><span style=\"font-weight: 400;\">University of Illinois at Urbana-Champaign<\/span><\/i><span style=\"font-weight: 400;\"> (EUA).<\/span><\/span><\/p>\n<ul>\n<li><span style=\"font-weight: 400; color: #000000;\">Data: 11\/12\/2024\u00a0<\/span><\/li>\n<li><span style=\"font-weight: 400; color: #000000;\">Hor\u00e1rio: 17h\u00a0<\/span><\/li>\n<li><span style=\"font-weight: 400; color: #000000;\">Local: Audit\u00f3rio 2 do Centro de Artes UFPEL (entrada pela Rua \u00c1lvaro Chaves, 65)<\/span><\/li>\n<\/ul>\n<\/div>\n<\/div><\/div><\/div><\/div><\/div><\/div><div id=\"pg-419-5\"  class=\"panel-grid panel-has-style panel-has-overlay\" ><div class=\"siteorigin-panels-stretch panel-row-style panel-row-style-for-419-5\" data-stretch-type=\"full\" >\t\t\t\t<div\n\t\t\t\t\tclass=\"panel-background-overlay\"\n\t\t\t\t\t\t\t\t\t\t\tstyle=\"background-color:#06196e;opacity:0.79;\"\n\t\t\t\t\t\t\t\t\t>\n\t\t\t\t\t\t\t\t\t<\/div>\n\t\t\t\t<div id=\"pgc-419-5-0\"  class=\"panel-grid-cell\" ><div id=\"panel-419-5-0-0\" class=\"so-panel widget widget_sow-editor panel-first-child\" data-index=\"7\" ><div class=\"panel-widget-style panel-widget-style-for-419-5-0-0\" ><div\n\t\t\t\n\t\t\tclass=\"so-widget-sow-editor so-widget-sow-editor-base\"\n\t\t\t\n\t\t>\n<div class=\"siteorigin-widget-tinymce textwidget\">\n\t<p><span style=\"font-weight: 400; font-size: 14pt;\">Realiza\u00e7\u00e3o:<\/span><\/p>\n<\/div>\n<\/div><\/div><\/div><div id=\"panel-419-5-0-1\" class=\"so-panel widget widget_media_image panel-last-child\" data-index=\"8\" ><img loading=\"lazy\" decoding=\"async\" width=\"400\" height=\"159\" src=\"https:\/\/wp.ufpel.edu.br\/suldesign\/files\/2024\/11\/LogoPrancheta-1-400x159.png\" class=\"image wp-image-613  attachment-medium size-medium\" alt=\"\" style=\"max-width: 100%; height: auto;\" srcset=\"https:\/\/wp.ufpel.edu.br\/suldesign\/files\/2024\/11\/LogoPrancheta-1-400x159.png 400w, https:\/\/wp.ufpel.edu.br\/suldesign\/files\/2024\/11\/LogoPrancheta-1-1024x408.png 1024w, https:\/\/wp.ufpel.edu.br\/suldesign\/files\/2024\/11\/LogoPrancheta-1-768x306.png 768w, https:\/\/wp.ufpel.edu.br\/suldesign\/files\/2024\/11\/LogoPrancheta-1.png 1080w\" sizes=\"auto, (max-width: 400px) 100vw, 400px\" \/><\/div><\/div><div id=\"pgc-419-5-1\"  class=\"panel-grid-cell\" ><div id=\"panel-419-5-1-0\" class=\"so-panel widget widget_media_image panel-first-child panel-last-child\" data-index=\"9\" ><img loading=\"lazy\" decoding=\"async\" width=\"322\" height=\"146\" src=\"https:\/\/wp.ufpel.edu.br\/suldesign\/files\/2024\/11\/Prancheta-1.png\" class=\"image wp-image-618  attachment-full size-full\" alt=\"\" style=\"max-width: 100%; height: auto;\" \/><\/div><\/div><div id=\"pgc-419-5-2\"  class=\"panel-grid-cell\" ><div id=\"panel-419-5-2-0\" class=\"so-panel widget widget_sow-editor panel-first-child panel-last-child\" data-index=\"10\" ><div class=\"panel-widget-style panel-widget-style-for-419-5-2-0\" ><div\n\t\t\t\n\t\t\tclass=\"so-widget-sow-editor so-widget-sow-editor-base\"\n\t\t\t\n\t\t>\n<div class=\"siteorigin-widget-tinymce textwidget\">\n\t<p><span style=\"font-weight: 400; font-size: 18pt;\">Colegiado dos cursos de Design<\/span><\/p>\n<\/div>\n<\/div><\/div><\/div><\/div><div id=\"pgc-419-5-3\"  class=\"panel-grid-cell panel-grid-cell-empty panel-grid-cell-mobile-last\" ><\/div><div id=\"pgc-419-5-4\"  class=\"panel-grid-cell panel-grid-cell-empty\" ><\/div><\/div><\/div><\/div>","protected":false},"excerpt":{"rendered":"<p>Certificado para ouvintes dispon\u00edvel no Cobalto &gt; acesso livre &gt; certificados.\u00a0 Para declara\u00e7\u00e3o de expositor e\/ou premiado no Festival de Design, acesse aqui.<\/p>\n","protected":false},"author":928,"featured_media":426,"parent":0,"menu_order":0,"comment_status":"closed","ping_status":"closed","template":"","meta":{"_acf_changed":false,"footnotes":""},"class_list":["post-419","page","type-page","status-publish","has-post-thumbnail","hentry","post","post-with-thumbnail","post-with-thumbnail-large"],"acf":[],"publishpress_future_action":{"enabled":false,"date":"2026-04-17 08:43:43","action":"change-status","newStatus":"draft","terms":[],"taxonomy":"","extraData":[]},"publishpress_future_workflow_manual_trigger":{"enabledWorkflows":[]},"_links":{"self":[{"href":"https:\/\/wp.ufpel.edu.br\/suldesign\/wp-json\/wp\/v2\/pages\/419","targetHints":{"allow":["GET"]}}],"collection":[{"href":"https:\/\/wp.ufpel.edu.br\/suldesign\/wp-json\/wp\/v2\/pages"}],"about":[{"href":"https:\/\/wp.ufpel.edu.br\/suldesign\/wp-json\/wp\/v2\/types\/page"}],"author":[{"embeddable":true,"href":"https:\/\/wp.ufpel.edu.br\/suldesign\/wp-json\/wp\/v2\/users\/928"}],"replies":[{"embeddable":true,"href":"https:\/\/wp.ufpel.edu.br\/suldesign\/wp-json\/wp\/v2\/comments?post=419"}],"version-history":[{"count":304,"href":"https:\/\/wp.ufpel.edu.br\/suldesign\/wp-json\/wp\/v2\/pages\/419\/revisions"}],"predecessor-version":[{"id":768,"href":"https:\/\/wp.ufpel.edu.br\/suldesign\/wp-json\/wp\/v2\/pages\/419\/revisions\/768"}],"wp:featuredmedia":[{"embeddable":true,"href":"https:\/\/wp.ufpel.edu.br\/suldesign\/wp-json\/wp\/v2\/media\/426"}],"wp:attachment":[{"href":"https:\/\/wp.ufpel.edu.br\/suldesign\/wp-json\/wp\/v2\/media?parent=419"}],"curies":[{"name":"wp","href":"https:\/\/api.w.org\/{rel}","templated":true}]}}