{"id":3220,"date":"2018-05-24T11:55:46","date_gmt":"2018-05-24T14:55:46","guid":{"rendered":"https:\/\/wp.ufpel.edu.br\/suinfra\/?page_id=3220"},"modified":"2023-08-17T08:45:08","modified_gmt":"2023-08-17T11:45:08","slug":"formularios","status":"publish","type":"page","link":"https:\/\/wp.ufpel.edu.br\/suinfra\/telefonia\/formularios\/","title":{"rendered":"Formul\u00e1rios"},"content":{"rendered":"<p><\/p>\n<ul>\n<li><strong><span class=\"has-inline-color has-black-color\">Atualiza\u00e7\u00e3o do Ramal no Cobalto:<\/span><\/strong> formul\u00e1rio destinado para atualizar as informa\u00e7\u00f5es dos telefones no Cobalto, visando facilitar a busca. <strong><span class=\"has-inline-color has-black-color\">CLIQUE ABAIXO e preencha o Formul\u00e1rio.<\/span><\/strong><\/li>\n<\/ul>\n<p> <div class=\"wp-block-image\"><\/p>\n<figure class=\"aligncenter size-large is-resized\"><a href=\"https:\/\/wp.ufpel.edu.br\/suinfra\/atualizacao-de-terminais-telefonicos\/\"><img class=\"wp-image-5696\" src=\"https:\/\/wp.ufpel.edu.br\/suinfra\/files\/2021\/04\/Botao-Atualizacao-Ramal.jpg\" alt=\"\" width=\"212\" height=\"50\" srcset=\"https:\/\/wp.ufpel.edu.br\/suinfra\/files\/2021\/04\/Botao-Atualizacao-Ramal.jpg 424w, https:\/\/wp.ufpel.edu.br\/suinfra\/files\/2021\/04\/Botao-Atualizacao-Ramal-400x94.jpg 400w\" sizes=\"(max-width: 212px) 100vw, 212px\" \/><\/a><\/figure>\n<p><\/div><\/p>\n<p>\u00a0<\/p>\n<ul>\n<li><span style=\"color: #000000;\"><strong>Solicita\u00e7\u00e3o de Ramais \/ Altera\u00e7\u00e3o de Categoria de Discagem:<\/strong><\/span> formul\u00e1rio destinado para solicita\u00e7\u00f5es de novos ramais\u00a0 e altera\u00e7\u00e3o da categoria do telefone (bloqueio ou libera\u00e7\u00e3o de chamadas). <span style=\"color: #000000;\"><strong>CLIQUE ABAIXO e preencha o Formul\u00e1rio.<\/strong><\/span><\/li>\n<\/ul>\n\n<div class=\"wp-block-image\">\n<figure class=\"aligncenter size-large is-resized\"><a href=\"https:\/\/wp.ufpel.edu.br\/suinfra\/solicitacao-de-terminais-telefonicos\/\"><img src=\"https:\/\/wp.ufpel.edu.br\/suinfra\/files\/2021\/04\/Botao-Solicitacao-Novo-Ramal-1.jpg\" alt=\"\" class=\"wp-image-5695\" width=\"212\" height=\"50\" srcset=\"https:\/\/wp.ufpel.edu.br\/suinfra\/files\/2021\/04\/Botao-Solicitacao-Novo-Ramal-1.jpg 424w, https:\/\/wp.ufpel.edu.br\/suinfra\/files\/2021\/04\/Botao-Solicitacao-Novo-Ramal-1-400x94.jpg 400w\" sizes=\"(max-width: 212px) 100vw, 212px\" \/><\/a><\/figure>\n<\/div>\n\n\n<hr class=\"wp-block-separator has-css-opacity\"\/>\n\n\n\n<p><mark style=\"background-color:rgba(0, 0, 0, 0)\" class=\"has-inline-color has-black-color\">Em caso de d\u00favidas, entrar em contato com a Unidade de Telefonia atrav\u00e9s do n\u00famero 32843913 ou pelo e-mail\u00a0<em>telefonia@ufpel.edu.br<\/em>.<\/mark><\/p>\n\n\n\n<hr class=\"wp-block-separator has-css-opacity is-style-wide\"\/>\n\n\n<p><!-- \/wp:post-content --> <!-- wp:paragraph --><\/p>\n<p><!-- wp:heading {\"level\":4} --><\/p>\n<h4><strong>UNIDADE DE TELEFONIA &#8211; UTEL<\/strong><\/h4>\n<p><!-- \/wp:heading --> <!-- wp:paragraph --><\/p>\n<p><strong>Pelotas<\/strong><br>Rua Gomes Carneiro, 01 -Campus Anglo, Bloco A, 3\u00b0 andar, Sala 305<br>Telefone:&nbsp;+55 (53)&nbsp;3284-3913<\/p>\n<p><!-- \/wp:paragraph --> <!-- wp:paragraph --><\/p>\n<h5><strong>E-mail: telefonia@ufpel.edu.br<\/strong><\/h5>\n<p id=\"block-8562a677-a823-4d64-9f3f-df7ee7e3728d\"><!-- \/wp:paragraph --><\/p>","protected":false},"excerpt":{"rendered":"<p>\u00a0 Solicita\u00e7\u00e3o de Ramais \/ Altera\u00e7\u00e3o de Categoria de Discagem: formul\u00e1rio destinado para solicita\u00e7\u00f5es de novos ramais\u00a0 e altera\u00e7\u00e3o da categoria do telefone (bloqueio ou libera\u00e7\u00e3o de chamadas). CLIQUE ABAIXO e preencha o Formul\u00e1rio. Em caso de d\u00favidas, entrar em contato com a Unidade de Telefonia atrav\u00e9s do n\u00famero 32843913 ou pelo e-mail\u00a0telefonia@ufpel.edu.br. UNIDADE DE [&hellip;]<\/p>\n","protected":false},"author":791,"featured_media":0,"parent":2979,"menu_order":0,"comment_status":"closed","ping_status":"closed","template":"","meta":{"footnotes":""},"class_list":["post-3220","page","type-page","status-publish","hentry"],"_links":{"self":[{"href":"https:\/\/wp.ufpel.edu.br\/suinfra\/wp-json\/wp\/v2\/pages\/3220","targetHints":{"allow":["GET"]}}],"collection":[{"href":"https:\/\/wp.ufpel.edu.br\/suinfra\/wp-json\/wp\/v2\/pages"}],"about":[{"href":"https:\/\/wp.ufpel.edu.br\/suinfra\/wp-json\/wp\/v2\/types\/page"}],"author":[{"embeddable":true,"href":"https:\/\/wp.ufpel.edu.br\/suinfra\/wp-json\/wp\/v2\/users\/791"}],"replies":[{"embeddable":true,"href":"https:\/\/wp.ufpel.edu.br\/suinfra\/wp-json\/wp\/v2\/comments?post=3220"}],"version-history":[{"count":14,"href":"https:\/\/wp.ufpel.edu.br\/suinfra\/wp-json\/wp\/v2\/pages\/3220\/revisions"}],"predecessor-version":[{"id":6069,"href":"https:\/\/wp.ufpel.edu.br\/suinfra\/wp-json\/wp\/v2\/pages\/3220\/revisions\/6069"}],"up":[{"embeddable":true,"href":"https:\/\/wp.ufpel.edu.br\/suinfra\/wp-json\/wp\/v2\/pages\/2979"}],"wp:attachment":[{"href":"https:\/\/wp.ufpel.edu.br\/suinfra\/wp-json\/wp\/v2\/media?parent=3220"}],"curies":[{"name":"wp","href":"https:\/\/api.w.org\/{rel}","templated":true}]}}