{"id":134,"date":"2011-11-29T15:02:35","date_gmt":"2011-11-29T17:02:35","guid":{"rendered":"https:\/\/wp.ufpel.edu.br\/prie\/"},"modified":"2025-03-18T10:08:25","modified_gmt":"2025-03-18T13:08:25","slug":"contato","status":"publish","type":"page","link":"https:\/\/wp.ufpel.edu.br\/suinfra\/contato\/","title":{"rendered":"Endere\u00e7os e Contatos"},"content":{"rendered":"<p><span style=\"font-family: arial, helvetica, sans-serif;\"><strong>SUPERINTEND\u00caNCIA DE INFRAESTRUTURA (SUINFRA) | Sala: 304<\/strong><\/span><br \/>\n<span style=\"text-decoration: underline;\"><span style=\"font-family: arial, helvetica, sans-serif; color: #000000; text-decoration: underline;\">Everton Bonow (Superintendente)<br \/>\n<\/span><\/span><br \/>\n<span style=\"font-family: arial, helvetica, sans-serif; color: #000000;\">Endere\u00e7o: Rua Gomes Carneiro, 01, Campus Anglo, Bloco A, 3\u00ba Andar, Sala 304<\/span><br \/>\n<span style=\"font-family: arial, helvetica, sans-serif;\">Centro, Pelotas-RS, CEP 96010-610<\/span><br \/>\n<span style=\"font-family: arial, helvetica, sans-serif;\">Telefone: +55 (53) 3284 3900<\/span><br \/>\n<span style=\"font-family: arial, helvetica, sans-serif;\">E-mail: infraestrutura@ufpel.edu.br<\/span><\/p>\n<p><span style=\"font-family: arial, helvetica, sans-serif;\"><strong>SE\u00c7\u00c3O DE SUPORTE A MANUTEN\u00c7\u00c3O (SSM) | Sala: 304<\/strong><\/span><br \/>\n<span style=\"text-decoration: underline;\"><span style=\"font-family: arial, helvetica, sans-serif;\">Luis Ant\u00f4nio Borges Teixeira (Chefe de Se\u00e7\u00e3o)<br \/>\n<\/span><\/span><br \/>\n<span style=\"font-family: arial, helvetica, sans-serif;\">Rua Gomes Carneiro, 01, Campus Anglo, Bloco A, 3\u00ba Andar, Sala 304<\/span><br \/>\n<span style=\"font-family: arial, helvetica, sans-serif;\">Telefone: +55 (53) 3284-3900<\/span><br \/>\n<span style=\"font-family: arial, helvetica, sans-serif;\">E-mail: infraestrutura@ufpel.edu.br<\/span><\/p>\n<p><span style=\"font-family: arial, helvetica, sans-serif;\"><strong>COORDENA\u00c7\u00c3O GERAL DE MANUTEN\u00c7\u00c3O (CGM)<\/strong><\/span><br \/>\n<span style=\"text-decoration: underline;\"><span style=\"font-family: arial, helvetica, sans-serif;\">Rodrigo Heling Ferreira(Coordenador)<\/span><\/span><br \/>\n<span style=\"font-family: arial, helvetica, sans-serif;\">Renata Campos Almeida<br \/>\n<\/span><br \/>\n<span style=\"font-family: arial, helvetica, sans-serif;\">Rua Gomes Carneiro, 01 \u2013 Campus Anglo, P\u00f3rtico de Entrada<\/span><br \/>\n<span style=\"font-family: arial, helvetica, sans-serif;\">Telefone: +55 (53) 3284-3900<\/span><br \/>\n<span style=\"font-family: arial, helvetica, sans-serif;\">E-mail: manutencao@ufpel.edu.br<\/span><\/p>\n<ul>\n<li><span style=\"font-size: 12pt;\"><strong>S<span style=\"font-size: 12pt;\">e\u00e7\u00e3o de Manuten\u00e7\u00e3o dos Campi Pelotas (SMPEL)<\/span><br \/>\n<\/strong><span style=\"text-decoration: underline;\">Cl\u00e1udio Lu\u00eds Moura da Silva<strong>\u00a0<\/strong>(Chefe de Se\u00e7\u00e3o)<\/span><\/span><br \/>\n<span style=\"font-size: 12pt;\">Adilson Soares Nogueira<\/span><br \/>\n<span style=\"font-size: 12pt;\">Al Gibran Dalla Rosa Mansur Ferreira<\/span><br \/>\n<span style=\"font-size: 12pt;\">Alencar Ibeiro de Oliveira<\/span><br \/>\n<span style=\"font-size: 12pt;\">Daniela Concei\u00e7\u00e3o de Almeida<br \/>\n<span style=\"font-family: arial, helvetica, sans-serif;\">Luiz Fernando Vianna Beck<\/span><\/span><br \/>\n<span style=\"font-size: 12pt;\">Marcelo Batista Canteiro<\/span><br \/>\n<span style=\"font-size: 12pt;\">Selmar da Silva Machado<\/span><br \/>\n<span style=\"font-size: 12pt;\">Zilmar Ulguim Bueno<br \/>\n<strong><br \/>\n<\/strong>Rua Gomes Carneiro, 01 \u2013 Campus Anglo, P\u00f3rtico de Entrada<\/span><br \/>\n<span style=\"font-size: 12pt;\">Telefone: +55 (53) 3284-3910<\/span><br \/>\n<span style=\"font-size: 12pt;\"><span style=\"font-size: 12pt;\"><span style=\"font-size: 12pt;\">E-mail: manutencaopelotas@ufpel.edu.br<\/span><\/span><\/span><\/li>\n<li><span style=\"font-size: 12pt;\"><strong>Se\u00e7\u00e3o de Manut. do Campus Cap\u00e3o do Le\u00e3o (SMCL)<br \/>\n<\/strong><span style=\"text-decoration: underline;\">Flavio Ricardo Kaster Hardtke<strong>\u00a0<\/strong>(Chefe de Se\u00e7\u00e3o)<\/span><\/span><br \/>\n<span style=\"font-size: 12pt;\">Adailton Rojahn Sias<\/span><br \/>\n<span style=\"font-size: 12pt;\">Adilson Furtado da Silva<\/span><br \/>\n<span style=\"font-size: 12pt;\">Ederson Fiss Weber<\/span><br \/>\n<span style=\"font-size: 12pt;\">Fernando Pires Povoa<\/span><br \/>\n<span style=\"font-size: 12pt;\">Lu\u00eds Henrique Oliveira Ramos<\/span><span style=\"font-size: 12pt;\"><br \/>\n<strong><br \/>\n<\/strong>Avenida Eliseu Maciel \u2013 Campus Cap\u00e3o do Le\u00e3o,\u00a0Pr\u00e9dio 27<\/span><br \/>\n<span style=\"font-size: 12pt;\">Telefone: (53) 3275-7222 | (53) 3275-7563<\/span><br \/>\n<span style=\"font-size: 12pt;\"><span style=\"font-size: 12pt;\">E-mail: manutencaocapao@ufpel.edu.br<\/p>\n<p><\/span><\/span><\/li>\n<li><span style=\"font-size: 12pt;\"><strong>Unidade de Telefonia (UTEL) | Sala: 305<br \/>\n<\/strong><span style=\"text-decoration: underline;\">Vitor Goetzke (Chefe da Unidade)<br \/>\n<\/span><strong><br \/>\n<\/strong>Rua Gomes Carneiro, 01 -Campus Anglo, Bloco A, 3\u00b0 andar, Sala 305<\/span><br \/>\n<span style=\"font-size: 12pt;\">Telefone: +55 (53) 3284-3913<\/span><br \/>\n<span style=\"font-size: 12pt;\">e-mail: telefonia@ufpel.edu.br<\/span><\/li>\n<\/ul>\n<p><span style=\"font-family: arial, helvetica, sans-serif;\"><strong>N\u00daCLEO DE SEGURAN\u00c7A (NUSEG) | Sala: 315<br \/>\n<\/strong><span style=\"text-decoration: underline;\"><span style=\"font-family: arial, helvetica, sans-serif; color: #000000; text-decoration: underline;\">L\u00facio Fl\u00e1vio Gon\u00e7alves <\/span>(Chefe do N\u00facleo)<\/span><\/span><br \/>\n<span style=\"font-family: arial, helvetica, sans-serif;\">Alexandre Cesar Lopes<br \/>\n<\/span>Anderson Ferreira Rodrigues<br \/>\n<span style=\"font-family: arial, helvetica, sans-serif;\">Ant\u00f4nio Augusto da Silva Azambuja<\/span><br \/>\n<span style=\"font-family: arial, helvetica, sans-serif;\">Carlos Alberto Garcia Porto<\/span><br \/>\n<span style=\"font-family: arial, helvetica, sans-serif;\">Claudinei Barbosa dos Santos<\/span><br \/>\n<span style=\"font-family: arial, helvetica, sans-serif;\">Claudioperi Anselmo Silva da Silva<\/span><br \/>\n<span style=\"font-family: arial, helvetica, sans-serif;\">Francisco Carlos Galho Arduim<\/span><br \/>\n<span style=\"font-family: arial, helvetica, sans-serif;\">Jorge Ant\u00f4nio Lopes Ferreira<\/span><br \/>\n<span style=\"font-family: arial, helvetica, sans-serif;\">Jos\u00e9 Adair da Fonseca<\/span><br \/>\n<span style=\"font-family: arial, helvetica, sans-serif;\">Jos\u00e9 Milton dos Santos<\/span><br \/>\n<span style=\"font-family: arial, helvetica, sans-serif;\">Luciano Rog\u00e9rio Garcia Flores<\/span><br \/>\n<span style=\"font-family: arial, helvetica, sans-serif;\">Luiz Fernando Alves Amaral<br \/>\nLuiz Fernando Vianna Beck <\/span><br \/>\n<span style=\"font-family: arial, helvetica, sans-serif;\">Marcelo Fonseca Vargas<\/span><br \/>\n<span style=\"font-family: arial, helvetica, sans-serif;\">Marco Ant\u00f4nio Brito de Oliveira<\/span><span style=\"font-family: arial, helvetica, sans-serif;\"><br \/>\n<\/span><br \/>\n<span style=\"font-family: arial, helvetica, sans-serif;\">Rua Gomes Carneiro, 01 -Campus Anglo, Bloco A, 3\u00b0 andar, Sala 315<\/span><br \/>\n<span style=\"font-family: arial, helvetica, sans-serif;\">Telefone: +55 (53) 3284 -3906<\/span><br \/>\n<span style=\"font-family: arial, helvetica, sans-serif;\">e-mail: seguranca@ufpel.edu.br<\/span><\/p>\n<ul>\n<li><span style=\"font-size: 12pt;\"><strong>Unidade de Apoio a Seguran\u00e7a (UASEG)<\/strong><\/span><br \/>\n<span style=\"font-size: 12pt;\"><span style=\"text-decoration: underline;\">Anderson Ferreira Rodrigues (Chefe da Unidade)<\/span><br \/>\n<\/span><br \/>\n<span style=\"font-size: 12pt;\">Rua Gomes Carneiro, 01 -Campus Anglo, Bloco A, 3\u00b0 andar, Sala 315<\/span><br \/>\n<span style=\"font-size: 12pt;\">Telefone: +55 (53) 3284 -3906<\/span><br \/>\n<span style=\"font-size: 12pt;\">e-mail: seguranca@ufpel.edu.br<\/span><\/li>\n<\/ul>\n<p><span style=\"font-family: arial, helvetica, sans-serif;\"><strong>N\u00daCLEO DE TRANSPORTE (NUTRANS)<br \/>\n<\/strong><span style=\"text-decoration: underline;\">Gl\u00e1ucio Fernando Marins Gon\u00e7alves (Chefe do N\u00facleo)<br \/>\n<\/span><span style=\"font-size: 12pt;\">Vanessa Bartz Porto<\/span><br \/>\n<\/span><span style=\"font-family: arial, helvetica, sans-serif;\">Lu\u00eds Fernando Rodrigues Ferreira<br \/>\n<\/span><span style=\"font-family: arial, helvetica, sans-serif;\">Nilton Ferreira dos Reis<\/span><\/p>\n<p><span style=\"font-family: arial, helvetica, sans-serif;\">Atendimento: (53) 3284-1680 | secretaria.transporte@ufpel.edu.br<\/span><br \/>\n<span style=\"font-family: arial, helvetica, sans-serif;\">Administrativo:\u00a0(53) 3284-1681 | transporte@ufpel.edu.br | ouvidoria.transporte@ufpel.edu.br<\/span><br \/>\n<span style=\"font-family: arial, helvetica, sans-serif;\">Oficina:\u00a0(53) 3284-1682<\/span><br \/>\n<span style=\"font-family: arial, helvetica, sans-serif;\">Portaria:\u00a0(53) 3284-1683<\/span><\/p>\n<ul>\n<li><span style=\"font-size: 12pt;\"><strong>Unidade de Gest\u00e3o da Frota (UGF)<\/strong><\/span><br \/>\n<span style=\"font-size: 12pt;\"><span style=\"text-decoration: underline;\">Luciane da Silva Gon\u00e7alves (Chefe da Unidade)<\/span><strong><br \/>\n<\/strong><br \/>\nRua Conde de Porto Alegre, 99<\/span><br \/>\n<span style=\"font-size: 12pt;\">Administrativo:\u00a0(53) 3284-1681 | transporte@ufpel.edu.br | ouvidoria.transporte@ufpel.edu.br<\/span><\/li>\n<\/ul>\n<p><span style=\"font-family: arial, helvetica, sans-serif;\"><strong>N\u00daCLEO DE GEST\u00c3O DE SERVI\u00c7OS TERCEIRIZADOS (NUGEST) | Sala: 312<\/strong><\/span><br \/>\n<span style=\"text-decoration: underline;\"><span style=\"font-family: arial, helvetica, sans-serif;\"><span style=\"font-size: 12pt; font-family: arial, helvetica, sans-serif;\">Jeremias Maas Lerm<\/span> (Chefe do N\u00facleo)<\/span><\/span><br \/>\n<span style=\"font-family: arial, helvetica, sans-serif;\"><br \/>\nRua Gomes Carneiro, 01, Campus Anglo, Bloco A, 3\u00ba Andar, Sala 312<\/span><br \/>\n<span style=\"font-family: arial, helvetica, sans-serif;\">Telefone: +55 (53) 3284-3923<\/span><br \/>\n<span style=\"font-family: arial, helvetica, sans-serif;\">e-mail: terceirizados@ufpel.edu.br<\/span><\/p>\n<ul>\n<li><span style=\"font-size: 12pt; font-family: arial, helvetica, sans-serif;\"><strong>Se\u00e7\u00e3o de Monitoramento e Controle de Servi\u00e7os Terceirizados (SMCST) | Sala: 312<\/strong><\/span><br \/>\n<span style=\"text-decoration: underline;\"><span style=\"font-size: 12pt; font-family: arial, helvetica, sans-serif;\">Renata Machado Pereira (Chefe da Se\u00e7\u00e3o)<\/span><\/span><span style=\"font-size: 12pt; font-family: arial, helvetica, sans-serif;\">Rua Gomes Carneiro, 01, Campus Anglo, Bloco A, 3\u00ba Andar, Sala 312<\/span><br \/>\n<span style=\"font-size: 12pt; font-family: arial, helvetica, sans-serif;\">Telefone: +55 (53) 3284-3923<\/span><br \/>\n<span style=\"font-size: 12pt; font-family: arial, helvetica, sans-serif;\">e-mail: terceirizados@ufpel.edu.br<\/span><\/li>\n<\/ul>\n","protected":false},"excerpt":{"rendered":"<p>SUPERINTEND\u00caNCIA DE INFRAESTRUTURA (SUINFRA) | Sala: 304 Everton Bonow (Superintendente) Endere\u00e7o: Rua Gomes Carneiro, 01, Campus Anglo, Bloco A, 3\u00ba Andar, Sala 304 Centro, Pelotas-RS, CEP 96010-610 Telefone: +55 (53) 3284 3900 E-mail: infraestrutura@ufpel.edu.br SE\u00c7\u00c3O DE SUPORTE A MANUTEN\u00c7\u00c3O (SSM) | Sala: 304 Luis Ant\u00f4nio Borges Teixeira (Chefe de Se\u00e7\u00e3o) Rua Gomes Carneiro, 01, Campus [&hellip;]<\/p>\n","protected":false},"author":787,"featured_media":0,"parent":0,"menu_order":4,"comment_status":"closed","ping_status":"closed","template":"","meta":{"footnotes":""},"class_list":["post-134","page","type-page","status-publish","hentry"],"_links":{"self":[{"href":"https:\/\/wp.ufpel.edu.br\/suinfra\/wp-json\/wp\/v2\/pages\/134","targetHints":{"allow":["GET"]}}],"collection":[{"href":"https:\/\/wp.ufpel.edu.br\/suinfra\/wp-json\/wp\/v2\/pages"}],"about":[{"href":"https:\/\/wp.ufpel.edu.br\/suinfra\/wp-json\/wp\/v2\/types\/page"}],"author":[{"embeddable":true,"href":"https:\/\/wp.ufpel.edu.br\/suinfra\/wp-json\/wp\/v2\/users\/787"}],"replies":[{"embeddable":true,"href":"https:\/\/wp.ufpel.edu.br\/suinfra\/wp-json\/wp\/v2\/comments?post=134"}],"version-history":[{"count":78,"href":"https:\/\/wp.ufpel.edu.br\/suinfra\/wp-json\/wp\/v2\/pages\/134\/revisions"}],"predecessor-version":[{"id":6166,"href":"https:\/\/wp.ufpel.edu.br\/suinfra\/wp-json\/wp\/v2\/pages\/134\/revisions\/6166"}],"wp:attachment":[{"href":"https:\/\/wp.ufpel.edu.br\/suinfra\/wp-json\/wp\/v2\/media?parent=134"}],"curies":[{"name":"wp","href":"https:\/\/api.w.org\/{rel}","templated":true}]}}