{"id":2611,"date":"2024-12-08T19:42:37","date_gmt":"2024-12-08T22:42:37","guid":{"rendered":"https:\/\/wp.ufpel.edu.br\/spmav\/?page_id=2611"},"modified":"2024-12-09T01:12:02","modified_gmt":"2024-12-09T04:12:02","slug":"exposicao","status":"publish","type":"page","link":"https:\/\/wp.ufpel.edu.br\/spmav\/exposicao\/","title":{"rendered":"Exposi\u00e7\u00e3o"},"content":{"rendered":"\n<h2 class=\"wp-block-heading\">Audiodescri\u00e7\u00f5es das obras da exposi\u00e7\u00e3o TRAMAS\/MULTID\u00d5ES<\/h2>\n\n\n\n<div class=\"wp-block-media-text is-stacked-on-mobile\"><figure class=\"wp-block-media-text__media\"><img data-recalc-dims=\"1\" loading=\"lazy\" decoding=\"async\" width=\"584\" height=\"584\" data-attachment-id=\"2646\" data-permalink=\"https:\/\/wp.ufpel.edu.br\/spmav\/exposicao\/code-playlist-completa\/\" data-orig-file=\"https:\/\/i0.wp.com\/wp.ufpel.edu.br\/spmav\/files\/2024\/12\/code-playlist-completa-scaled.jpg?fit=2560%2C2560&amp;ssl=1\" data-orig-size=\"2560,2560\" data-comments-opened=\"0\" data-image-meta=\"{&quot;aperture&quot;:&quot;0&quot;,&quot;credit&quot;:&quot;&quot;,&quot;camera&quot;:&quot;&quot;,&quot;caption&quot;:&quot;&quot;,&quot;created_timestamp&quot;:&quot;0&quot;,&quot;copyright&quot;:&quot;&quot;,&quot;focal_length&quot;:&quot;0&quot;,&quot;iso&quot;:&quot;0&quot;,&quot;shutter_speed&quot;:&quot;0&quot;,&quot;title&quot;:&quot;&quot;,&quot;orientation&quot;:&quot;0&quot;}\" data-image-title=\"code playlist completa\" data-image-description=\"\" data-image-caption=\"\" data-medium-file=\"https:\/\/i0.wp.com\/wp.ufpel.edu.br\/spmav\/files\/2024\/12\/code-playlist-completa-scaled.jpg?fit=400%2C400&amp;ssl=1\" data-large-file=\"https:\/\/i0.wp.com\/wp.ufpel.edu.br\/spmav\/files\/2024\/12\/code-playlist-completa-scaled.jpg?fit=584%2C584&amp;ssl=1\" src=\"https:\/\/i0.wp.com\/wp.ufpel.edu.br\/spmav\/files\/2024\/12\/code-playlist-completa.jpg?resize=584%2C584&#038;ssl=1\" alt=\"\" class=\"wp-image-2646 size-full\" srcset=\"https:\/\/i0.wp.com\/wp.ufpel.edu.br\/spmav\/files\/2024\/12\/code-playlist-completa-scaled.jpg?resize=1024%2C1024&amp;ssl=1 1024w, https:\/\/i0.wp.com\/wp.ufpel.edu.br\/spmav\/files\/2024\/12\/code-playlist-completa-scaled.jpg?resize=400%2C400&amp;ssl=1 400w, https:\/\/i0.wp.com\/wp.ufpel.edu.br\/spmav\/files\/2024\/12\/code-playlist-completa-scaled.jpg?resize=200%2C200&amp;ssl=1 200w, https:\/\/i0.wp.com\/wp.ufpel.edu.br\/spmav\/files\/2024\/12\/code-playlist-completa-scaled.jpg?resize=768%2C768&amp;ssl=1 768w, https:\/\/i0.wp.com\/wp.ufpel.edu.br\/spmav\/files\/2024\/12\/code-playlist-completa-scaled.jpg?resize=1536%2C1536&amp;ssl=1 1536w, https:\/\/i0.wp.com\/wp.ufpel.edu.br\/spmav\/files\/2024\/12\/code-playlist-completa-scaled.jpg?resize=2048%2C2048&amp;ssl=1 2048w, https:\/\/i0.wp.com\/wp.ufpel.edu.br\/spmav\/files\/2024\/12\/code-playlist-completa-scaled.jpg?resize=300%2C300&amp;ssl=1 300w, https:\/\/i0.wp.com\/wp.ufpel.edu.br\/spmav\/files\/2024\/12\/code-playlist-completa-scaled.jpg?w=1168&amp;ssl=1 1168w, https:\/\/i0.wp.com\/wp.ufpel.edu.br\/spmav\/files\/2024\/12\/code-playlist-completa-scaled.jpg?w=1752&amp;ssl=1 1752w\" sizes=\"auto, (max-width: 584px) 100vw, 584px\" \/><\/figure><div class=\"wp-block-media-text__content\">\n<p>Voc\u00ea pode escutar a playlist completa pelo QR Code ou <a href=\"https:\/\/www.youtube.com\/playlist?list=PLNVtqIGCiAb1T1Jxh37NweDESn-gwuIlh\" data-type=\"link\" data-id=\"https:\/\/www.youtube.com\/playlist?list=PLNVtqIGCiAb1T1Jxh37NweDESn-gwuIlh\">link<\/a><\/p>\n<\/div><\/div>\n\n\n\n<p>Texto de curadoria &#8211; Nap\u00ea Rocha<\/p>\n\n\n\n<figure class=\"wp-block-audio\"><audio controls src=\"https:\/\/wp.ufpel.edu.br\/spmav\/files\/2024\/12\/Texto-de-curadoria-Nape-Rocha.mp3\"><\/audio><\/figure>\n\n\n\n<p id=\"Cansa\u00e7o\">Cansa\u00e7o &#8211; Kelvin Machado<\/p>\n\n\n\n<figure class=\"wp-block-audio\"><audio controls src=\"https:\/\/wp.ufpel.edu.br\/spmav\/files\/2024\/12\/Cansaco-Kelvin-Machado.mp3\"><\/audio><\/figure>\n\n\n\n<p id=\"Casa-corpo\">Casa corpo &#8211; Giuliana Bruno<\/p>\n\n\n\n<figure class=\"wp-block-audio\"><audio controls src=\"https:\/\/wp.ufpel.edu.br\/spmav\/files\/2024\/12\/Casa-corpo-Giuliana-Bruno.mp3\"><\/audio><\/figure>\n\n\n\n<p id=\"Sem-t\u00edtulo1\">CUT OFF MEN\u2019S gaze\u2026 &#8211; Rafaela Couto<\/p>\n\n\n\n<figure class=\"wp-block-audio\"><audio controls src=\"https:\/\/wp.ufpel.edu.br\/spmav\/files\/2024\/12\/Sem-titulo-Rafaela-Couto-1.mp3\"><\/audio><\/figure>\n\n\n\n<p id=\"Desvios-de-mim\">Desvios de mim &#8211; Ol\u00edvia Godoy Collares<\/p>\n\n\n\n<figure class=\"wp-block-audio\"><audio controls src=\"https:\/\/wp.ufpel.edu.br\/spmav\/files\/2024\/12\/Desvios-de-mim-Olivia-Godoy-Collares-2.mp3\"><\/audio><\/figure>\n\n\n\n<p>Fenda-vesti\u0301gio &#8211; Lorena Zanetti<\/p>\n\n\n\n<figure class=\"wp-block-audio\"><audio controls src=\"https:\/\/wp.ufpel.edu.br\/spmav\/files\/2024\/12\/Fenda-vesti\u0301gio-Lorena-Zanetti.mp3\"><\/audio><\/figure>\n\n\n\n<p id=\"Festa-da-aboli\u00e7\u00e3o-do-quilombo-dos-Arturos\">Festa da aboli\u00e7\u00e3o do quilombo dos Arturos &#8211; Rebeca Francoff<\/p>\n\n\n\n<figure class=\"wp-block-audio\"><audio controls src=\"https:\/\/wp.ufpel.edu.br\/spmav\/files\/2024\/12\/Festa-da-abolicao-do-quilombo-dos-Arturos-Rebeca-Francoff.mp3\"><\/audio><\/figure>\n\n\n\n<p id=\"Marcas\">Marcas &#8211; Emanuel dos Santos<\/p>\n\n\n\n<figure class=\"wp-block-audio\"><audio controls src=\"https:\/\/wp.ufpel.edu.br\/spmav\/files\/2024\/12\/Marcas-Emanuel-dos-Santos.mp3\"><\/audio><\/figure>\n\n\n\n<p id=\"Monstro\">Monstro &#8211; Pedro Taveres Filho<\/p>\n\n\n\n<figure class=\"wp-block-audio\"><audio controls src=\"https:\/\/wp.ufpel.edu.br\/spmav\/files\/2024\/12\/Monstro-Pedro-Tavares-Filho-1.mp3\"><\/audio><\/figure>\n\n\n\n<p id=\"Morte-e-vida-das-m\u00e1quinas-1-e-2\">Morte e vida das m\u00e1quinas 1 e 2 &#8211; Ana Martha Bonat<\/p>\n\n\n\n<figure class=\"wp-block-audio\"><audio controls src=\"https:\/\/wp.ufpel.edu.br\/spmav\/files\/2024\/12\/Morte-e-vida-das-maquinas-1-e-2-Ana-Martha-Bonat-1.mp3\"><\/audio><\/figure>\n\n\n\n<p id=\"O-que-ainda-n\u00e3o-sei\">O que ainda n\u00e3o sei &#8211; Alexandre Cristofer<\/p>\n\n\n\n<figure class=\"wp-block-audio\"><audio controls src=\"https:\/\/wp.ufpel.edu.br\/spmav\/files\/2024\/12\/O-que-ainda-nao-sei-Alexander-Cristofer-1.mp3\"><\/audio><\/figure>\n\n\n\n<p id=\"O-que-me-resta\">O que me resta &#8211; Wesley Blanke<\/p>\n\n\n\n<figure class=\"wp-block-audio\"><audio controls src=\"https:\/\/wp.ufpel.edu.br\/spmav\/files\/2024\/12\/O-que-me-resta-Wesley-Blanke-1.mp3\"><\/audio><\/figure>\n\n\n\n<p id=\"O-que-me-vejo\">O que me vejo &#8211; Gerson Manske<\/p>\n\n\n\n<figure class=\"wp-block-audio\"><audio controls src=\"https:\/\/wp.ufpel.edu.br\/spmav\/files\/2024\/12\/O-que-me-vejo-Gerson-Manske.mp3\"><\/audio><\/figure>\n\n\n\n<p id=\"Pampa\">Pampa &#8211; Francisco Ferrari Maximila<\/p>\n\n\n\n<figure class=\"wp-block-audio\"><audio controls src=\"https:\/\/wp.ufpel.edu.br\/spmav\/files\/2024\/12\/Pampa-Francisco-Ferrari-Maximila.mp3\"><\/audio><\/figure>\n\n\n\n<p id=\"Pele\">Pele &#8211; Bianca De-Zotti<\/p>\n\n\n\n<figure class=\"wp-block-audio\"><audio controls src=\"https:\/\/wp.ufpel.edu.br\/spmav\/files\/2024\/12\/Peles-Bianca-De-Zotti-1.mp3\"><\/audio><\/figure>\n\n\n\n<p id=\"Pensamentos-pensantes-queimam-de-dentro-para-fora\">Pensamentos pensantes queimam de dentro para fora &#8211; Rai Souza<\/p>\n\n\n\n<figure class=\"wp-block-audio\"><audio controls src=\"https:\/\/wp.ufpel.edu.br\/spmav\/files\/2024\/12\/Pensamentos-pensantes-queimam-de-dentro-para-fora-Rai-Souza-1.mp3\"><\/audio><\/figure>\n\n\n\n<p id=\"Sem-t\u00edtulo2\">Sem t\u00edtulo &#8211; Sofia Bevilaqua<\/p>\n\n\n\n<figure class=\"wp-block-audio\"><audio controls src=\"https:\/\/wp.ufpel.edu.br\/spmav\/files\/2024\/12\/Sem-titulo-Sofia-Bevilaqua.mp3\"><\/audio><\/figure>\n\n\n\n<p id=\"Socializar\">Socializar &#8211; Dheivson Ara\u00fajo<\/p>\n\n\n\n<figure class=\"wp-block-audio\"><audio controls src=\"https:\/\/wp.ufpel.edu.br\/spmav\/files\/2024\/12\/Socializar-Dheivison-Araujo.mp3\"><\/audio><\/figure>\n\n\n\n<p id=\"tatuagem-em-peloe-t\u00eaxtil\">Tatuagem em peloe t\u00eaxtil &#8211; Ana Lee<\/p>\n\n\n\n<figure class=\"wp-block-audio\"><audio controls src=\"https:\/\/wp.ufpel.edu.br\/spmav\/files\/2024\/12\/Tatuagem-em-pele-textil-Ana-Lee.mp3\"><\/audio><\/figure>\n\n\n\n<p id=\"\u00datero\">\u00datero &#8211; Dayanna Perez<\/p>\n\n\n\n<figure class=\"wp-block-audio\"><audio controls src=\"https:\/\/wp.ufpel.edu.br\/spmav\/files\/2024\/12\/Utero-Dayanna-Perez.mp3\"><\/audio><\/figure>\n\n\n\n<p><\/p>\n","protected":false},"excerpt":{"rendered":"<p>Audiodescri\u00e7\u00f5es das obras da exposi\u00e7\u00e3o TRAMAS\/MULTID\u00d5ES Voc\u00ea pode escutar a playlist completa pelo QR Code ou link Texto de curadoria &#8211; Nap\u00ea Rocha Cansa\u00e7o &#8211; Kelvin Machado Casa corpo &#8211; Giuliana Bruno CUT OFF MEN\u2019S gaze\u2026 &#8211; Rafaela Couto Desvios &hellip; <a href=\"https:\/\/wp.ufpel.edu.br\/spmav\/exposicao\/\">Continue lendo <span class=\"meta-nav\">&rarr;<\/span><\/a><\/p>\n","protected":false},"author":1034,"featured_media":0,"parent":0,"menu_order":0,"comment_status":"closed","ping_status":"closed","template":"","meta":{"footnotes":""},"class_list":["post-2611","page","type-page","status-publish","hentry"],"jetpack_shortlink":"https:\/\/wp.me\/PciehQ-G7","jetpack_sharing_enabled":true,"_links":{"self":[{"href":"https:\/\/wp.ufpel.edu.br\/spmav\/wp-json\/wp\/v2\/pages\/2611","targetHints":{"allow":["GET"]}}],"collection":[{"href":"https:\/\/wp.ufpel.edu.br\/spmav\/wp-json\/wp\/v2\/pages"}],"about":[{"href":"https:\/\/wp.ufpel.edu.br\/spmav\/wp-json\/wp\/v2\/types\/page"}],"author":[{"embeddable":true,"href":"https:\/\/wp.ufpel.edu.br\/spmav\/wp-json\/wp\/v2\/users\/1034"}],"replies":[{"embeddable":true,"href":"https:\/\/wp.ufpel.edu.br\/spmav\/wp-json\/wp\/v2\/comments?post=2611"}],"version-history":[{"count":11,"href":"https:\/\/wp.ufpel.edu.br\/spmav\/wp-json\/wp\/v2\/pages\/2611\/revisions"}],"predecessor-version":[{"id":2648,"href":"https:\/\/wp.ufpel.edu.br\/spmav\/wp-json\/wp\/v2\/pages\/2611\/revisions\/2648"}],"wp:attachment":[{"href":"https:\/\/wp.ufpel.edu.br\/spmav\/wp-json\/wp\/v2\/media?parent=2611"}],"curies":[{"name":"wp","href":"https:\/\/api.w.org\/{rel}","templated":true}]}}

Exposição

<h2 class="wp-block-heading">Audiodescrições das obras da exposição TRAMAS/MULTIDÕES</h2>



<div class="wp-block-media-text is-stacked-on-mobile"><figure class="wp-block-media-text__media"><img data-recalc-dims="1" loading="lazy" decoding="async" width="584" height="584" data-attachment-id="2646" data-permalink="https://wp.ufpel.edu.br/spmav/exposicao/code-playlist-completa/" data-orig-file="https://i0.wp.com/wp.ufpel.edu.br/spmav/files/2024/12/code-playlist-completa-scaled.jpg?fit=2560%2C2560&amp;ssl=1" data-orig-size="2560,2560" data-comments-opened="0" data-image-meta="{&quot;aperture&quot;:&quot;0&quot;,&quot;credit&quot;:&quot;&quot;,&quot;camera&quot;:&quot;&quot;,&quot;caption&quot;:&quot;&quot;,&quot;created_timestamp&quot;:&quot;0&quot;,&quot;copyright&quot;:&quot;&quot;,&quot;focal_length&quot;:&quot;0&quot;,&quot;iso&quot;:&quot;0&quot;,&quot;shutter_speed&quot;:&quot;0&quot;,&quot;title&quot;:&quot;&quot;,&quot;orientation&quot;:&quot;0&quot;}" data-image-title="code playlist completa" data-image-description="" data-image-caption="" data-medium-file="https://i0.wp.com/wp.ufpel.edu.br/spmav/files/2024/12/code-playlist-completa-scaled.jpg?fit=400%2C400&amp;ssl=1" data-large-file="https://i0.wp.com/wp.ufpel.edu.br/spmav/files/2024/12/code-playlist-completa-scaled.jpg?fit=584%2C584&amp;ssl=1" src="https://i0.wp.com/wp.ufpel.edu.br/spmav/files/2024/12/code-playlist-completa.jpg?resize=584%2C584&#038;ssl=1" alt="" class="wp-image-2646 size-full" srcset="https://i0.wp.com/wp.ufpel.edu.br/spmav/files/2024/12/code-playlist-completa-scaled.jpg?resize=1024%2C1024&amp;ssl=1 1024w, https://i0.wp.com/wp.ufpel.edu.br/spmav/files/2024/12/code-playlist-completa-scaled.jpg?resize=400%2C400&amp;ssl=1 400w, https://i0.wp.com/wp.ufpel.edu.br/spmav/files/2024/12/code-playlist-completa-scaled.jpg?resize=200%2C200&amp;ssl=1 200w, https://i0.wp.com/wp.ufpel.edu.br/spmav/files/2024/12/code-playlist-completa-scaled.jpg?resize=768%2C768&amp;ssl=1 768w, https://i0.wp.com/wp.ufpel.edu.br/spmav/files/2024/12/code-playlist-completa-scaled.jpg?resize=1536%2C1536&amp;ssl=1 1536w, https://i0.wp.com/wp.ufpel.edu.br/spmav/files/2024/12/code-playlist-completa-scaled.jpg?resize=2048%2C2048&amp;ssl=1 2048w, https://i0.wp.com/wp.ufpel.edu.br/spmav/files/2024/12/code-playlist-completa-scaled.jpg?resize=300%2C300&amp;ssl=1 300w, https://i0.wp.com/wp.ufpel.edu.br/spmav/files/2024/12/code-playlist-completa-scaled.jpg?w=1168&amp;ssl=1 1168w, https://i0.wp.com/wp.ufpel.edu.br/spmav/files/2024/12/code-playlist-completa-scaled.jpg?w=1752&amp;ssl=1 1752w" sizes="auto, (max-width: 584px) 100vw, 584px" /></figure><div class="wp-block-media-text__content">
<p>Você pode escutar a playlist completa pelo QR Code ou <a href="https://www.youtube.com/playlist?list=PLNVtqIGCiAb1T1Jxh37NweDESn-gwuIlh" data-type="link" data-id="https://www.youtube.com/playlist?list=PLNVtqIGCiAb1T1Jxh37NweDESn-gwuIlh">link</a></p>
</div></div>



<p>Texto de curadoria &#8211; Napê Rocha</p>



<figure class="wp-block-audio"><audio controls src="https://wp.ufpel.edu.br/spmav/files/2024/12/Texto-de-curadoria-Nape-Rocha.mp3"></audio></figure>



<p id="Cansaço">Cansaço &#8211; Kelvin Machado</p>



<figure class="wp-block-audio"><audio controls src="https://wp.ufpel.edu.br/spmav/files/2024/12/Cansaco-Kelvin-Machado.mp3"></audio></figure>



<p id="Casa-corpo">Casa corpo &#8211; Giuliana Bruno</p>



<figure class="wp-block-audio"><audio controls src="https://wp.ufpel.edu.br/spmav/files/2024/12/Casa-corpo-Giuliana-Bruno.mp3"></audio></figure>



<p id="Sem-título1">CUT OFF MEN’S gaze… &#8211; Rafaela Couto</p>



<figure class="wp-block-audio"><audio controls src="https://wp.ufpel.edu.br/spmav/files/2024/12/Sem-titulo-Rafaela-Couto-1.mp3"></audio></figure>



<p id="Desvios-de-mim">Desvios de mim &#8211; Olívia Godoy Collares</p>



<figure class="wp-block-audio"><audio controls src="https://wp.ufpel.edu.br/spmav/files/2024/12/Desvios-de-mim-Olivia-Godoy-Collares-2.mp3"></audio></figure>



<p>Fenda-vestígio &#8211; Lorena Zanetti</p>



<figure class="wp-block-audio"><audio controls src="https://wp.ufpel.edu.br/spmav/files/2024/12/Fenda-vestígio-Lorena-Zanetti.mp3"></audio></figure>



<p id="Festa-da-abolição-do-quilombo-dos-Arturos">Festa da abolição do quilombo dos Arturos &#8211; Rebeca Francoff</p>



<figure class="wp-block-audio"><audio controls src="https://wp.ufpel.edu.br/spmav/files/2024/12/Festa-da-abolicao-do-quilombo-dos-Arturos-Rebeca-Francoff.mp3"></audio></figure>



<p id="Marcas">Marcas &#8211; Emanuel dos Santos</p>



<figure class="wp-block-audio"><audio controls src="https://wp.ufpel.edu.br/spmav/files/2024/12/Marcas-Emanuel-dos-Santos.mp3"></audio></figure>



<p id="Monstro">Monstro &#8211; Pedro Taveres Filho</p>



<figure class="wp-block-audio"><audio controls src="https://wp.ufpel.edu.br/spmav/files/2024/12/Monstro-Pedro-Tavares-Filho-1.mp3"></audio></figure>



<p id="Morte-e-vida-das-máquinas-1-e-2">Morte e vida das máquinas 1 e 2 &#8211; Ana Martha Bonat</p>



<figure class="wp-block-audio"><audio controls src="https://wp.ufpel.edu.br/spmav/files/2024/12/Morte-e-vida-das-maquinas-1-e-2-Ana-Martha-Bonat-1.mp3"></audio></figure>



<p id="O-que-ainda-não-sei">O que ainda não sei &#8211; Alexandre Cristofer</p>



<figure class="wp-block-audio"><audio controls src="https://wp.ufpel.edu.br/spmav/files/2024/12/O-que-ainda-nao-sei-Alexander-Cristofer-1.mp3"></audio></figure>



<p id="O-que-me-resta">O que me resta &#8211; Wesley Blanke</p>



<figure class="wp-block-audio"><audio controls src="https://wp.ufpel.edu.br/spmav/files/2024/12/O-que-me-resta-Wesley-Blanke-1.mp3"></audio></figure>



<p id="O-que-me-vejo">O que me vejo &#8211; Gerson Manske</p>



<figure class="wp-block-audio"><audio controls src="https://wp.ufpel.edu.br/spmav/files/2024/12/O-que-me-vejo-Gerson-Manske.mp3"></audio></figure>



<p id="Pampa">Pampa &#8211; Francisco Ferrari Maximila</p>



<figure class="wp-block-audio"><audio controls src="https://wp.ufpel.edu.br/spmav/files/2024/12/Pampa-Francisco-Ferrari-Maximila.mp3"></audio></figure>



<p id="Pele">Pele &#8211; Bianca De-Zotti</p>



<figure class="wp-block-audio"><audio controls src="https://wp.ufpel.edu.br/spmav/files/2024/12/Peles-Bianca-De-Zotti-1.mp3"></audio></figure>



<p id="Pensamentos-pensantes-queimam-de-dentro-para-fora">Pensamentos pensantes queimam de dentro para fora &#8211; Rai Souza</p>



<figure class="wp-block-audio"><audio controls src="https://wp.ufpel.edu.br/spmav/files/2024/12/Pensamentos-pensantes-queimam-de-dentro-para-fora-Rai-Souza-1.mp3"></audio></figure>



<p id="Sem-título2">Sem título &#8211; Sofia Bevilaqua</p>



<figure class="wp-block-audio"><audio controls src="https://wp.ufpel.edu.br/spmav/files/2024/12/Sem-titulo-Sofia-Bevilaqua.mp3"></audio></figure>



<p id="Socializar">Socializar &#8211; Dheivson Araújo</p>



<figure class="wp-block-audio"><audio controls src="https://wp.ufpel.edu.br/spmav/files/2024/12/Socializar-Dheivison-Araujo.mp3"></audio></figure>



<p id="tatuagem-em-peloe-têxtil">Tatuagem em peloe têxtil &#8211; Ana Lee</p>



<figure class="wp-block-audio"><audio controls src="https://wp.ufpel.edu.br/spmav/files/2024/12/Tatuagem-em-pele-textil-Ana-Lee.mp3"></audio></figure>



<p id="Útero">Útero &#8211; Dayanna Perez</p>



<figure class="wp-block-audio"><audio controls src="https://wp.ufpel.edu.br/spmav/files/2024/12/Utero-Dayanna-Perez.mp3"></audio></figure>



<p></p>

<p>Audiodescrições das obras da exposição TRAMAS/MULTIDÕES Você pode escutar a playlist completa pelo QR Code ou link Texto de curadoria &#8211; Napê Rocha Cansaço &#8211; Kelvin Machado Casa corpo &#8211; Giuliana Bruno CUT OFF MEN’S gaze… &#8211; Rafaela Couto Desvios &hellip; <a href="https://wp.ufpel.edu.br/spmav/exposicao/">Continue lendo <span class="meta-nav">&rarr;</span></a></p>
