{"id":2409,"date":"2024-11-11T21:43:11","date_gmt":"2024-11-12T00:43:11","guid":{"rendered":"https:\/\/wp.ufpel.edu.br\/spmav\/?page_id=2409"},"modified":"2024-12-08T19:41:36","modified_gmt":"2024-12-08T22:41:36","slug":"programacao-2","status":"publish","type":"page","link":"https:\/\/wp.ufpel.edu.br\/spmav\/programacao-2\/","title":{"rendered":"Programa\u00e7\u00e3o"},"content":{"rendered":"\n<div style=\"position: relative; width: 150%; left: -25%;\">\n    <table>\n        <tr>\n            <td>&nbsp;<\/td>\n            <td>09\/12<\/td>\n            <td>10\/12<\/td>\n            <td>11\/12<\/td>\n            <td>12\/12<\/td>\n            <td>13\/12<\/td>\n        <\/tr>\n        <tr style=\"background-color:#ffe499;\">\n            <td style=\"padding-left: 4px;\"><b>08h30<\/b><\/td>\n            <td>Comunica\u00e7\u00f5es (online)<\/td>\n            <td>Comunica\u00e7\u00f5es<\/td>\n            <td>&nbsp;<\/td>\n            <td>Comunica\u00e7\u00f5es<\/td>\n            <td>Comunica\u00e7\u00f5es<\/td>\n        <\/tr>\n        <tr>\n            <td style=\"padding-left: 4px;\"><b>10h: Intervalo<\/b><\/td>\n            <td><\/td>\n            <td><\/td>\n            <td><\/td>\n            <td><\/td>\n            <td><\/td>\n        <\/tr>\n        <tr style=\"background-color:#ffe499;\">\n            <td style=\"padding-left: 4px;\"><b>10h30<\/b><\/td>\n            <td>Comunica\u00e7\u00f5es (online)<\/td>\n            <td>Comunica\u00e7\u00f5es<\/td>\n            <td>Comunica\u00e7\u00f5es<\/td>\n            <td>Comunica\u00e7\u00f5es<\/td>\n            <td>Comunica\u00e7\u00f5es<\/td>\n        <\/tr>\n        <tr>\n            <td style=\"padding-left: 4px;\"><b>12h: Almo\u00e7o<\/b><\/td>\n            <td><\/td>\n            <td><\/td>\n            <td><\/td>\n            <td><\/td>\n            <td><\/td>\n        <\/tr>\n        <tr style=\"background-color:#b5d6a7;\">\n            <td style=\"padding-left: 4px;\"><b>14h<\/b><\/td>\n            <td><\/td>\n            <td><\/td>\n            <td>\n                <p> <b>Acessibilidade nas artes<\/b><br>\n                    Rafael Braz &#8211; audiodescritor\n                    Liana Barcelos Porto &#8211; NAI \/\n                    UFPel\n                    Media\u00e7\u00e3o: Marisa Helena\n                    Degasperi &#8211; UFPel <\/br><\/br>\n                    Audit\u00f3rio 1 &#8211; Centro de Artes <\/p>\n            <\/td>\n            <td>\n                <p> <b>Cuerpos inclinados:\n                        figuras de la piet\u00e1 en el\n                        arte chileno<\/b><br>\n                    Paz L\u00f3pez &#8211; Uchile (Chile)\n                    Media\u00e7\u00e3o: Larissa Patron-\n                    UFPel <\/br><\/br>\n                    Audit\u00f3rio 1 &#8211; Centro de Artes<\/p>\n            <\/td>\n            <td>\n                <p>\n                    <b>Mesa com pessoas egressas\n                        do PPGArtes<\/b><br>\n                    Media\u00e7\u00e3o: Alice Monsell &#8211;\n                    UFPel <\/br><\/br>\n                    Audit\u00f3rio 1 &#8211; Centro de Artes\n                <\/p>\n            <\/td>\n        <\/tr>\n        <tr>\n            <td style=\"padding-left: 4px;\"><b>15h30: Intervalo<\/b><\/td>\n            <td><\/td>\n            <td><\/td>\n            <td><\/td>\n            <td><\/td>\n            <td>Exibi\u00e7\u00e3o dos curtas\n                Endless (6&#8242;),\n                Acaso voc\u00ea me toque (12&#8217;15&#8221;)<\/td>\n        <\/tr>\n        <tr style=\"background-color:#b5d6a7;\">\n            <td style=\"padding-left: 4px;\"><b>16h<\/b><\/td>\n            <td><\/td>\n            <td><\/td>\n            <td>\n                <p>\n                    <b>Corporalidades em\n                        Performance<\/b><br>\n                    Soraya Martins &#8211; UFMG\n                    Media\u00e7\u00e3o: Thiago Pirajira &#8211;\n                    UFPel <br><br>\n                    Audit\u00f3rio 1 &#8211; Centro de Artes\n                <\/p>\n            <\/td>\n            <td>\n                <p>\n                    <b>Sexualidade, educa\u00e7\u00e3o e\n                        arte<\/b> (h\u00edbrida) <br>\n                    Andr\u00e9 Medeiros (SP)\n                    Laura Milano &#8211; UBA\n                    (Argentina)\n                    Media\u00e7\u00e3o: Hudson Carvalho &#8211; UFPe <br><br>\n                    Audit\u00f3rio 1 &#8211; Centro de Artes\n                <\/p>\n            <\/td>\n            <td>\n                <p>\n                    <b>Mostra de Performances<\/b><br>\n                    Sala Multiuso &#8211; <br><br>\n                    Pr\u00e9dio 1, Centro de Artes\n\n                <\/p>\n            <\/td>\n        <\/tr>\n        <tr>\n            <td style=\"padding-left: 4px;\"><b>17h30: Intervalo<\/b><\/td>\n            <td>lan\u00e7amento da\n                convocat\u00f3ria do 6\u00b0\n                FIVA SPMAV<\/td>\n            <td><\/td>\n            <td><\/td>\n            <td><\/td>\n            <td><\/td>\n        <\/tr>\n        <tr style=\"background-color:#b4a6d5;\">\n            <td style=\"padding-left: 4px;\"><b>18h<\/b><\/td>\n            <td>\n                <p>\n                    Mesa \u201cEntre Cuerpo y\n                    Territorio: Reflexiones\n                    sobre la Identidad y el\n                    Arte Contempor\u00e1neo\n                    en la\n                    Frontera\u201d <br><br>\n                    Mayra Huerta Jim\u00e9nez &#8211; UABC (M\u00e9xico) e\n                    Laura Etel Brise\u00f1o\n                    Chi\u00f1as &#8211; UABC\n                    (M\u00e9xico)\n                <\/p>\n            <\/td>\n            <td>\n                <p>\n                    <b>Performance grupo\n                        G.I.L<\/b><br><br>\n                    Abertura &#8211;\n                    <b>Novos rumos do\n                        PPGArtes<\/b>\n                    Lauer Santos\n                    N\u00e1dia Senna\n                    Audit\u00f3rio 2, Centro\n                    de artes <br><br>\n                    Pr\u00e9dio 3\n                    Sala Carmen Biasoli\n                <\/p>\n            <\/td>\n            <td>\n                <p>\n                    <b>Abertura da exposi\u00e7\u00e3o<\/b> <br>\n                    Turma 2023\/2025 <br><br>\n                    Curadoria: Nap\u00ea Rocha &#8211;\n                    Curadora Adjunta do Museu\n                    Bispo do Ros\u00e4rio, RJ\n                    <br><br>\n                    Galeria A Sala\n                <\/p>\n            <\/td>\n            <td>\n                <p>\n                    <b>Oficina de Interc\u00e2mbio\n                        Art\u00edstico<\/b>, com Igor Pretto,\n                    K\u00e1tia Kalinka e Alexandre\n                    Dill <br><br>\n                    Pr\u00e9dio 3 &#8211; sala 61\n                <\/p>\n            <\/td>\n            <td><\/td>\n        <\/tr>\n        <tr style=\"background-color:#b4a6d5;\">\n            <td style=\"padding-left: 4px;\"><b>19h30<\/b><\/td>\n            <td><\/td>\n            <td>\n                <p>\n                    espet\u00e1culo <b>Ax\u00e9ro<\/b>\n                    Grupo Tat\u00e1 <br><br>\n                    Pr\u00e9dio 3\n                    Sala Carmen Biasoli\n                <\/p>\n            <\/td>\n            <td><\/td>\n            <td><\/td>\n            <td>\n                <p>\n                    espet\u00e1culo <b>R\u00c9QUIEM<\/b> <br><br>\n                    Audit\u00f3rio 2, Centro de artes\n                <\/p>\n            <\/td>\n        <\/tr>\n        <tr style=\"background-color:#b4a6d5;\">\n            <td style=\"padding-left: 4px;\"><b>20h30<\/b><\/td>\n            <td><\/td>\n            <td><\/td>\n            <td><\/td>\n            <td><\/td>\n            <td>\n                <p>\n                    <b>Sarau Queer<\/b>\n                    Monjolo\n                <\/p>\n            <\/td>\n        <\/tr>\n    <\/table>\n<\/div>\n\n\n\n<div data-wp-interactive=\"core\/file\" class=\"wp-block-file\"><object data-wp-bind--hidden=\"!state.hasPdfPreview\" hidden class=\"wp-block-file__embed\" data=\"https:\/\/wp.ufpel.edu.br\/spmav\/files\/2024\/12\/Programac\u0327a\u0303o-13o-SPMAV-1o-SIPA-.docx-1.pdf\" type=\"application\/pdf\" style=\"width:100%;height:200px\" aria-label=\"Incorporado de Programac\u0327a\u0303o  13\u00ba SPMAV - 1\u00ba SIPA .PDF.\"><\/object><a id=\"wp-block-file--media-ff30e1d2-bdf7-4391-b06a-45d44efa08db\" href=\"https:\/\/wp.ufpel.edu.br\/spmav\/files\/2024\/12\/Programac\u0327a\u0303o-13o-SPMAV-1o-SIPA-.docx-1.pdf\">Programac\u0327a\u0303o  13\u00ba SPMAV &#8211; 1\u00ba SIPA .PDF<\/a><a href=\"https:\/\/wp.ufpel.edu.br\/spmav\/files\/2024\/12\/Programac\u0327a\u0303o-13o-SPMAV-1o-SIPA-.docx-1.pdf\" class=\"wp-block-file__button wp-element-button\" download aria-describedby=\"wp-block-file--media-ff30e1d2-bdf7-4391-b06a-45d44efa08db\">Baixar<\/a><\/div>\n","protected":false},"excerpt":{"rendered":"<p>&nbsp; 09\/12 10\/12 11\/12 12\/12 13\/12 08h30 Comunica\u00e7\u00f5es (online) Comunica\u00e7\u00f5es &nbsp; Comunica\u00e7\u00f5es Comunica\u00e7\u00f5es 10h: Intervalo 10h30 Comunica\u00e7\u00f5es (online) Comunica\u00e7\u00f5es Comunica\u00e7\u00f5es Comunica\u00e7\u00f5es Comunica\u00e7\u00f5es 12h: Almo\u00e7o 14h Acessibilidade nas artes Rafael Braz &#8211; audiodescritor Liana Barcelos Porto &#8211; NAI \/ UFPel Media\u00e7\u00e3o: &hellip; <a href=\"https:\/\/wp.ufpel.edu.br\/spmav\/programacao-2\/\">Continue lendo <span class=\"meta-nav\">&rarr;<\/span><\/a><\/p>\n","protected":false},"author":1034,"featured_media":0,"parent":0,"menu_order":0,"comment_status":"closed","ping_status":"closed","template":"","meta":{"footnotes":""},"class_list":["post-2409","page","type-page","status-publish","hentry"],"jetpack_shortlink":"https:\/\/wp.me\/PciehQ-CR","jetpack_sharing_enabled":true,"_links":{"self":[{"href":"https:\/\/wp.ufpel.edu.br\/spmav\/wp-json\/wp\/v2\/pages\/2409","targetHints":{"allow":["GET"]}}],"collection":[{"href":"https:\/\/wp.ufpel.edu.br\/spmav\/wp-json\/wp\/v2\/pages"}],"about":[{"href":"https:\/\/wp.ufpel.edu.br\/spmav\/wp-json\/wp\/v2\/types\/page"}],"author":[{"embeddable":true,"href":"https:\/\/wp.ufpel.edu.br\/spmav\/wp-json\/wp\/v2\/users\/1034"}],"replies":[{"embeddable":true,"href":"https:\/\/wp.ufpel.edu.br\/spmav\/wp-json\/wp\/v2\/comments?post=2409"}],"version-history":[{"count":17,"href":"https:\/\/wp.ufpel.edu.br\/spmav\/wp-json\/wp\/v2\/pages\/2409\/revisions"}],"predecessor-version":[{"id":2610,"href":"https:\/\/wp.ufpel.edu.br\/spmav\/wp-json\/wp\/v2\/pages\/2409\/revisions\/2610"}],"wp:attachment":[{"href":"https:\/\/wp.ufpel.edu.br\/spmav\/wp-json\/wp\/v2\/media?parent=2409"}],"curies":[{"name":"wp","href":"https:\/\/api.w.org\/{rel}","templated":true}]}}