{"id":449,"date":"2026-02-19T15:32:47","date_gmt":"2026-02-19T18:32:47","guid":{"rendered":"https:\/\/wp.ufpel.edu.br\/speufpel\/?page_id=449"},"modified":"2026-02-19T15:34:06","modified_gmt":"2026-02-19T18:34:06","slug":"acoes-sociais","status":"publish","type":"page","link":"https:\/\/wp.ufpel.edu.br\/speufpel\/acoes-sociais\/","title":{"rendered":"A\u00c7\u00d5ES SOCIAIS"},"content":{"rendered":"\n<p>N\u00f3s buscamos ir al\u00e9m da \u00e1rea acad\u00eamica e de eventos<br>profissionais, realizando a\u00e7\u00f5es sociais. A\u00e7\u00f5es como doa\u00e7\u00e3o de<br>sangue e arrecada\u00e7\u00e3o de brinquedos s\u00e3o exemplos do<br><mark style=\"background-color:rgba(0, 0, 0, 0);color:#041575\" class=\"has-inline-color\"><strong>compromisso do grupo com a comunidade<\/strong><\/mark>. Essas iniciativas<br>mostram que o cap\u00edtulo busca ter um <mark style=\"background-color:rgba(0, 0, 0, 0);color:#05046d\" class=\"has-inline-color\"><strong>impacto positivo,<br>refor\u00e7ando o lado humano<\/strong><\/mark> e social de seus membros.<\/p>\n\n\n\n<figure class=\"wp-block-image size-full\"><a href=\"https:\/\/wp.ufpel.edu.br\/speufpel\/files\/2026\/02\/image-17.png\"><img loading=\"lazy\" decoding=\"async\" width=\"445\" height=\"329\" src=\"https:\/\/wp.ufpel.edu.br\/speufpel\/files\/2026\/02\/image-17.png\" alt=\"\" class=\"wp-image-454\" srcset=\"https:\/\/wp.ufpel.edu.br\/speufpel\/files\/2026\/02\/image-17.png 445w, https:\/\/wp.ufpel.edu.br\/speufpel\/files\/2026\/02\/image-17-400x296.png 400w\" sizes=\"auto, (max-width: 445px) 100vw, 445px\" \/><\/a><\/figure>\n\n\n\n<figure class=\"wp-block-image size-full\"><a href=\"https:\/\/wp.ufpel.edu.br\/speufpel\/files\/2026\/02\/image-16.png\"><img loading=\"lazy\" decoding=\"async\" width=\"599\" height=\"804\" src=\"https:\/\/wp.ufpel.edu.br\/speufpel\/files\/2026\/02\/image-16.png\" alt=\"\" class=\"wp-image-453\" srcset=\"https:\/\/wp.ufpel.edu.br\/speufpel\/files\/2026\/02\/image-16.png 599w, https:\/\/wp.ufpel.edu.br\/speufpel\/files\/2026\/02\/image-16-298x400.png 298w\" sizes=\"auto, (max-width: 599px) 100vw, 599px\" \/><\/a><\/figure>\n\n\n\n<figure class=\"wp-block-image size-large\"><a href=\"https:\/\/wp.ufpel.edu.br\/speufpel\/files\/2026\/02\/image-15.png\"><img loading=\"lazy\" decoding=\"async\" width=\"1024\" height=\"763\" src=\"https:\/\/wp.ufpel.edu.br\/speufpel\/files\/2026\/02\/image-15-1024x763.png\" alt=\"\" class=\"wp-image-452\" srcset=\"https:\/\/wp.ufpel.edu.br\/speufpel\/files\/2026\/02\/image-15-1024x763.png 1024w, https:\/\/wp.ufpel.edu.br\/speufpel\/files\/2026\/02\/image-15-400x298.png 400w, https:\/\/wp.ufpel.edu.br\/speufpel\/files\/2026\/02\/image-15.png 1072w\" sizes=\"auto, (max-width: 1024px) 100vw, 1024px\" \/><\/a><\/figure>\n\n\n\n<figure class=\"wp-block-image size-large\"><a href=\"https:\/\/wp.ufpel.edu.br\/speufpel\/files\/2026\/02\/image-14.png\"><img loading=\"lazy\" decoding=\"async\" width=\"1024\" height=\"759\" src=\"https:\/\/wp.ufpel.edu.br\/speufpel\/files\/2026\/02\/image-14-1024x759.png\" alt=\"\" class=\"wp-image-451\" srcset=\"https:\/\/wp.ufpel.edu.br\/speufpel\/files\/2026\/02\/image-14-1024x759.png 1024w, https:\/\/wp.ufpel.edu.br\/speufpel\/files\/2026\/02\/image-14-400x296.png 400w, https:\/\/wp.ufpel.edu.br\/speufpel\/files\/2026\/02\/image-14.png 1074w\" sizes=\"auto, (max-width: 1024px) 100vw, 1024px\" \/><\/a><\/figure>\n","protected":false},"excerpt":{"rendered":"<p>N\u00f3s buscamos ir al\u00e9m da \u00e1rea acad\u00eamica e de eventosprofissionais, realizando a\u00e7\u00f5es sociais. A\u00e7\u00f5es como doa\u00e7\u00e3o desangue e arrecada\u00e7\u00e3o de brinquedos s\u00e3o exemplos docompromisso do grupo com a comunidade. Essas iniciativasmostram que o cap\u00edtulo&#46;&#46;&#46;<\/p>\n","protected":false},"author":403,"featured_media":0,"parent":0,"menu_order":0,"comment_status":"closed","ping_status":"closed","template":"","meta":{"footnotes":""},"class_list":["post-449","page","type-page","status-publish","hentry"],"jetpack_sharing_enabled":true,"_links":{"self":[{"href":"https:\/\/wp.ufpel.edu.br\/speufpel\/wp-json\/wp\/v2\/pages\/449","targetHints":{"allow":["GET"]}}],"collection":[{"href":"https:\/\/wp.ufpel.edu.br\/speufpel\/wp-json\/wp\/v2\/pages"}],"about":[{"href":"https:\/\/wp.ufpel.edu.br\/speufpel\/wp-json\/wp\/v2\/types\/page"}],"author":[{"embeddable":true,"href":"https:\/\/wp.ufpel.edu.br\/speufpel\/wp-json\/wp\/v2\/users\/403"}],"replies":[{"embeddable":true,"href":"https:\/\/wp.ufpel.edu.br\/speufpel\/wp-json\/wp\/v2\/comments?post=449"}],"version-history":[{"count":1,"href":"https:\/\/wp.ufpel.edu.br\/speufpel\/wp-json\/wp\/v2\/pages\/449\/revisions"}],"predecessor-version":[{"id":455,"href":"https:\/\/wp.ufpel.edu.br\/speufpel\/wp-json\/wp\/v2\/pages\/449\/revisions\/455"}],"wp:attachment":[{"href":"https:\/\/wp.ufpel.edu.br\/speufpel\/wp-json\/wp\/v2\/media?parent=449"}],"curies":[{"name":"wp","href":"https:\/\/api.w.org\/{rel}","templated":true}]}}