{"id":40,"date":"2018-10-30T15:26:53","date_gmt":"2018-10-30T18:26:53","guid":{"rendered":"https:\/\/wp.ufpel.edu.br\/spca\/?page_id=40"},"modified":"2018-11-01T14:39:24","modified_gmt":"2018-11-01T17:39:24","slug":"apresentacao","status":"publish","type":"page","link":"https:\/\/wp.ufpel.edu.br\/spca\/","title":{"rendered":"Apresenta\u00e7\u00e3o"},"content":{"rendered":"<p style=\"text-align: justify\">O Centro de Artes da UFPel tem, desde suas origens, desenvolvido investiga\u00e7\u00f5es que relacionam o ensino e a extens\u00e3o com a pesquisa. O I Semin\u00e1rio de Pesquisa do Centro de Artes nos trouxe um panorama da multiplicidade das pesquisas que nossos docentes realizam, e mais do que uma mostra de projetos, foi um encontro de saberes, de converg\u00eancia de interesses e de socializa\u00e7\u00e3o afetiva deste grupo. Esperamos que os frutos deste encontro nos tragam novos projetos, maior envolvimento dos discentes e amplia\u00e7\u00e3o da P\u00f3s-Gradua\u00e7\u00e3o para todas as \u00e1reas das Artes.<\/p>\n<p style=\"text-align: right\"><strong>Ursula Rosa da Silva<\/strong><br \/>\nDiretora do Centro de Artes \/ UFPel<\/p>\n<p>Desvendar, revelar, conhecer e apresentar foram alguns dos verbos que motivaram a realiza\u00e7\u00e3o do I Semin\u00e1rio de Pesquisa do Centro de Artes, da Universidade Federal de Pelotas. Evento organizado e realizado pela C\u00e2mara de Pesquisa e P\u00f3s-Gradua\u00e7\u00e3o (CPPG\/CA\/UFPel) teve como prop\u00f3sito, a partir das a\u00e7\u00f5es citadas, estimular o campo investigativo na unidade, possibilitando que o seu corpo docente conhecesse as pesquisas em andamento desenvolvidas pelos seus professores e colaboradores.<\/p>\n<p>Considerando que o Centro de Artes trata-se de uma unidade plural \u2013 contando com 14 cursos de gradua\u00e7\u00e3o e 2 cursos de p\u00f3s-gradua\u00e7\u00e3o (especializa\u00e7\u00e3o e mestrado) \u2013 reunir essa diversidade foi uma necessidade. Artes visuais, m\u00fasica, cinema, dan\u00e7a, design e teatro s\u00e3o as \u00e1reas abarcadas pelo Centro, atrav\u00e9s de cursos que, mesmo acontecendo em diferentes espa\u00e7os, unem-se por um elo comum: a arte.<\/p>\n<p>Elo este a partir do qual um universo rizom\u00e1tico se apresentou. Demonstra\u00e7\u00f5es do pensar e do fazer ligados \u00e0 arte, enfim, do pesquisar no campo art\u00edstico. Um evento, um encontro de m\u00faltiplos encontros. Um evento para conhecer e, por conseguinte, para potencializar, alavancar, fortalecer e reunir multidisciplinarmente diferentes investiga\u00e7\u00f5es e diferentes campos e especificidades do saber.<\/p>\n<p>O que se congrega no presente volume s\u00e3o os resumos das pesquisas que permitiram esse(s) encontro(s). Um evento que deu origem a este cat\u00e1logo, a materializa\u00e7\u00e3o das conversas, dos debates, de algumas respostas e de muitas perguntas que emergiram. Em suma, aqui se re\u00fanem as pesquisas que est\u00e3o sendo desenvolvidas no Centro de Artes, cujos temas e objetos confirmaram a pluralidade da unidade, bem como revelaram muitas aproxima\u00e7\u00f5es, abrindo portas para um horizonte de converg\u00eancias poss\u00edveis e, por certo, enriquecedoras. Este horizonte est\u00e1 logo ali, que sigamos vislumbrando-o e caminhando na sua dire\u00e7\u00e3o.<\/p>\n<p>Em nome da CPPG\/CA\/UFPel e da dire\u00e7\u00e3o da unidade, externo reconhecimento aos professores pesquisadores e seus colaboradores que conduzem as investiga\u00e7\u00f5es que formam este cat\u00e1logo, engajados na propaga\u00e7\u00e3o e fortalecimento de reflex\u00f5es e questionamentos que sensibilizam, tocam, alertam, denunciam, ferem, acalmam, poetizam, socializam, libertam&#8230; Que tenhamos for\u00e7a para existir e (re)existir!<\/p>\n<p style=\"text-align: right\"><strong>Paula Garcia Lima<\/strong><br \/>\nCoordenadora da C\u00e2mara de Pesquisa e P\u00f3s-Gradua\u00e7\u00e3o do Centro de Artes \/ UFPel<\/p>\n","protected":false},"excerpt":{"rendered":"<p>O Centro de Artes da UFPel tem, desde suas origens, desenvolvido investiga\u00e7\u00f5es que relacionam o ensino e a extens\u00e3o com a pesquisa. O I Semin\u00e1rio de Pesquisa do Centro de Artes nos trouxe um panorama da multiplicidade das pesquisas que nossos docentes realizam, e mais do que uma mostra de projetos, foi um encontro de &hellip; <\/p>\n<p><a class=\"more-link btn\" href=\"https:\/\/wp.ufpel.edu.br\/spca\/\">Continue lendo<\/a><\/p>\n","protected":false},"author":526,"featured_media":0,"parent":0,"menu_order":0,"comment_status":"closed","ping_status":"closed","template":"","meta":{"footnotes":""},"class_list":["post-40","page","type-page","status-publish","hentry","nodate","item-wrap"],"_links":{"self":[{"href":"https:\/\/wp.ufpel.edu.br\/spca\/wp-json\/wp\/v2\/pages\/40","targetHints":{"allow":["GET"]}}],"collection":[{"href":"https:\/\/wp.ufpel.edu.br\/spca\/wp-json\/wp\/v2\/pages"}],"about":[{"href":"https:\/\/wp.ufpel.edu.br\/spca\/wp-json\/wp\/v2\/types\/page"}],"author":[{"embeddable":true,"href":"https:\/\/wp.ufpel.edu.br\/spca\/wp-json\/wp\/v2\/users\/526"}],"replies":[{"embeddable":true,"href":"https:\/\/wp.ufpel.edu.br\/spca\/wp-json\/wp\/v2\/comments?post=40"}],"version-history":[{"count":4,"href":"https:\/\/wp.ufpel.edu.br\/spca\/wp-json\/wp\/v2\/pages\/40\/revisions"}],"predecessor-version":[{"id":148,"href":"https:\/\/wp.ufpel.edu.br\/spca\/wp-json\/wp\/v2\/pages\/40\/revisions\/148"}],"wp:attachment":[{"href":"https:\/\/wp.ufpel.edu.br\/spca\/wp-json\/wp\/v2\/media?parent=40"}],"curies":[{"name":"wp","href":"https:\/\/api.w.org\/{rel}","templated":true}]}}