{"id":8,"date":"2015-09-04T15:30:01","date_gmt":"2015-09-04T18:30:01","guid":{"rendered":"https:\/\/wp.ufpel.edu.br\/spaf\/?page_id=8"},"modified":"2026-02-21T17:24:30","modified_gmt":"2026-02-21T20:24:30","slug":"docentes","status":"publish","type":"page","link":"https:\/\/wp.ufpel.edu.br\/spaf\/docentes\/","title":{"rendered":"Docentes"},"content":{"rendered":"<p><span style=\"font-family: arial, helvetica, sans-serif; font-size: 12pt;\">Atualmente o programa conta com 18 docentes no corpo permanente e um docente no grupo colaborador. Clique no nome do docente para ver detalhes sobre a forma\u00e7\u00e3o acad\u00eamica e atua\u00e7\u00e3o profissional.<\/span><\/p>\n<p>&nbsp;<\/p>\n<p style=\"margin: 0cm; margin-bottom: .0001pt;\"><span style=\"font-family: arial, helvetica, sans-serif; font-size: 12pt;\"><strong><span style=\"color: #333333;\">Docentes permanentes<\/span><\/strong><\/span><\/p>\n<p><a href=\"http:\/\/lattes.cnpq.br\/6249289869696657\"><span style=\"font-family: arial, helvetica, sans-serif; color: #333333; font-size: 12pt;\">Andr\u00e9 Samuel Strassburger<\/span><\/a><\/p>\n<p><span style=\"font-family: arial, helvetica, sans-serif; color: #333333; font-size: 12pt;\"><a href=\"https:\/\/wp.ufpel.edu.br\/spaf\/docentes\/angelo-reis\/\" target=\"_blank\" rel=\"noopener noreferrer\">\u00c2ngelo Vieira dos Reis<\/a><\/span><\/p>\n<p><a href=\"http:\/\/lattes.cnpq.br\/8872408312210059\"><span style=\"font-family: arial, helvetica, sans-serif; color: #333333; font-size: 12pt;\"><span style=\"color: #333333;\">Carlos Alberto Seifert J\u00fanior<\/span><\/span><\/a><\/p>\n<p><span style=\"font-family: arial, helvetica, sans-serif;\"><span style=\"font-size: 12pt;\"><a href=\"https:\/\/wp.ufpel.edu.br\/spaf\/docentes\/carlos-henrique-silveira-rabelo\/\">Carlos Henrique Silveira Rabelo<\/a> <\/span><\/span><\/p>\n<p><span style=\"font-family: arial, helvetica, sans-serif;\"><span style=\"font-size: 12pt;\"><a href=\"http:\/\/lattes.cnpq.br\/9016260141552163\">Carlos Eduardo da Silva Pedroso<\/a> <\/span><\/span><\/p>\n<p><span style=\"font-family: arial, helvetica, sans-serif;\"><span style=\"font-size: 12pt;\"><span style=\"color: #333333;\"> <a href=\"https:\/\/wp.ufpel.edu.br\/spaf\/docentes\/carlos-rogerio-mauch\" target=\"_blank\" rel=\"noopener noreferrer\">Carlos Rog\u00e9rio Mauch <span style=\"color: #333333;\">(Coordenador Adjunto)<\/span><\/a><\/span> <\/span><\/span><\/p>\n<p><span style=\"font-family: arial, helvetica, sans-serif;\"><span style=\"font-size: 12pt;\"><span style=\"color: #333333;\"><a href=\"https:\/\/wp.ufpel.edu.br\/spaf\/docentes\/edgar-ricardo-schoffel\" target=\"_blank\" rel=\"noopener noreferrer\">Edgar Ricardo Sch\u00f6ffel<\/a><\/span> <\/span><\/span><\/p>\n<p><span style=\"font-family: arial, helvetica, sans-serif;\"><span style=\"font-size: 12pt;\"><a href=\"http:\/\/lattes.cnpq.br\/2304499677895731\">Ernestino de Souza Gomes Guarino<\/a> <\/span><\/span><\/p>\n<p><span style=\"font-family: arial, helvetica, sans-serif;\"><span style=\"font-size: 12pt;\"><span style=\"color: #333333;\"><a href=\"https:\/\/wp.ufpel.edu.br\/spaf\/docentes\/flavio-sacco-dos-anjos\" target=\"_blank\" rel=\"noopener noreferrer\">Flavio Sacco dos Anjos<\/a><\/span> <\/span><\/span><\/p>\n<p><span style=\"font-family: arial, helvetica, sans-serif;\"><span style=\"font-size: 12pt;\"><a href=\"https:\/\/wp.ufpel.edu.br\/spaf\/docentes\/fabricio-ardais-medeiros\/\">Fabr\u00edcio Ardais Medeiros <\/a><\/span><\/span><\/p>\n<p><span style=\"font-family: arial, helvetica, sans-serif;\"><span style=\"font-size: 12pt;\"> <a href=\"http:\/\/lattes.cnpq.br\/1800982183161800\">Jaqueline Durigon<\/a><\/span> <\/span><\/p>\n<p><span style=\"font-family: arial, helvetica, sans-serif;\"><a href=\"http:\/\/lattes.cnpq.br\/8683376495079788\"><span style=\"color: #333333; font-size: 12pt;\"><span style=\"color: #333333;\">Lu\u00eds Eduardo Correa Antunes<\/span><\/span><\/a> <\/span><\/p>\n<p><span style=\"font-family: arial, helvetica, sans-serif;\"><span style=\"font-size: 12pt;\"> <span style=\"color: #333333;\"><a href=\"https:\/\/wp.ufpel.edu.br\/spaf\/docentes\/mario-conill-gomes\" target=\"_blank\" rel=\"noopener noreferrer\">M\u00e1rio Conill Gomes<\/a><\/span> <\/span><\/span><\/p>\n<p><span style=\"font-family: arial, helvetica, sans-serif;\"><span style=\"font-size: 12pt;\"><a href=\"https:\/\/wp.ufpel.edu.br\/spaf\/docentes-patricia-martins-da-silva\/\">Patr\u00edcia Martins da Silva<\/a> <\/span><\/span><\/p>\n<p><span style=\"font-family: arial, helvetica, sans-serif;\"><span style=\"font-size: 12pt;\"><span style=\"color: #333333;\"><a href=\"https:\/\/wp.ufpel.edu.br\/spaf\/docentes\/roberta-marins-nogueira-peil\" target=\"_blank\" rel=\"noopener noreferrer\">Roberta Marins Nogueira Peil<\/a><\/span> <\/span><\/span><\/p>\n<p><span style=\"font-family: arial, helvetica, sans-serif;\"><span style=\"font-size: 12pt;\"><span style=\"color: #333333;\"><a href=\"https:\/\/wp.ufpel.edu.br\/spaf\/docentes\/roberto-lilles-tavares-machado\" target=\"_blank\" rel=\"noopener noreferrer\">Roberto Lilles Tavares Machado<\/a><\/span> <\/span><\/span><\/p>\n<p><span style=\"font-family: arial, helvetica, sans-serif;\"><span style=\"font-size: 12pt;\"><a href=\"https:\/\/wp.ufpel.edu.br\/spaf\/docentes\/roberto-trentin\/\">Roberto Trentin<\/a>\u00a0 <\/span><\/span><\/p>\n<p><span style=\"font-family: arial, helvetica, sans-serif;\"><span style=\"font-size: 12pt;\"><a href=\"http:\/\/lattes.cnpq.br\/5269420717974016\">Vanessa Sacramento Cerqueira<\/a><\/span><span style=\"color: #333333;\"><span style=\"font-family: arial, helvetica, sans-serif; font-size: 12pt;\"> (Coordenadora) <\/span><\/span><\/span><\/p>\n<p>&nbsp;<\/p>\n<p><span style=\"font-family: arial, helvetica, sans-serif;\"><span style=\"color: #333333;\"><span style=\"font-family: arial, helvetica, sans-serif; font-size: 12pt;\"><strong><span style=\"color: #333333;\"> Docentes colaboradores <\/span><\/strong><\/span><\/span><\/span><\/p>\n<p><span style=\"font-family: arial, helvetica, sans-serif;\"><span style=\"color: #333333;\"><span style=\"font-family: arial, helvetica, sans-serif; font-size: 12pt;\"><a href=\"https:\/\/wp.ufpel.edu.br\/spaf\/docentes\/nadia-velleda-caldas\" target=\"_blank\" rel=\"noopener noreferrer\">N\u00e1dia Velleda Caldas<\/a><\/span> <\/span><\/span><\/p>\n<pre class=\"hP\" tabindex=\"-1\" data-thread-perm-id=\"thread-f:1809302392780063642\" data-legacy-thread-id=\"191beef0aceb839a\"><\/pre>\n","protected":false},"excerpt":{"rendered":"<p>Atualmente o programa conta com 18 docentes no corpo permanente e um docente no grupo colaborador. Clique no nome do docente para ver detalhes sobre a forma\u00e7\u00e3o acad\u00eamica e atua\u00e7\u00e3o profissional. &nbsp; Docentes permanentes Andr\u00e9 Samuel Strassburger \u00c2ngelo Vieira dos Reis Carlos Alberto Seifert J\u00fanior Carlos Henrique Silveira Rabelo Carlos Eduardo da Silva Pedroso Carlos [&hellip;]<\/p>\n","protected":false},"author":530,"featured_media":0,"parent":0,"menu_order":0,"comment_status":"closed","ping_status":"closed","template":"","meta":{"jetpack_post_was_ever_published":false,"footnotes":""},"class_list":["post-8","page","type-page","status-publish","hentry"],"jetpack_shortlink":"https:\/\/wp.me\/P7gUJD-8","jetpack-related-posts":[],"jetpack_sharing_enabled":true,"_links":{"self":[{"href":"https:\/\/wp.ufpel.edu.br\/spaf\/wp-json\/wp\/v2\/pages\/8","targetHints":{"allow":["GET"]}}],"collection":[{"href":"https:\/\/wp.ufpel.edu.br\/spaf\/wp-json\/wp\/v2\/pages"}],"about":[{"href":"https:\/\/wp.ufpel.edu.br\/spaf\/wp-json\/wp\/v2\/types\/page"}],"author":[{"embeddable":true,"href":"https:\/\/wp.ufpel.edu.br\/spaf\/wp-json\/wp\/v2\/users\/530"}],"replies":[{"embeddable":true,"href":"https:\/\/wp.ufpel.edu.br\/spaf\/wp-json\/wp\/v2\/comments?post=8"}],"version-history":[{"count":3,"href":"https:\/\/wp.ufpel.edu.br\/spaf\/wp-json\/wp\/v2\/pages\/8\/revisions"}],"predecessor-version":[{"id":4566,"href":"https:\/\/wp.ufpel.edu.br\/spaf\/wp-json\/wp\/v2\/pages\/8\/revisions\/4566"}],"wp:attachment":[{"href":"https:\/\/wp.ufpel.edu.br\/spaf\/wp-json\/wp\/v2\/media?parent=8"}],"curies":[{"name":"wp","href":"https:\/\/api.w.org\/{rel}","templated":true}]}}