{"id":55,"date":"2015-09-04T16:02:27","date_gmt":"2015-09-04T19:02:27","guid":{"rendered":"https:\/\/wp.ufpel.edu.br\/spaf\/?page_id=55"},"modified":"2025-07-24T16:03:46","modified_gmt":"2025-07-24T19:03:46","slug":"dissertacoes-e-teses","status":"publish","type":"page","link":"https:\/\/wp.ufpel.edu.br\/spaf\/dissertacoes-e-teses\/","title":{"rendered":"Disserta\u00e7\u00f5es e Teses"},"content":{"rendered":"<p><span style=\"font-size: 14pt;\">As vers\u00f5es eletr\u00f4nicas das disserta\u00e7\u00f5es e teses do PPGSPAF est\u00e3o dispon\u00edveis na <span style=\"color: #3366ff;\">biblioteca digital da UFPel, por meio do reposit\u00f3rio Guaiaca<\/span>.<\/span><\/p>\n<p><span style=\"font-size: 14pt;\">A partir do ano de 2018, o acesso \u00e0s disserta\u00e7\u00f5es e teses do PPGSPAF ocorre atrav\u00e9s do link abaixo:<\/span><\/p>\n<p><a href=\"http:\/\/repositorio.ufpel.edu.br\/handle\/123456789\/985\" rel=\"attachment wp-att-579\"><img data-recalc-dims=\"1\" data-attachment-id=\"579\" data-permalink=\"https:\/\/wp.ufpel.edu.br\/spaf\/dissertacoes-e-teses\/guaiaca\/\" data-orig-file=\"https:\/\/i0.wp.com\/wp.ufpel.edu.br\/spaf\/files\/2016\/02\/guaiaca.jpg?fit=518%2C110&amp;ssl=1\" data-orig-size=\"518,110\" data-comments-opened=\"0\" data-image-meta=\"{&quot;aperture&quot;:&quot;0&quot;,&quot;credit&quot;:&quot;&quot;,&quot;camera&quot;:&quot;&quot;,&quot;caption&quot;:&quot;&quot;,&quot;created_timestamp&quot;:&quot;0&quot;,&quot;copyright&quot;:&quot;&quot;,&quot;focal_length&quot;:&quot;0&quot;,&quot;iso&quot;:&quot;0&quot;,&quot;shutter_speed&quot;:&quot;0&quot;,&quot;title&quot;:&quot;&quot;,&quot;orientation&quot;:&quot;0&quot;}\" data-image-title=\"guaiaca\" data-image-description=\"\" data-image-caption=\"\" data-medium-file=\"https:\/\/i0.wp.com\/wp.ufpel.edu.br\/spaf\/files\/2016\/02\/guaiaca.jpg?fit=400%2C85&amp;ssl=1\" data-large-file=\"https:\/\/i0.wp.com\/wp.ufpel.edu.br\/spaf\/files\/2016\/02\/guaiaca.jpg?fit=518%2C110&amp;ssl=1\" class=\"alignnone wp-image-579\" src=\"https:\/\/i0.wp.com\/wp.ufpel.edu.br\/spaf\/files\/2016\/02\/guaiaca.jpg?resize=372%2C79&#038;ssl=1\" alt=\"guaiaca\" width=\"372\" height=\"79\" srcset=\"https:\/\/i0.wp.com\/wp.ufpel.edu.br\/spaf\/files\/2016\/02\/guaiaca.jpg?resize=424%2C90&amp;ssl=1 424w, https:\/\/i0.wp.com\/wp.ufpel.edu.br\/spaf\/files\/2016\/02\/guaiaca.jpg?resize=212%2C45&amp;ssl=1 212w, https:\/\/i0.wp.com\/wp.ufpel.edu.br\/spaf\/files\/2016\/02\/guaiaca.jpg?w=518&amp;ssl=1 518w\" sizes=\"(max-width: 372px) 100vw, 372px\" \/><\/a><\/p>\n<p>&nbsp;<\/p>\n<p>&nbsp;<\/p>\n<p><strong><em>\u00a0 \u00a0 \u00a0 \u00a0 \u00a0 \u00a0 \u00a0 \u00a0 \u00a0 \u00a0 \u00a0 \u00a0 \u00a0 \u00a0 <span style=\"font-size: 14pt;\">\u00a0 \u00a0 \u00a0Disserta\u00e7\u00f5es e teses defendidas at\u00e9 2018:<\/span><\/em><\/strong><\/p>\n<p>&nbsp;<\/p>\n<p><span style=\"font-size: 18pt;\"><a href=\"https:\/\/wp.me\/P7gUJD-hx\">2018<\/a>\u00a0 \u00a0 \u00a0 \u00a0 \u00a0 \u00a0 <a href=\"https:\/\/wp.me\/P7gUJD-hu\">2017<\/a>\u00a0 \u00a0 \u00a0 \u00a0 \u00a0 \u00a0 \u00a0<a href=\"https:\/\/wp.me\/P7gUJD-hr\">2016<\/a>\u00a0 \u00a0 \u00a0 \u00a0 \u00a0 \u00a0 \u00a0<a href=\"https:\/\/wp.me\/P7gUJD-ho\">2015<\/a><\/span><\/p>\n<p>&nbsp;<\/p>\n<p><span style=\"font-size: 18pt;\"><a href=\"https:\/\/wp.me\/P7gUJD-hl\">2014<\/a>\u00a0 \u00a0 \u00a0 \u00a0 \u00a0 \u00a0 <a href=\"https:\/\/wp.me\/P7gUJD-hi\">2013<\/a>\u00a0 \u00a0 \u00a0 \u00a0 \u00a0 \u00a0 \u00a0<a href=\"https:\/\/wp.me\/P7gUJD-hf\">2012<\/a>\u00a0 \u00a0 \u00a0 \u00a0 \u00a0 \u00a0 \u00a0<a href=\"https:\/\/wp.me\/P7gUJD-hc\">2011<\/a><\/span><\/p>\n<p>&nbsp;<\/p>\n<p><span style=\"font-size: 18pt;\"><a href=\"https:\/\/wp.me\/P7gUJD-h9\">2010<\/a>\u00a0 \u00a0 \u00a0 \u00a0 \u00a0 \u00a0 <a href=\"https:\/\/wp.me\/P7gUJD-h6\">2009\u00a0<\/a> \u00a0 \u00a0 \u00a0 \u00a0 \u00a0\u00a0<\/span><span style=\"font-size: 18pt;\"><a href=\"https:\/\/wp.me\/P7gUJD-h3\">2008<\/a><\/span><\/p>\n<p>&nbsp;<\/p>\n<p>&nbsp;<\/p>\n","protected":false},"excerpt":{"rendered":"<p>As vers\u00f5es eletr\u00f4nicas das disserta\u00e7\u00f5es e teses do PPGSPAF est\u00e3o dispon\u00edveis na biblioteca digital da UFPel, por meio do reposit\u00f3rio Guaiaca. A partir do ano de 2018, o acesso \u00e0s disserta\u00e7\u00f5es e teses do PPGSPAF ocorre atrav\u00e9s do link abaixo: &nbsp; &nbsp; \u00a0 \u00a0 \u00a0 \u00a0 \u00a0 \u00a0 \u00a0 \u00a0 \u00a0 \u00a0 \u00a0 \u00a0 \u00a0 [&hellip;]<\/p>\n","protected":false},"author":530,"featured_media":0,"parent":0,"menu_order":0,"comment_status":"closed","ping_status":"closed","template":"","meta":{"jetpack_post_was_ever_published":false,"footnotes":""},"class_list":["post-55","page","type-page","status-publish","hentry"],"jetpack_shortlink":"https:\/\/wp.me\/P7gUJD-T","jetpack-related-posts":[],"jetpack_sharing_enabled":true,"_links":{"self":[{"href":"https:\/\/wp.ufpel.edu.br\/spaf\/wp-json\/wp\/v2\/pages\/55","targetHints":{"allow":["GET"]}}],"collection":[{"href":"https:\/\/wp.ufpel.edu.br\/spaf\/wp-json\/wp\/v2\/pages"}],"about":[{"href":"https:\/\/wp.ufpel.edu.br\/spaf\/wp-json\/wp\/v2\/types\/page"}],"author":[{"embeddable":true,"href":"https:\/\/wp.ufpel.edu.br\/spaf\/wp-json\/wp\/v2\/users\/530"}],"replies":[{"embeddable":true,"href":"https:\/\/wp.ufpel.edu.br\/spaf\/wp-json\/wp\/v2\/comments?post=55"}],"version-history":[{"count":15,"href":"https:\/\/wp.ufpel.edu.br\/spaf\/wp-json\/wp\/v2\/pages\/55\/revisions"}],"predecessor-version":[{"id":4341,"href":"https:\/\/wp.ufpel.edu.br\/spaf\/wp-json\/wp\/v2\/pages\/55\/revisions\/4341"}],"wp:attachment":[{"href":"https:\/\/wp.ufpel.edu.br\/spaf\/wp-json\/wp\/v2\/media?parent=55"}],"curies":[{"name":"wp","href":"https:\/\/api.w.org\/{rel}","templated":true}]}}