{"id":468,"date":"2015-12-17T16:04:52","date_gmt":"2015-12-17T18:04:52","guid":{"rendered":"https:\/\/wp.ufpel.edu.br\/spaf\/?page_id=468"},"modified":"2024-02-15T11:19:27","modified_gmt":"2024-02-15T14:19:27","slug":"plantas-bioativas","status":"publish","type":"page","link":"https:\/\/wp.ufpel.edu.br\/spaf\/disciplinas\/plantas-bioativas\/","title":{"rendered":"Sistemas de produ\u00e7\u00e3o familiar de frutas vermelhas"},"content":{"rendered":"<table style=\"height: 26px;\" border=\"0\" width=\"100%\">\n<tbody>\n<tr style=\"height: 26px;\">\n<td style=\"height: 26px;\" bgcolor=\"#F9F9F9\"><span style=\"font-family: 'book antiqua', palatino, serif; font-size: 12pt;\"><b class=\"prof\">Sistemas de produ\u00e7\u00e3o familiar de frutas vermelhas<\/b><\/span><\/td>\n<\/tr>\n<\/tbody>\n<\/table>\n<p><span style=\"font-family: 'book antiqua', palatino, serif; font-size: 12pt;\">c\u00f3digo: 218054 | carga hor\u00e1ria: 2-0-2 | I semestre<\/span><\/p>\n<p><span style=\"font-size: 12pt;\"><span style=\"font-family: 'book antiqua', palatino, serif;\">R<\/span><span style=\"font-family: 'book antiqua', palatino, serif;\">egente: <a class=\"link\" href=\"http:\/\/Luis Eduardo Corr\u00eaa Antunes\"><span style=\"font-family: 'book antiqua', palatino, serif;\">Gustavo Schiedeck<\/span> <\/a><\/span><\/span><\/p>\n<p><span style=\"font-family: 'book antiqua', palatino, serif; font-size: 12pt;\">Colaborador:<\/span><\/p>\n<p><span style=\"font-family: 'book antiqua', palatino, serif; font-size: 12pt;\"> Dra. Maria do Carmo Bassols Raseira (colaboradora)<br \/>\nDr. Rodrigo Cezar Franzon (Colaborador)<br \/>\nDr. Sandro Bonow (colaborador)<br \/>\nDr. Jos\u00e9 Ernani Schwengber (colaborador)<br \/>\nDr. Carlos Augusto Posser Silveira (colaborador)<br \/>\nDr. Carlos Rog\u00e9rio Mauch (colaborador)<br \/>\nDra. Roberta Marins Nogueira Peil (colaborador)<\/span><br \/>\n<span style=\"font-family: 'book antiqua', palatino, serif; font-size: 12pt;\">\u00a0\u00a0\u00a0\u00a0\u00a0\u00a0\u00a0\u00a0\u00a0\u00a0\u00a0\u00a0\u00a0\u00a0\u00a0\u00a0\u00a0\u00a0\u00a0 <\/span><\/p>\n<div class=\"docente\"><span style=\"font-family: 'book antiqua', palatino, serif; font-size: 12pt;\">Ementa: <\/span><br \/>\nEstudos reflexivos sobre a produ\u00e7\u00e3o de frutas de vermelhas no \u00e2mbito da produ\u00e7\u00e3o agr\u00edcola familiar abordando temas atuais dos impactos na diversifica\u00e7\u00e3o do portf\u00f3lio de produtos hort\u00edcolas da propriedade, cultivo e comercializa\u00e7\u00e3o. Al\u00e9m do conte\u00fado te\u00f3rico os discentes participar\u00e3o de aulas pr\u00e1ticas, nas quais poder\u00e3o conhecer experi\u00eancias de produ\u00e7\u00e3o com produtores locais. Como m\u00e9trica de avalia\u00e7\u00e3o, os discentes apresentar\u00e3o semin\u00e1rios de revis\u00e3o e ou relat\u00f3rios de atividade(s) pratica(s), al\u00e9m de provas.<\/div>\n<p>&nbsp;<\/p>\n","protected":false},"excerpt":{"rendered":"<p>Sistemas de produ\u00e7\u00e3o familiar de frutas vermelhas c\u00f3digo: 218054 | carga hor\u00e1ria: 2-0-2 | I semestre Regente: Gustavo Schiedeck Colaborador: Dra. Maria do Carmo Bassols Raseira (colaboradora) Dr. Rodrigo Cezar Franzon (Colaborador) Dr. Sandro Bonow (colaborador) Dr. Jos\u00e9 Ernani Schwengber (colaborador) Dr. Carlos Augusto Posser Silveira (colaborador) Dr. Carlos Rog\u00e9rio Mauch (colaborador) Dra. Roberta Marins [&hellip;]<\/p>\n","protected":false},"author":530,"featured_media":0,"parent":16,"menu_order":0,"comment_status":"closed","ping_status":"closed","template":"","meta":{"jetpack_post_was_ever_published":false,"footnotes":""},"class_list":["post-468","page","type-page","status-publish","hentry"],"jetpack_shortlink":"https:\/\/wp.me\/P7gUJD-7y","jetpack-related-posts":[],"jetpack_sharing_enabled":true,"_links":{"self":[{"href":"https:\/\/wp.ufpel.edu.br\/spaf\/wp-json\/wp\/v2\/pages\/468","targetHints":{"allow":["GET"]}}],"collection":[{"href":"https:\/\/wp.ufpel.edu.br\/spaf\/wp-json\/wp\/v2\/pages"}],"about":[{"href":"https:\/\/wp.ufpel.edu.br\/spaf\/wp-json\/wp\/v2\/types\/page"}],"author":[{"embeddable":true,"href":"https:\/\/wp.ufpel.edu.br\/spaf\/wp-json\/wp\/v2\/users\/530"}],"replies":[{"embeddable":true,"href":"https:\/\/wp.ufpel.edu.br\/spaf\/wp-json\/wp\/v2\/comments?post=468"}],"version-history":[{"count":4,"href":"https:\/\/wp.ufpel.edu.br\/spaf\/wp-json\/wp\/v2\/pages\/468\/revisions"}],"predecessor-version":[{"id":3635,"href":"https:\/\/wp.ufpel.edu.br\/spaf\/wp-json\/wp\/v2\/pages\/468\/revisions\/3635"}],"up":[{"embeddable":true,"href":"https:\/\/wp.ufpel.edu.br\/spaf\/wp-json\/wp\/v2\/pages\/16"}],"wp:attachment":[{"href":"https:\/\/wp.ufpel.edu.br\/spaf\/wp-json\/wp\/v2\/media?parent=468"}],"curies":[{"name":"wp","href":"https:\/\/api.w.org\/{rel}","templated":true}]}}