{"id":456,"date":"2015-12-17T15:55:26","date_gmt":"2015-12-17T17:55:26","guid":{"rendered":"https:\/\/wp.ufpel.edu.br\/spaf\/?page_id=456"},"modified":"2015-12-21T11:16:27","modified_gmt":"2015-12-21T13:16:27","slug":"456-2","status":"publish","type":"page","link":"https:\/\/wp.ufpel.edu.br\/spaf\/disciplinas\/456-2\/","title":{"rendered":"M\u00e1quinas Agr\u00edcolas de Baixa Pot\u00eancia"},"content":{"rendered":"<table border=\"0\" width=\"100%\">\n<tbody>\n<tr>\n<td bgcolor=\"#F9F9F9\"><span style=\"font-family: 'book antiqua', palatino, serif;font-size: 12pt\"><b class=\"prof\">M\u00e1quinas Agr\u00edcolas de Baixa Pot\u00eancia<\/b><\/span><\/td>\n<\/tr>\n<\/tbody>\n<\/table>\n<p><span style=\"font-family: 'book antiqua', palatino, serif;font-size: 12pt\">c\u00f3digo: 198118 | carga hor\u00e1ria: 3-0-1 | I semestre<\/span><\/p>\n<p><span style=\"font-family: 'book antiqua', palatino, serif;font-size: 12pt\">Regente: <a class=\"link\" href=\"https:\/\/wp.ufpel.edu.br\/spaf\/docentes\/angelo-reis\/\">\u00c2ngelo Vieira dos Reis<\/a><\/span><\/p>\n<p><span style=\"font-family: 'book antiqua', palatino, serif;font-size: 12pt\">Colaborador: <\/span><br \/>\n<span style=\"font-family: 'book antiqua', palatino, serif;font-size: 12pt\">\u00a0\u00a0\u00a0\u00a0\u00a0\u00a0\u00a0\u00a0\u00a0\u00a0\u00a0\u00a0\u00a0\u00a0\u00a0\u00a0\u00a0\u00a0\u00a0 <\/span><\/p>\n<div class=\"docente\"><span style=\"font-family: 'book antiqua', palatino, serif;font-size: 12pt\">Ementa: <\/span><br \/>\n<span style=\"font-family: 'book antiqua', palatino, serif;font-size: 12pt\">O uso de baixa pot\u00eancia na agricultura; classifica\u00e7\u00e3o das m\u00e1quinas e das fontes de baixa pot\u00eancia. Fontes de baixa pot\u00eancia: o homem, animais de tra\u00e7\u00e3o, motores de combust\u00e3o interna. M\u00e1quinas de tra\u00e7\u00e3o: descri\u00e7\u00e3o dos sistemas e das caracter\u00edsticas operacionais dos tratores de duas e de quatro rodas; aspectos de seguran\u00e7a. M\u00e1quinas para tratamentos culturais: constitui\u00e7\u00e3o e opera\u00e7\u00e3o dos diversos tipos de pulverizadores, capinadoras, rolos-faca e ro\u00e7adoras. M\u00e1quinas para preparo do solo: constitui\u00e7\u00e3o e opera\u00e7\u00e3o das m\u00e1quinas para preparo prim\u00e1rio e secund\u00e1rio do solo. M\u00e1quinas para semeadura e aduba\u00e7\u00e3o: constitui\u00e7\u00e3o e par\u00e2metros funcionais de semeadoras manuais, semeadoras de tra\u00e7\u00e3o animal e semeadoras tratorizadas para plantio direto. Outras m\u00e1quinas.<\/span><\/div>\n<p>&nbsp;<\/p>\n","protected":false},"excerpt":{"rendered":"<p>M\u00e1quinas Agr\u00edcolas de Baixa Pot\u00eancia c\u00f3digo: 198118 | carga hor\u00e1ria: 3-0-1 | I semestre Regente: \u00c2ngelo Vieira dos Reis Colaborador: \u00a0\u00a0\u00a0\u00a0\u00a0\u00a0\u00a0\u00a0\u00a0\u00a0\u00a0\u00a0\u00a0\u00a0\u00a0\u00a0\u00a0\u00a0\u00a0 Ementa: O uso de baixa pot\u00eancia na agricultura; classifica\u00e7\u00e3o das m\u00e1quinas e das fontes de baixa pot\u00eancia. Fontes de baixa pot\u00eancia: o homem, animais de tra\u00e7\u00e3o, motores de combust\u00e3o interna. M\u00e1quinas de tra\u00e7\u00e3o: descri\u00e7\u00e3o [&hellip;]<\/p>\n","protected":false},"author":530,"featured_media":0,"parent":16,"menu_order":0,"comment_status":"closed","ping_status":"closed","template":"","meta":{"jetpack_post_was_ever_published":false,"footnotes":""},"class_list":["post-456","page","type-page","status-publish","hentry"],"jetpack_shortlink":"https:\/\/wp.me\/P7gUJD-7m","jetpack-related-posts":[],"jetpack_sharing_enabled":true,"_links":{"self":[{"href":"https:\/\/wp.ufpel.edu.br\/spaf\/wp-json\/wp\/v2\/pages\/456","targetHints":{"allow":["GET"]}}],"collection":[{"href":"https:\/\/wp.ufpel.edu.br\/spaf\/wp-json\/wp\/v2\/pages"}],"about":[{"href":"https:\/\/wp.ufpel.edu.br\/spaf\/wp-json\/wp\/v2\/types\/page"}],"author":[{"embeddable":true,"href":"https:\/\/wp.ufpel.edu.br\/spaf\/wp-json\/wp\/v2\/users\/530"}],"replies":[{"embeddable":true,"href":"https:\/\/wp.ufpel.edu.br\/spaf\/wp-json\/wp\/v2\/comments?post=456"}],"version-history":[{"count":4,"href":"https:\/\/wp.ufpel.edu.br\/spaf\/wp-json\/wp\/v2\/pages\/456\/revisions"}],"predecessor-version":[{"id":530,"href":"https:\/\/wp.ufpel.edu.br\/spaf\/wp-json\/wp\/v2\/pages\/456\/revisions\/530"}],"up":[{"embeddable":true,"href":"https:\/\/wp.ufpel.edu.br\/spaf\/wp-json\/wp\/v2\/pages\/16"}],"wp:attachment":[{"href":"https:\/\/wp.ufpel.edu.br\/spaf\/wp-json\/wp\/v2\/media?parent=456"}],"curies":[{"name":"wp","href":"https:\/\/api.w.org\/{rel}","templated":true}]}}