{"id":3376,"date":"2023-05-16T11:00:39","date_gmt":"2023-05-16T14:00:39","guid":{"rendered":"https:\/\/wp.ufpel.edu.br\/spaf\/?page_id=3376"},"modified":"2023-05-25T11:44:03","modified_gmt":"2023-05-25T14:44:03","slug":"docentes-patricia-martins-da-silva","status":"publish","type":"page","link":"https:\/\/wp.ufpel.edu.br\/spaf\/docentes\/docentes-patricia-martins-da-silva\/","title":{"rendered":"Patr\u00edcia Martins da Silva"},"content":{"rendered":"<p>Doutorado em Agronomia, 2015<span style=\"font-family: georgia, palatino, serif; font-size: 12pt;\"><a href=\"http:\/\/lattes.cnpq.br\/4460546795447553\"><img data-recalc-dims=\"1\" data-attachment-id=\"88\" data-permalink=\"https:\/\/wp.ufpel.edu.br\/spaf\/docentes\/ana-claudia-rodrigues-de-lima\/download\/\" data-orig-file=\"https:\/\/i0.wp.com\/wp.ufpel.edu.br\/spaf\/files\/2015\/09\/download.jpg?fit=175%2C72&amp;ssl=1\" data-orig-size=\"175,72\" data-comments-opened=\"0\" data-image-meta=\"{&quot;aperture&quot;:&quot;0&quot;,&quot;credit&quot;:&quot;&quot;,&quot;camera&quot;:&quot;&quot;,&quot;caption&quot;:&quot;&quot;,&quot;created_timestamp&quot;:&quot;0&quot;,&quot;copyright&quot;:&quot;&quot;,&quot;focal_length&quot;:&quot;0&quot;,&quot;iso&quot;:&quot;0&quot;,&quot;shutter_speed&quot;:&quot;0&quot;,&quot;title&quot;:&quot;&quot;,&quot;orientation&quot;:&quot;0&quot;}\" data-image-title=\"download\" data-image-description=\"\" data-image-caption=\"\" data-medium-file=\"https:\/\/i0.wp.com\/wp.ufpel.edu.br\/spaf\/files\/2015\/09\/download.jpg?fit=175%2C72&amp;ssl=1\" data-large-file=\"https:\/\/i0.wp.com\/wp.ufpel.edu.br\/spaf\/files\/2015\/09\/download.jpg?fit=175%2C72&amp;ssl=1\" class=\"size-full wp-image-88 alignright\" src=\"https:\/\/i0.wp.com\/wp.ufpel.edu.br\/spaf\/files\/2015\/09\/download.jpg?resize=175%2C72&#038;ssl=1\" alt=\"download\" width=\"175\" height=\"72\" \/><\/a><\/span><\/p>\n<p>Universidade Federal de Pelotas, UFPEL, Pelotas, Brasil<\/p>\n<p><strong>T\u00edtulo da Tese:<\/strong> Processo identit\u00e1rio da Rede de Sementes Agroecol\u00f3gicas Bionatur: a experi\u00eancia na percep\u00e7\u00e3o dos agricultores<\/p>\n<p>Unidade: FAEM \/ Ci\u00eancias Sociais Agr\u00e1rias<\/p>\n<p>Linha de Pesquisa: Agricultura e Desenvolvimento Rural Sustent\u00e1vel<\/p>\n<p>E-mail:\u00a0<a href=\"mailto:patr%C3%ADcia.silva@ufpel.edu.br\" target=\"_blank\" rel=\"nofollow noopener\">patr\u00edcia.silva@ufpel.edu.br<\/a><\/p>\n<p>Disciplinas ministradas: Agrossociobiodiversidade e sementes crioulas<\/p>\n<p>&nbsp;<\/p>\n","protected":false},"excerpt":{"rendered":"<p>Doutorado em Agronomia, 2015 Universidade Federal de Pelotas, UFPEL, Pelotas, Brasil T\u00edtulo da Tese: Processo identit\u00e1rio da Rede de Sementes Agroecol\u00f3gicas Bionatur: a experi\u00eancia na percep\u00e7\u00e3o dos agricultores Unidade: FAEM \/ Ci\u00eancias Sociais Agr\u00e1rias Linha de Pesquisa: Agricultura e Desenvolvimento Rural Sustent\u00e1vel E-mail:\u00a0patr\u00edcia.silva@ufpel.edu.br Disciplinas ministradas: Agrossociobiodiversidade e sementes crioulas &nbsp;<\/p>\n","protected":false},"author":530,"featured_media":0,"parent":8,"menu_order":0,"comment_status":"closed","ping_status":"closed","template":"","meta":{"jetpack_post_was_ever_published":false,"footnotes":""},"class_list":["post-3376","page","type-page","status-publish","hentry"],"jetpack_shortlink":"https:\/\/wp.me\/P7gUJD-Ss","jetpack-related-posts":[],"jetpack_sharing_enabled":true,"_links":{"self":[{"href":"https:\/\/wp.ufpel.edu.br\/spaf\/wp-json\/wp\/v2\/pages\/3376","targetHints":{"allow":["GET"]}}],"collection":[{"href":"https:\/\/wp.ufpel.edu.br\/spaf\/wp-json\/wp\/v2\/pages"}],"about":[{"href":"https:\/\/wp.ufpel.edu.br\/spaf\/wp-json\/wp\/v2\/types\/page"}],"author":[{"embeddable":true,"href":"https:\/\/wp.ufpel.edu.br\/spaf\/wp-json\/wp\/v2\/users\/530"}],"replies":[{"embeddable":true,"href":"https:\/\/wp.ufpel.edu.br\/spaf\/wp-json\/wp\/v2\/comments?post=3376"}],"version-history":[{"count":5,"href":"https:\/\/wp.ufpel.edu.br\/spaf\/wp-json\/wp\/v2\/pages\/3376\/revisions"}],"predecessor-version":[{"id":3383,"href":"https:\/\/wp.ufpel.edu.br\/spaf\/wp-json\/wp\/v2\/pages\/3376\/revisions\/3383"}],"up":[{"embeddable":true,"href":"https:\/\/wp.ufpel.edu.br\/spaf\/wp-json\/wp\/v2\/pages\/8"}],"wp:attachment":[{"href":"https:\/\/wp.ufpel.edu.br\/spaf\/wp-json\/wp\/v2\/media?parent=3376"}],"curies":[{"name":"wp","href":"https:\/\/api.w.org\/{rel}","templated":true}]}}