{"id":27,"date":"2015-09-04T15:38:41","date_gmt":"2015-09-04T18:38:41","guid":{"rendered":"https:\/\/wp.ufpel.edu.br\/spaf\/?page_id=27"},"modified":"2026-03-03T09:50:04","modified_gmt":"2026-03-03T12:50:04","slug":"documentos","status":"publish","type":"page","link":"https:\/\/wp.ufpel.edu.br\/spaf\/documentos\/","title":{"rendered":"Documentos"},"content":{"rendered":"<p>Abaixo est\u00e3o listados os documentos que devem ser entregues \u00e0 secretaria do PPGSPAF atrav\u00e9s do e-mail:\u00a0 \u00a0ppgspaf@gmail.com.<\/p>\n<p>OBS. Os documentos devem ser assinados pelo discente e orientador. No caso do orientador, este deve, obrigatoriamente, <u>assinar digitalmente utilizando a assinatura eletr\u00f4nica no portal gov.br.<\/u><\/p>\n<p><strong>\u00a0<\/strong><\/p>\n<p><span style=\"color: #0000ff; background-color: #ffffff;\"><strong>MATR\u00cdCULA<\/strong><\/span><\/p>\n<p>A matr\u00edcula deve ser solicitada via sistema Cobalto\/UFPel, com exce\u00e7\u00e3o dos ingressantes que devem enviar o formul\u00e1rio de matr\u00edcula ao PPGSPAF via e-mail.<\/p>\n<p>Todos os discentes no ato da matr\u00edcula devem enviar a Declara\u00e7\u00e3o de exist\u00eancia ou inexist\u00eancia de v\u00ednculo empregat\u00edcio.<\/p>\n<p>&nbsp;<\/p>\n<p>Documentos relacionados \u00e0 matr\u00edcula:<\/p>\n<p><a href=\"https:\/\/wp.ufpel.edu.br\/spaf\/files\/2026\/03\/Formulario-2-MATRICULA_Formulario.docx\">Formul\u00e1rio-2-MATR\u00cdCULA<\/a><\/p>\n<p><a href=\"https:\/\/wp.ufpel.edu.br\/spaf\/files\/2025\/01\/Declaracao-de-existencia-ou-nao-de-atividade-remunerada.docx\">Declara\u00e7\u00e3o de exist\u00eancia ou n\u00e3o de atividade remunerada<\/a><\/p>\n<p>&nbsp;<\/p>\n<p><a href=\"https:\/\/wp.ufpel.edu.br\/spaf\/files\/2015\/09\/inclusao_disciplina.doc\">Inclus\u00e3o de disciplina [5]<\/a><\/p>\n<p><a href=\"https:\/\/wp.ufpel.edu.br\/spaf\/files\/2015\/09\/cancelamento_disciplina.doc\">Cancelamento de matr\u00edcula em disciplina [10]<\/a><\/p>\n<p><a href=\"https:\/\/wp.ufpel.edu.br\/spaf\/files\/2015\/09\/trancamento_matricula.doc\">Trancamento de matr\u00edcula [11]<\/a><\/p>\n<p>&nbsp;<\/p>\n<p><span style=\"color: #0000ff;\"><strong>ALUNO ESPECIAL<\/strong><\/span><\/p>\n<p><a href=\"https:\/\/wp.ufpel.edu.br\/spaf\/files\/2022\/02\/formulario_inscricao_aluno-especial-2022-01.docx\">Requerimento de inscri\u00e7\u00e3o (Aluno Especial) [1A]<\/a><\/p>\n<p>&nbsp;<\/p>\n<p><span style=\"color: #0000ff;\"><strong>PLANO DE ESTUDOS<\/strong><\/span><\/p>\n<p>O plano de estudos e a indica\u00e7\u00e3o da comiss\u00e3o orientadora deve ser entregue em data definida no calend\u00e1rio do PPG, utilizando o <strong>modelo<\/strong>:<\/p>\n<p><a href=\"https:\/\/wp.ufpel.edu.br\/spaf\/files\/2025\/01\/Plano-de-estudos-e-indicacao-de-comissao-orientadora-3.doc\">Plano de estudos e indica\u00e7\u00e3o de comiss\u00e3o orientadora [3]<\/a><\/p>\n<p>&nbsp;<\/p>\n<p><u>Aproveitamento de cr\u00e9ditos<\/u><\/p>\n<p>Para a solicita\u00e7\u00e3o de aproveitamento de cr\u00e9ditos, s\u00e3o necess\u00e1rios:<\/p>\n<p>&#8211; o preenchimento do Formul\u00e1rio: <a href=\"https:\/\/wp.ufpel.edu.br\/spaf\/files\/2015\/09\/aproveitamento_creditos.doc\">Solicita\u00e7\u00e3o para aproveitamento de cr\u00e9ditos [6]<\/a><\/p>\n<p>&#8211; o plano de ensino da (s) disciplina(s) cursada (s) contendo carga hor\u00e1ria, n\u00famero de cr\u00e9ditos e ementa;<\/p>\n<p>&#8211; o hist\u00f3rico.<\/p>\n<p>&nbsp;<\/p>\n<p><span style=\"color: #0000ff;\"><strong>PROJETO DE DISSERTA\u00c7\u00c3O E TESE<\/strong><\/span><\/p>\n<p>O projeto deve ser enviado em data definida no calend\u00e1rio do PPG, utilizando o <strong>modelo<\/strong>:<\/p>\n<p><a href=\"https:\/\/wp.ufpel.edu.br\/spaf\/files\/2015\/09\/Projeto.doc\">Projeto de Disserta\u00e7\u00e3o\/Tese<\/a><\/p>\n<p><strong>\u00a0<\/strong><\/p>\n<p><span style=\"color: #0000ff;\"><strong>QUALIFICA\u00c7\u00c3O DE DOUTORADO<\/strong><\/span><\/p>\n<p>O Exame de Qualifica\u00e7\u00e3o ao Doutoramento dever\u00e1 acontecer at\u00e9 o final do quarto semestre do curso.<\/p>\n<p>Documentos:<\/p>\n<p><a href=\"https:\/\/wp.ufpel.edu.br\/spaf\/files\/2015\/09\/nomeacao_bancaexaminadora.doc\">Nomea\u00e7\u00e3o de banca examinadora para qualifica\u00e7\u00e3o [4A]<\/a><\/p>\n<p><a href=\"https:\/\/wp.ufpel.edu.br\/spaf\/files\/2015\/09\/exame_qualificacao.doc\">Exame de qualifica\u00e7\u00e3o [7]<\/a><\/p>\n<p>&nbsp;<\/p>\n<p><span style=\"color: #0000ff;\"><strong>DEFESA DE MESTRADO E DOUTORADO<\/strong><\/span><\/p>\n<p>O orientador deve encaminhar \u00e0 secretaria do PPG:<\/p>\n<p>&#8211; solicita\u00e7\u00e3o de Defesa de Disserta\u00e7\u00e3o ou Tese: <a href=\"https:\/\/wp.ufpel.edu.br\/spaf\/files\/2015\/09\/encaminhamento_defesa.doc\">Encaminhamento de defesa;<\/a><\/p>\n<p>&#8211; c\u00f3pias da Disserta\u00e7\u00e3o ou Tese em n\u00famero suficiente para o processo de defesa;<\/p>\n<p>&#8211; pelo menos um trabalho cient\u00edfico da mesma, redigido de acordo com normas de publica\u00e7\u00e3o da revista cient\u00edfica Qualis A1, A2 ou B1 da \u00e1rea de Ci\u00eancias Agr\u00e1rias I, com o documento de recebimento pela respectiva revista;<\/p>\n<p>&#8211; no caso de Defesa Sigilosa de Disserta\u00e7\u00e3o ou Tese, documento de recebimento pela Coordenadoria de Inova\u00e7\u00e3o Tecnol\u00f3gica da UFPel de pedido de patente da mesma sendo que nesse caso n\u00e3o se aplica o inciso III desse artigo.<\/p>\n<p>&nbsp;<\/p>\n<p><u>Documentos necess\u00e1rios para a Sess\u00e3o de Defesa de Disserta\u00e7\u00e3o ou Tese:\u00a0<\/u><\/p>\n<p>Os documentos devem ser preenchidos em 3 vias (uma para o coordenador do PPG, uma para o orientador e uma para a PRPPG) e entregues na secretaria do PPG.<\/p>\n<p>Ata de defesa: <a href=\"https:\/\/wp.ufpel.edu.br\/spaf\/files\/2015\/09\/form5.doc\">Defesa de Disserta\u00e7\u00e3o ou Tese [5]<\/a><\/p>\n<p>Ata de corre\u00e7\u00f5es: <a href=\"https:\/\/wp.ufpel.edu.br\/spaf\/files\/2016\/08\/Formulario5A.doc\">Ata de corre\u00e7\u00f5es de disserta\u00e7\u00e3o ou tese [5A]<\/a><\/p>\n<p>&nbsp;<\/p>\n<p><u>Encaminhamento da vers\u00e3o final<\/u>:<\/p>\n<p>Documentos:<\/p>\n<p>&#8211; Disserta\u00e7\u00e3o ou Tese final ap\u00f3s as corre\u00e7\u00f5es;<\/p>\n<p>&#8211; Declara\u00e7\u00e3o do orientador de efetiva\u00e7\u00e3o das corre\u00e7\u00f5es: <a href=\"https:\/\/wp.ufpel.edu.br\/spaf\/files\/2025\/01\/Declaracao-de-correcoes-1.docx\">Declara\u00e7\u00e3o de corre\u00e7\u00f5es<\/a>;<\/p>\n<p>&#8211; <a href=\"https:\/\/wp.ufpel.edu.br\/spaf\/files\/2024\/08\/Termo-Dissertacoes-e-Teses-novo.pdf\">Autoriza\u00e7\u00e3o biblioteca.<\/a><\/p>\n<p>&nbsp;<\/p>\n<p><u>Para a confec\u00e7\u00e3o do Diploma:<\/u><\/p>\n<p><a href=\"https:\/\/wp.ufpel.edu.br\/spaf\/files\/2025\/01\/Documentos-Necessarios-Para-Confeccao-De-Diplomas.pdf\">Documentos-Necess\u00e1rios-Para-Confec\u00e7\u00e3o-De-Diplomas<\/a><\/p>\n<p>&nbsp;<\/p>\n<p><span style=\"color: #0000ff;\"><strong>BOLSAS DE ESTUDOS \u00a0\u00a0\u00a0\u00a0Programa de demanda Social<\/strong><\/span><\/p>\n<p>Formul\u00e1rios referentes a cadastramento e prorroga\u00e7\u00e3o de bolsa:<\/p>\n<p><a href=\"https:\/\/wp.ufpel.edu.br\/spaf\/files\/2025\/01\/Formulario-de-cadastramento-de-bolsa-SPAF.xls\">Formul\u00e1rio de cadastramento de bolsa SPAF<\/a><\/p>\n<p><a href=\"https:\/\/wp.ufpel.edu.br\/spaf\/files\/2025\/01\/Formulario-de-Prorrogacao-de-Bolsa.xlsx\">Formul\u00e1rio de Prorroga\u00e7\u00e3o de Bolsa<\/a><\/p>\n<p>&nbsp;<\/p>\n<p>Al\u00e9m destes, deve ser preenchido:<\/p>\n<p>\u2192 Sem ac\u00famulo de renda:<\/p>\n<p><a href=\"https:\/\/wp.ufpel.edu.br\/spaf\/files\/2022\/02\/Termo-de-compromisso.docx\">Termo de compromisso<\/a> sem ac\u00famulo de renda<\/p>\n<p>&nbsp;<\/p>\n<p>\u2192 Com ac\u00famulo de renda:<\/p>\n<p>Termo de compromisso com ac\u00famulo de renda <a href=\"https:\/\/wp.ufpel.edu.br\/spaf\/files\/2025\/01\/Termo-de-Compromisso-DS-1Modelo.pdf\">Termo de Compromisso DS-1Modelo<\/a><\/p>\n<p>Declara\u00e7\u00e3o de ac\u00famulo:\u00a0 <a href=\"https:\/\/wp.ufpel.edu.br\/spaf\/files\/2025\/01\/declaracao-de-acumulos.pdf\">declara\u00e7\u00e3o de ac\u00famulos<\/a><\/p>\n<p>&nbsp;<\/p>\n<p><span style=\"color: #0000ff;\"><strong>EST\u00c1GIO DE DOC\u00caNCIA ORIENTADA I E II<\/strong><\/span><\/p>\n<p>O relat\u00f3rio de est\u00e1gio de doc\u00eancia deve ser preenchido e assinado eletronicamente (Sougov) pelo orientador e pelo professor respons\u00e1vel pela disciplina, caso n\u00e3o seja o orientador,\u00a0 e entregue ao Professor respons\u00e1vel pela disciplina de Est\u00e1gio de Doc\u00eancia orientada I ou II ao final do semestre cursado.<\/p>\n<p><a href=\"https:\/\/wp.ufpel.edu.br\/spaf\/files\/2025\/02\/ESTAGIO-DE-DOCENCIA.docx\">Relat\u00f3rio de est\u00e1gio de doc\u00eancia<\/a><\/p>\n<p>&nbsp;<\/p>\n<p><span style=\"color: #0000ff;\"><strong>NORMAS DE CREDENCIAMENTO\/DESCREDENCIAMENTO DE DOCENTES<\/strong><\/span><\/p>\n<p><a href=\"https:\/\/wp.ufpel.edu.br\/spaf\/files\/2015\/09\/Normas.pdf\">Normas para credenciamento\/descredenciamento<\/a><\/p>\n<p><a href=\"https:\/\/wp.ufpel.edu.br\/spaf\/files\/2018\/03\/Programa-anal%C3%ADtico-de-disciplina.xls\">Programa anal\u00edtico de disciplina<\/a><\/p>\n<p>&nbsp;<\/p>\n<p><span style=\"color: #0000ff;\"><strong>DIVERSOS<\/strong><\/span><\/p>\n<p><a href=\"https:\/\/wp.ufpel.edu.br\/spaf\/files\/2015\/09\/requerimento.doc\">Requerimento<\/a>\u00a0(Para solicita\u00e7\u00f5es diversas)<\/p>\n<p><a href=\"https:\/\/wp.ufpel.edu.br\/spaf\/files\/2023\/09\/Auxilio-Financeiro-2023.docx\">Solicita\u00e7\u00e3o de Recursos do PROAP (Aux\u00edlio Financeiro)<\/a><\/p>\n<p><a href=\"https:\/\/wp.ufpel.edu.br\/spaf\/files\/2025\/01\/Modelo-de-relatorio-de-viagem.docx\">Modelo de relat\u00f3rio de viagem<\/a><\/p>\n<p><a href=\"https:\/\/wp.ufpel.edu.br\/spaf\/files\/2015\/09\/alteracao_nivel.doc\">Altera\u00e7\u00e3o de n\u00edvel [8]<\/a><\/p>\n<p><a href=\"https:\/\/wp.ufpel.edu.br\/spaf\/files\/2015\/09\/encaminhamento_alteracao_nivel.doc\">Encaminhamento de altera\u00e7\u00e3o de n\u00edvel [12A]<\/a><\/p>\n<p>&nbsp;<\/p>\n<p>&nbsp;<\/p>\n<p>&nbsp;<\/p>\n","protected":false},"excerpt":{"rendered":"<p>Abaixo est\u00e3o listados os documentos que devem ser entregues \u00e0 secretaria do PPGSPAF atrav\u00e9s do e-mail:\u00a0 \u00a0ppgspaf@gmail.com. OBS. Os documentos devem ser assinados pelo discente e orientador. No caso do orientador, este deve, obrigatoriamente, assinar digitalmente utilizando a assinatura eletr\u00f4nica no portal gov.br. \u00a0 MATR\u00cdCULA A matr\u00edcula deve ser solicitada via sistema Cobalto\/UFPel, com exce\u00e7\u00e3o [&hellip;]<\/p>\n","protected":false},"author":530,"featured_media":0,"parent":0,"menu_order":0,"comment_status":"closed","ping_status":"closed","template":"","meta":{"jetpack_post_was_ever_published":false,"footnotes":""},"class_list":["post-27","page","type-page","status-publish","hentry"],"jetpack_shortlink":"https:\/\/wp.me\/P7gUJD-r","jetpack-related-posts":[],"jetpack_sharing_enabled":true,"_links":{"self":[{"href":"https:\/\/wp.ufpel.edu.br\/spaf\/wp-json\/wp\/v2\/pages\/27","targetHints":{"allow":["GET"]}}],"collection":[{"href":"https:\/\/wp.ufpel.edu.br\/spaf\/wp-json\/wp\/v2\/pages"}],"about":[{"href":"https:\/\/wp.ufpel.edu.br\/spaf\/wp-json\/wp\/v2\/types\/page"}],"author":[{"embeddable":true,"href":"https:\/\/wp.ufpel.edu.br\/spaf\/wp-json\/wp\/v2\/users\/530"}],"replies":[{"embeddable":true,"href":"https:\/\/wp.ufpel.edu.br\/spaf\/wp-json\/wp\/v2\/comments?post=27"}],"version-history":[{"count":4,"href":"https:\/\/wp.ufpel.edu.br\/spaf\/wp-json\/wp\/v2\/pages\/27\/revisions"}],"predecessor-version":[{"id":4606,"href":"https:\/\/wp.ufpel.edu.br\/spaf\/wp-json\/wp\/v2\/pages\/27\/revisions\/4606"}],"wp:attachment":[{"href":"https:\/\/wp.ufpel.edu.br\/spaf\/wp-json\/wp\/v2\/media?parent=27"}],"curies":[{"name":"wp","href":"https:\/\/api.w.org\/{rel}","templated":true}]}}