{"id":2346,"date":"2021-04-05T10:55:54","date_gmt":"2021-04-05T13:55:54","guid":{"rendered":"https:\/\/wp.ufpel.edu.br\/spaf\/?page_id=2346"},"modified":"2026-02-11T09:51:04","modified_gmt":"2026-02-11T12:51:04","slug":"calendario-3","status":"publish","type":"page","link":"https:\/\/wp.ufpel.edu.br\/spaf\/calendario-3\/","title":{"rendered":"Calend\u00e1rio"},"content":{"rendered":"<p><strong>2026<\/strong><\/p>\n<p><a href=\"https:\/\/wp.ufpel.edu.br\/spaf\/files\/2026\/02\/Calendario-academico-2026.pdf\">Calend\u00e1rio acad\u00eamico 2026<\/a><\/p>\n<p><a href=\"https:\/\/wp.ufpel.edu.br\/spaf\/files\/2026\/02\/Calendario-de-reunioes-2026.pdf\">Calend\u00e1rio de reuni\u00f5es 2026<\/a><\/p>\n<p>&nbsp;<\/p>\n<p>&nbsp;<\/p>\n<p>&nbsp;<\/p>\n<p><span style=\"color: #999999;\"><strong>2025<\/strong><\/span><\/p>\n<p><span style=\"color: #999999;\"><a style=\"color: #999999;\" href=\"https:\/\/wp.ufpel.edu.br\/spaf\/files\/2025\/05\/Calendario-2025-novo.pdf\">Calend\u00e1rio 2025 <\/a><\/span><\/p>\n<p><span style=\"color: #999999;\"><a style=\"color: #999999;\" href=\"https:\/\/wp.ufpel.edu.br\/spaf\/files\/2025\/02\/Calendario-de-reunioes-2025.pdf\">Calend\u00e1rio de Reuni\u00f5es 2025<\/a><\/span><\/p>\n<p>&nbsp;<\/p>\n<p><span style=\"color: #999999;\"><strong>2024<\/strong><\/span><\/p>\n<p><span style=\"color: #999999;\"><a style=\"color: #999999;\" href=\"https:\/\/wp.ufpel.edu.br\/spaf\/files\/2024\/02\/Calendario-Academico-2024.pdf\">Clique para acessar o Calendario-Academico-PPGSPAF-2024.pdf<\/a><\/span><\/p>\n<p><span style=\"color: #999999;\"><a style=\"color: #999999;\" href=\"https:\/\/wp.ufpel.edu.br\/spaf\/files\/2024\/01\/Calendario-de-reunioes-2024.pdf\">Clique para acessar o Calend\u00e1rio de Reuni\u00f5es &#8211; 2024<\/a><\/span><\/p>\n","protected":false},"excerpt":{"rendered":"<p>2026 Calend\u00e1rio acad\u00eamico 2026 Calend\u00e1rio de reuni\u00f5es 2026 &nbsp; &nbsp; &nbsp; 2025 Calend\u00e1rio 2025 Calend\u00e1rio de Reuni\u00f5es 2025 &nbsp; 2024 Clique para acessar o Calendario-Academico-PPGSPAF-2024.pdf Clique para acessar o Calend\u00e1rio de Reuni\u00f5es &#8211; 2024<\/p>\n","protected":false},"author":530,"featured_media":0,"parent":0,"menu_order":0,"comment_status":"closed","ping_status":"closed","template":"","meta":{"jetpack_post_was_ever_published":false,"footnotes":""},"class_list":["post-2346","page","type-page","status-publish","hentry"],"jetpack_shortlink":"https:\/\/wp.me\/P7gUJD-BQ","jetpack-related-posts":[],"jetpack_sharing_enabled":true,"_links":{"self":[{"href":"https:\/\/wp.ufpel.edu.br\/spaf\/wp-json\/wp\/v2\/pages\/2346","targetHints":{"allow":["GET"]}}],"collection":[{"href":"https:\/\/wp.ufpel.edu.br\/spaf\/wp-json\/wp\/v2\/pages"}],"about":[{"href":"https:\/\/wp.ufpel.edu.br\/spaf\/wp-json\/wp\/v2\/types\/page"}],"author":[{"embeddable":true,"href":"https:\/\/wp.ufpel.edu.br\/spaf\/wp-json\/wp\/v2\/users\/530"}],"replies":[{"embeddable":true,"href":"https:\/\/wp.ufpel.edu.br\/spaf\/wp-json\/wp\/v2\/comments?post=2346"}],"version-history":[{"count":3,"href":"https:\/\/wp.ufpel.edu.br\/spaf\/wp-json\/wp\/v2\/pages\/2346\/revisions"}],"predecessor-version":[{"id":4548,"href":"https:\/\/wp.ufpel.edu.br\/spaf\/wp-json\/wp\/v2\/pages\/2346\/revisions\/4548"}],"wp:attachment":[{"href":"https:\/\/wp.ufpel.edu.br\/spaf\/wp-json\/wp\/v2\/media?parent=2346"}],"curies":[{"name":"wp","href":"https:\/\/api.w.org\/{rel}","templated":true}]}}