{"id":1060,"date":"2018-04-13T14:35:55","date_gmt":"2018-04-13T17:35:55","guid":{"rendered":"https:\/\/wp.ufpel.edu.br\/spaf\/?page_id=1060"},"modified":"2018-04-17T12:36:39","modified_gmt":"2018-04-17T15:36:39","slug":"2009-2","status":"publish","type":"page","link":"https:\/\/wp.ufpel.edu.br\/spaf\/dissertacoes-e-teses\/2009-2\/","title":{"rendered":"2009"},"content":{"rendered":"<p style=\"text-align: center\"><strong>Mestrado (Disserta\u00e7\u00f5es)<\/strong><\/p>\n<p><strong>BIANCHINI, Simone\u00a0<\/strong><\/p>\n<p><img data-recalc-dims=\"1\" height=\"24\" width=\"24\" src=\"https:\/\/i0.wp.com\/wp.ufpel.edu.br\/spaf\/files\/2018\/04\/pdf-icon-24x24.png?resize=24%2C24&#038;ssl=1\" \/>\u00a0<a href=\"https:\/\/drive.google.com\/open?id=1foo4vISPBYjBuZnb75a0Am4jh1shYXNQ\" target=\"_blank\" rel=\"noopener\">O futuro das propriedades familiares sem sucessores: o caso do Munic\u00edpio de Para\u00edso\/SC<\/a><\/p>\n<p>&nbsp;<\/p>\n<p><strong>GOMES, Gustavo Crizel<\/strong><\/p>\n<p><a href=\"http:\/\/repositorio.ufpel.edu.br\/bitstream\/123456789\/2427\/1\/_Dissertacao_Gustavo_Crizel_Gomes.pdf\">Composi\u00e7\u00e3o e aspectos ecol\u00f3gicos da flora arbustivoarb\u00f3rea nativa da Serra dos Tapes<\/a><\/p>\n<p>&nbsp;<\/p>\n<p><strong>MARTINEZ, Ernesto Alvaro<\/strong><\/p>\n<p><a href=\"https:\/\/drive.google.com\/open?id=1K_S5srstun0loeInXygp-dp8AbCaD-jV\" target=\"_blank\" rel=\"noopener\"><img data-recalc-dims=\"1\" height=\"24\" width=\"24\" src=\"https:\/\/i0.wp.com\/wp.ufpel.edu.br\/spaf\/files\/2018\/04\/pdf-icon-24x24.png?resize=24%2C24&#038;ssl=1\" \/>Caracteriza\u00e7\u00e3o do sistema de produ\u00e7\u00e3o de batata em transi\u00e7\u00e3o agroecol\u00f3gica de agricultores familiares em S\u00e3o Louren\u00e7o do Sul (RS)<\/a><\/p>\n<p>&nbsp;<\/p>\n<p><strong>MAYER, F\u00e1bio Andr\u00e9<\/strong><\/p>\n<p><a href=\"http:\/\/repositorio.ufpel.edu.br\/bitstream\/123456789\/2403\/1\/Dissertacao_Fabio_Andre_Mayer.pdf\">Produ\u00e7\u00e3o e qualidade biol\u00f3gica e qu\u00edmica de diferentes vermicompostos para a produ\u00e7\u00e3o de cenouras rumo \u00e0 sustentabilidade dos agroecossistemas<\/a><\/p>\n<p>&nbsp;<\/p>\n<p><strong>OLANDA, Rosemeri Berguenmaier de<\/strong><\/p>\n<p><a href=\"http:\/\/repositorio.ufpel.edu.br\/bitstream\/123456789\/2400\/1\/dissertacao_rosemeri_olanda.pdf\">Produ\u00e7\u00e3o de sementes de trevo vesiculoso como alternativa econ\u00f4mica para os sistemas de produ\u00e7\u00e3o em projeto de reforma agr\u00e1ria: o caso do Assentamento Novo Arroio Grande,Arroio Grande\/RS<\/a><\/p>\n<p>&nbsp;<\/p>\n<p><strong>PERERA, Apes Roberto Falc\u00e3o<\/strong><\/p>\n<p><a href=\"http:\/\/repositorio.ufpel.edu.br\/bitstream\/123456789\/2402\/1\/Dissertacao_Apes_Roberto_Falcao_Perera.pdf\">Avalia\u00e7\u00e3o da Rede de Refer\u00eancia como estrat\u00e9gia de transfer\u00eancia de tecnologia na perspectiva dos agricultores<\/a><\/p>\n<p>&nbsp;<\/p>\n<p><strong>PERLEBERG, T\u00e2ngela Denise<\/strong><\/p>\n<p><a href=\"http:\/\/repositorio.ufpel.edu.br\/bitstream\/123456789\/2399\/1\/Dissertacao_Tangela_Denise_Perleberg.pdf\">A fam\u00edlia Orchidaceae em um fragmento florestal no sul do Rio Grande do Sul, Brasi<\/a>l<\/p>\n<p>&nbsp;<\/p>\n<p><strong>ROCHA, Marcelo de Queiroz<\/strong><\/p>\n<p><a href=\"http:\/\/repositorio.ufpel.edu.br\/bitstream\/123456789\/2397\/1\/Dissertacao_Marcelo_%20de_%20Queiroz_%20Rocha.pdf\">Crescimento, fenologia e rendimento do tomateiro cereja em cultivo hidrop\u00f4nico<\/a><\/p>\n<p>&nbsp;<\/p>\n<p><strong>SILVA, Claudia Machado da<\/strong><\/p>\n<p><a href=\"https:\/\/drive.google.com\/open?id=1wC-j9mrykd-zjPtXrifNtNsEJojmWi8m\" target=\"_blank\" rel=\"noopener\"><img data-recalc-dims=\"1\" height=\"24\" width=\"24\" src=\"https:\/\/i0.wp.com\/wp.ufpel.edu.br\/spaf\/files\/2018\/04\/pdf-icon-24x24.png?resize=24%2C24&#038;ssl=1\" \/>Avalia\u00e7\u00e3o da manipueira no controle de pragas de solo e da requeima (<em>Phytophthora infestan<\/em>s) no cultivo org\u00e2nico da batata<\/a><\/p>\n<p>&nbsp;<\/p>\n<p><strong>SILVA, Fernanda Novo da<\/strong><\/p>\n<p><a href=\"http:\/\/repositorio.ufpel.edu.br\/bitstream\/123456789\/2401\/1\/Dissertacao_Fernanda_Novo_da_Silva.pdf\">Agricultura familiar e pol\u00edticas p\u00fablicas: estudo sobre o Banco da Terra no munic\u00edpio de Cangu\u00e7u, RS<\/a><\/p>\n<p>&nbsp;<\/p>\n<p>&nbsp;<\/p>\n<p style=\"text-align: center\"><strong>Doutorado (Teses)<\/strong><\/p>\n<p>&nbsp;<\/p>\n<p><strong>COGO, Clarissa Melo<\/strong><\/p>\n<p><a href=\"http:\/\/repositorio.ufpel.edu.br\/bitstream\/123456789\/2396\/1\/Tese_Clarissa_%20Melo_%20Cogo.pdf\"> Crescimento, produtividade e consumo de solu\u00e7\u00e3o nutritiva em diferentes concentra\u00e7\u00f5es pelo tomateiro cultivado em casca de arroz in natura<\/a><\/p>\n<p>&nbsp;<\/p>\n<p><strong>EICHOLZ, Eberson Diedrich<\/strong><\/p>\n<p><a href=\"http:\/\/repositorio.ufpel.edu.br\/bitstream\/123456789\/2398\/1\/Tese_Eberson_%20Diedrich_Eicholz.pdf\">Produ\u00e7\u00e3o de sementes de mamona no sul do Rio Grande do Sul<\/a><\/p>\n<p>&nbsp;<\/p>\n<p><strong>FRANCO, Daniel Fern\u00e1ndez<\/strong><\/p>\n<p><a href=\"https:\/\/drive.google.com\/open?id=1GAvy-N91SojUFmQUw4Zyr9IFVlupx_81\" target=\"_blank\" rel=\"noopener\"><img data-recalc-dims=\"1\" height=\"24\" width=\"24\" src=\"https:\/\/i0.wp.com\/wp.ufpel.edu.br\/spaf\/files\/2018\/04\/pdf-icon-24x24.png?resize=24%2C24&#038;ssl=1\" \/>Arranjo espacial de plantas e contribui\u00e7\u00e3o do colmo principal e perfilhos na produ\u00e7\u00e3o e qualidade de gr\u00e3os do arroz irrigado (<em>Oryza sativa<\/em>\u00a0L.).<\/a><\/p>\n<p>&nbsp;<\/p>\n<p>&nbsp;<\/p>\n<p>&nbsp;<\/p>\n","protected":false},"excerpt":{"rendered":"<p>Mestrado (Disserta\u00e7\u00f5es) BIANCHINI, Simone\u00a0 \u00a0O futuro das propriedades familiares sem sucessores: o caso do Munic\u00edpio de Para\u00edso\/SC &nbsp; GOMES, Gustavo Crizel Composi\u00e7\u00e3o e aspectos ecol\u00f3gicos da flora arbustivoarb\u00f3rea nativa da Serra dos Tapes &nbsp; MARTINEZ, Ernesto Alvaro Caracteriza\u00e7\u00e3o do sistema de produ\u00e7\u00e3o de batata em transi\u00e7\u00e3o agroecol\u00f3gica de agricultores familiares em S\u00e3o Louren\u00e7o do Sul [&hellip;]<\/p>\n","protected":false},"author":530,"featured_media":0,"parent":55,"menu_order":0,"comment_status":"closed","ping_status":"closed","template":"","meta":{"jetpack_post_was_ever_published":false,"footnotes":""},"class_list":["post-1060","page","type-page","status-publish","hentry"],"jetpack_shortlink":"https:\/\/wp.me\/P7gUJD-h6","jetpack-related-posts":[],"jetpack_sharing_enabled":true,"_links":{"self":[{"href":"https:\/\/wp.ufpel.edu.br\/spaf\/wp-json\/wp\/v2\/pages\/1060","targetHints":{"allow":["GET"]}}],"collection":[{"href":"https:\/\/wp.ufpel.edu.br\/spaf\/wp-json\/wp\/v2\/pages"}],"about":[{"href":"https:\/\/wp.ufpel.edu.br\/spaf\/wp-json\/wp\/v2\/types\/page"}],"author":[{"embeddable":true,"href":"https:\/\/wp.ufpel.edu.br\/spaf\/wp-json\/wp\/v2\/users\/530"}],"replies":[{"embeddable":true,"href":"https:\/\/wp.ufpel.edu.br\/spaf\/wp-json\/wp\/v2\/comments?post=1060"}],"version-history":[{"count":17,"href":"https:\/\/wp.ufpel.edu.br\/spaf\/wp-json\/wp\/v2\/pages\/1060\/revisions"}],"predecessor-version":[{"id":1154,"href":"https:\/\/wp.ufpel.edu.br\/spaf\/wp-json\/wp\/v2\/pages\/1060\/revisions\/1154"}],"up":[{"embeddable":true,"href":"https:\/\/wp.ufpel.edu.br\/spaf\/wp-json\/wp\/v2\/pages\/55"}],"wp:attachment":[{"href":"https:\/\/wp.ufpel.edu.br\/spaf\/wp-json\/wp\/v2\/media?parent=1060"}],"curies":[{"name":"wp","href":"https:\/\/api.w.org\/{rel}","templated":true}]}}