{"id":45,"date":"2014-02-24T16:46:40","date_gmt":"2014-02-24T19:46:40","guid":{"rendered":"https:\/\/wp.ufpel.edu.br\/sovet\/?page_id=45"},"modified":"2016-04-12T03:18:05","modified_gmt":"2016-04-12T06:18:05","slug":"localizacao","status":"publish","type":"page","link":"https:\/\/wp.ufpel.edu.br\/sovet\/localizacao\/","title":{"rendered":"Localiza\u00e7\u00e3o"},"content":{"rendered":"<p><a href=\"https:\/\/www.google.com\/maps\/d\/edit?mid=zWymA3crlHos.ko5S-5FQHGDc&amp;usp=sharing\" target=\"_blank\">Localiza\u00e7\u00e3o detalhada SOVET Patologia e SOVET Cl\u00ednica<\/a><\/p>\n<p>Como chegar: Pelotas &#8211; Campus Cap\u00e3o do Le\u00e3o<\/p>\n<div id=\"attachment_209\" style=\"width: 676px\" class=\"wp-caption aligncenter\"><a href=\"https:\/\/mapsengine.google.com\/map\/edit?mid=zWymA3crlHos.ko5S-5FQHGDc\"><img loading=\"lazy\" decoding=\"async\" aria-describedby=\"caption-attachment-209\" class=\"wp-image-209 \" src=\"https:\/\/wp.ufpel.edu.br\/sovet\/files\/2014\/02\/mapa1-405x318.jpg\" alt=\"mapa Pel-SOVET grande\" width=\"666\" height=\"523\" srcset=\"https:\/\/wp.ufpel.edu.br\/sovet\/files\/2014\/02\/mapa1-405x318.jpg 405w, https:\/\/wp.ufpel.edu.br\/sovet\/files\/2014\/02\/mapa1-202x159.jpg 202w, https:\/\/wp.ufpel.edu.br\/sovet\/files\/2014\/02\/mapa1.jpg 701w\" sizes=\"auto, (max-width: 666px) 100vw, 666px\" \/><\/a><p id=\"caption-attachment-209\" class=\"wp-caption-text\">Como chegar<\/p><\/div>\n<p><a href=\"https:\/\/www.google.com\/maps\/d\/edit?mid=zWymA3crlHos.ko5S-5FQHGDc&amp;usp=sharing\">SOVET<\/a><\/p>\n<p>&nbsp;<\/p>\n<p>&nbsp;<\/p>\n","protected":false},"excerpt":{"rendered":"<p>Localiza\u00e7\u00e3o detalhada SOVET Patologia e SOVET Cl\u00ednica Como chegar: Pelotas &#8211; Campus Cap\u00e3o do Le\u00e3o SOVET &nbsp; &nbsp;<\/p>\n","protected":false},"author":356,"featured_media":0,"parent":0,"menu_order":0,"comment_status":"closed","ping_status":"closed","template":"","meta":{"footnotes":""},"class_list":["post-45","page","type-page","status-publish","hentry"],"jetpack_sharing_enabled":true,"_links":{"self":[{"href":"https:\/\/wp.ufpel.edu.br\/sovet\/wp-json\/wp\/v2\/pages\/45","targetHints":{"allow":["GET"]}}],"collection":[{"href":"https:\/\/wp.ufpel.edu.br\/sovet\/wp-json\/wp\/v2\/pages"}],"about":[{"href":"https:\/\/wp.ufpel.edu.br\/sovet\/wp-json\/wp\/v2\/types\/page"}],"author":[{"embeddable":true,"href":"https:\/\/wp.ufpel.edu.br\/sovet\/wp-json\/wp\/v2\/users\/356"}],"replies":[{"embeddable":true,"href":"https:\/\/wp.ufpel.edu.br\/sovet\/wp-json\/wp\/v2\/comments?post=45"}],"version-history":[{"count":13,"href":"https:\/\/wp.ufpel.edu.br\/sovet\/wp-json\/wp\/v2\/pages\/45\/revisions"}],"predecessor-version":[{"id":376,"href":"https:\/\/wp.ufpel.edu.br\/sovet\/wp-json\/wp\/v2\/pages\/45\/revisions\/376"}],"wp:attachment":[{"href":"https:\/\/wp.ufpel.edu.br\/sovet\/wp-json\/wp\/v2\/media?parent=45"}],"curies":[{"name":"wp","href":"https:\/\/api.w.org\/{rel}","templated":true}]}}