{"id":382,"date":"2016-04-12T03:39:53","date_gmt":"2016-04-12T06:39:53","guid":{"rendered":"https:\/\/wp.ufpel.edu.br\/sovet\/?page_id=382"},"modified":"2016-04-12T10:24:07","modified_gmt":"2016-04-12T13:24:07","slug":"sovet-patologia","status":"publish","type":"page","link":"https:\/\/wp.ufpel.edu.br\/sovet\/servicos\/sovet-patologia\/","title":{"rendered":"SOVET Patologia"},"content":{"rendered":"<h3>Procedimentos\u00a0de Diagn\u00f3stico Anatomopatol\u00f3gico<\/h3>\n<ul>\n<li>Biopsias incisionais e excisionais<\/li>\n<li>Pe\u00e7as anat\u00f4micas simples<\/li>\n<li>\n<ul>\n<li>\u00f3rg\u00e3os coletados em necropsias realizadas pelo veterin\u00e1rio remetente<\/li>\n<\/ul>\n<\/li>\n<li>Pe\u00e7as anat\u00f4micas complexas\n<ul>\n<li>cadeias mam\u00e1rias<\/li>\n<li>membros amputados<\/li>\n<\/ul>\n<\/li>\n<li>Necropsias\n<ul>\n<li>animais de companhia (c\u00e3es e gatos)<\/li>\n<li>animais de produ\u00e7\u00e3o<\/li>\n<li>animais silvestres<\/li>\n<\/ul>\n<\/li>\n<\/ul>\n<table style=\"height: 87px\" width=\"795\">\n<tbody>\n<tr>\n<td style=\"background-color: #98d9a3\"><strong>Requisi\u00e7\u00f5es de exames:<\/strong>\u00a0<span style=\"color: #0000ff\"><a style=\"color: #0000ff\" href=\"https:\/\/wp.ufpel.edu.br\/sovet\/files\/2016\/04\/SOVET-solicita\u00e7\u00e3o-patologia.pdf\" rel=\"\">Bi\u00f3psias e Necropsias (s\u00edtios anat\u00f4micos diversos)<\/a><\/span><br \/>\n<span style=\"color: #0000ff\">\u00a0 \u00a0 \u00a0 \u00a0 \u00a0 \u00a0 \u00a0 \u00a0 \u00a0 \u00a0 \u00a0 \u00a0 \u00a0 \u00a0 \u00a0 \u00a0 \u00a0 \u00a0 \u00a0 \u00a0 \u00a0 \u00a0 \u00a0 \u00a0 \u00a0 \u00a0<a style=\"color: #0000ff\" href=\"https:\/\/wp.ufpel.edu.br\/sovet\/files\/2016\/04\/SOVET-solicita\u00e7\u00e3o-patologia-mama.pdf\" rel=\"\">Pe\u00e7as de cadeias mam\u00e1rias<\/a><\/span><\/td>\n<\/tr>\n<\/tbody>\n<\/table>\n<p>&nbsp;<\/p>\n","protected":false},"excerpt":{"rendered":"<p>Procedimentos\u00a0de Diagn\u00f3stico Anatomopatol\u00f3gico Biopsias incisionais e excisionais Pe\u00e7as anat\u00f4micas simples \u00f3rg\u00e3os coletados em necropsias realizadas pelo veterin\u00e1rio remetente Pe\u00e7as anat\u00f4micas complexas cadeias mam\u00e1rias membros amputados Necropsias animais de companhia (c\u00e3es e gatos) animais de produ\u00e7\u00e3o animais silvestres Requisi\u00e7\u00f5es de exames:\u00a0Bi\u00f3psias &hellip; <a href=\"https:\/\/wp.ufpel.edu.br\/sovet\/servicos\/sovet-patologia\/\">Continue lendo <span class=\"meta-nav\">&rarr;<\/span><\/a><\/p>\n","protected":false},"author":356,"featured_media":0,"parent":49,"menu_order":0,"comment_status":"closed","ping_status":"closed","template":"","meta":{"footnotes":""},"class_list":["post-382","page","type-page","status-publish","hentry"],"jetpack_sharing_enabled":true,"_links":{"self":[{"href":"https:\/\/wp.ufpel.edu.br\/sovet\/wp-json\/wp\/v2\/pages\/382","targetHints":{"allow":["GET"]}}],"collection":[{"href":"https:\/\/wp.ufpel.edu.br\/sovet\/wp-json\/wp\/v2\/pages"}],"about":[{"href":"https:\/\/wp.ufpel.edu.br\/sovet\/wp-json\/wp\/v2\/types\/page"}],"author":[{"embeddable":true,"href":"https:\/\/wp.ufpel.edu.br\/sovet\/wp-json\/wp\/v2\/users\/356"}],"replies":[{"embeddable":true,"href":"https:\/\/wp.ufpel.edu.br\/sovet\/wp-json\/wp\/v2\/comments?post=382"}],"version-history":[{"count":8,"href":"https:\/\/wp.ufpel.edu.br\/sovet\/wp-json\/wp\/v2\/pages\/382\/revisions"}],"predecessor-version":[{"id":410,"href":"https:\/\/wp.ufpel.edu.br\/sovet\/wp-json\/wp\/v2\/pages\/382\/revisions\/410"}],"up":[{"embeddable":true,"href":"https:\/\/wp.ufpel.edu.br\/sovet\/wp-json\/wp\/v2\/pages\/49"}],"wp:attachment":[{"href":"https:\/\/wp.ufpel.edu.br\/sovet\/wp-json\/wp\/v2\/media?parent=382"}],"curies":[{"name":"wp","href":"https:\/\/api.w.org\/{rel}","templated":true}]}}