{"id":270,"date":"2014-03-13T18:22:52","date_gmt":"2014-03-13T21:22:52","guid":{"rendered":"https:\/\/wp.ufpel.edu.br\/sovet\/?page_id=270"},"modified":"2014-03-13T21:43:17","modified_gmt":"2014-03-14T00:43:17","slug":"linfoma-canino","status":"publish","type":"page","link":"https:\/\/wp.ufpel.edu.br\/sovet\/oncologia-2\/linfoma-canino\/","title":{"rendered":"Linfoma Canino"},"content":{"rendered":"<p><strong style=\"font-size: 14px;line-height: 1.5em\">Resenha:\u00a0<\/strong>Tody, labrador, Macho<\/p>\n<p><strong style=\"font-size: 14px;line-height: 1.5em\">Hist\u00f3rico cl\u00ednico<\/strong><span style=\"font-size: 14px;line-height: 1.5em\">:<\/span><span style=\"font-size: 14px;line-height: 1.5em\">\u00a0 No momento da cnsuslta no HCV apresentou\u00a0<\/span><span style=\"font-size: 14px;line-height: 1.5em\">aumento de volume<\/span><span style=\"font-size: 14px;line-height: 1.5em\">\u00a0no\u00a0<\/span><span style=\"font-size: 14px;line-height: 1.5em\">\u00a0a<\/span><span style=\"font-size: 14px;line-height: 1.5em\">bd\u00f4men e no pesco\u00e7o, linfoadenopatia \u00a0e edema nas patas. Estava ap\u00e1tico<\/span><\/p>\n<p><strong>Diagn\u00f3stico<\/strong>:\u00a0\u0097\u00a0 Linfoma de est\u00e1gio IV, sub est\u00e1gio b de linfoma multic\u00eantrico; esse diagn\u00f3stico baseou-se no\u00a0envolvimento dos linfonodos mesent\u00e9ricos, esplenomegalia e altera\u00e7\u00f5es hep\u00e1ticas, al\u00e9m da observa\u00e7\u00e3o de sinais is cl\u00ednicos como dispn\u00e9ia, tosse e apetite reduzido<\/p>\n<p><b>Tratamento<\/b>: Quimioterapia com Ciclofosfamida e Vincristina<\/p>\n<p><strong>Evolu\u00e7\u00e3o do quadro<\/strong>:<\/p>\n<p>1\u00aa sess\u00e3o de quimioterapia: \u00a0Ocorreu na segunda consulta. Nesse momento o Tody possu\u00eda\u00a0\u00a031 Kg e linfoadenomegalia, destacando-se os linfonodos submandibulares que mediam cera de 20cm.<\/p>\n<p>2\u00aa sess\u00e3o de quimioterapia: Houve vis\u00edvel diminui\u00e7\u00e3o do volume dos linfonodos.<\/p>\n<p>3\u00aa sess\u00e3o de quimioterapia: Chegou ao HCV\u00a0febril, extremamente ap\u00e1tico, fezes escuras, com anorexia, tosse e dispn\u00e9ia e baixa significativa do hemat\u00f3crito.<\/p>\n<p>O Tody se recuperou de todo esse quadro cl\u00ednico. Seu hemat\u00f3crito est\u00e1 em 26. Os linfonodos seguem diminuindo e ele pesa agora 31,5Kg.\u00a0Ele <strong>CONTINUA<\/strong> o tratamento.<\/p>\n<p><a href=\"https:\/\/wp.ufpel.edu.br\/sovet\/files\/2014\/03\/DSC05001.jpg\"><img loading=\"lazy\" decoding=\"async\" class=\" wp-image-347 alignleft\" alt=\"Esperan\u00e7a\" src=\"https:\/\/wp.ufpel.edu.br\/sovet\/files\/2014\/03\/DSC05001-424x318.jpg\" width=\"382\" height=\"286\" srcset=\"https:\/\/wp.ufpel.edu.br\/sovet\/files\/2014\/03\/DSC05001-424x318.jpg 424w, https:\/\/wp.ufpel.edu.br\/sovet\/files\/2014\/03\/DSC05001-212x159.jpg 212w\" sizes=\"auto, (max-width: 382px) 100vw, 382px\" \/><\/a><\/p>\n<p>&nbsp;<\/p>\n<p>Seguiremos as postagens sobre o seu estado.<\/p>\n<p>Toda a equipe est\u00e1 torcendo muito por esse c\u00e3o valente. Que ele consiga superar essa terr\u00edvel doen\u00e7a!!<\/p>\n<p><strong>\u00a0<\/strong><\/p>\n<p>&nbsp;<\/p>\n<p>&nbsp;<\/p>\n<p>&nbsp;<\/p>\n<p>&nbsp;<\/p>\n<p>&nbsp;<\/p>\n<p><strong>Coment\u00e1rio<\/strong>: \u00a0<b>Linfoma<\/b>\u00a0\u00e9 um termo gen\u00e9rico utilizado para designar um grupo de diversas doen\u00e7as neopl\u00e1sicas do sistema linf\u00e1tico que se originam da prolifera\u00e7\u00e3o clonal de linf\u00f3citos B ou T em qualquer um de seus est\u00e1gios de matura\u00e7\u00e3o.<\/p>\n<p>\u00c9 um neoplasma que acomete linfonodos \u00a0estende-se para ba\u00e7o, f\u00edgado, pulm\u00f5es e rins.\u00a0Animais\u00a0adultos e idosos s\u00e3o mais acometidos<\/p>\n<p>Os sinais cl\u00ednicos variam de acordo com os \u00f3rg\u00e3os acometidos.<\/p>\n<p>Em felinos, a imunodefici\u00eancia viral felina e a leucemia viral felina (FIV e FelV, respectivamente) s\u00e3o consideradas predisponentes ao linfoma.<\/p>\n<p><strong style=\"font-size: 14px;line-height: 1.5em\">Autores<\/strong><span style=\"font-size: 14px;line-height: 1.5em\">: Aline Rocha Nunes, Cristine Cioato da Silva, Cristina Gevehr Fernandes<\/span><\/p>\n<p>&nbsp;<\/p>\n","protected":false},"excerpt":{"rendered":"<p>Resenha:\u00a0Tody, labrador, Macho Hist\u00f3rico cl\u00ednico:\u00a0 No momento da cnsuslta no HCV apresentou\u00a0aumento de volume\u00a0no\u00a0\u00a0abd\u00f4men e no pesco\u00e7o, linfoadenopatia \u00a0e edema nas patas. Estava ap\u00e1tico Diagn\u00f3stico:\u00a0\u0097\u00a0 Linfoma de est\u00e1gio IV, sub est\u00e1gio b de linfoma multic\u00eantrico; esse diagn\u00f3stico baseou-se no\u00a0envolvimento dos &hellip; <a href=\"https:\/\/wp.ufpel.edu.br\/sovet\/oncologia-2\/linfoma-canino\/\">Continue lendo <span class=\"meta-nav\">&rarr;<\/span><\/a><\/p>\n","protected":false},"author":356,"featured_media":0,"parent":40,"menu_order":0,"comment_status":"closed","ping_status":"closed","template":"","meta":{"footnotes":""},"class_list":["post-270","page","type-page","status-publish","hentry"],"jetpack_sharing_enabled":true,"_links":{"self":[{"href":"https:\/\/wp.ufpel.edu.br\/sovet\/wp-json\/wp\/v2\/pages\/270","targetHints":{"allow":["GET"]}}],"collection":[{"href":"https:\/\/wp.ufpel.edu.br\/sovet\/wp-json\/wp\/v2\/pages"}],"about":[{"href":"https:\/\/wp.ufpel.edu.br\/sovet\/wp-json\/wp\/v2\/types\/page"}],"author":[{"embeddable":true,"href":"https:\/\/wp.ufpel.edu.br\/sovet\/wp-json\/wp\/v2\/users\/356"}],"replies":[{"embeddable":true,"href":"https:\/\/wp.ufpel.edu.br\/sovet\/wp-json\/wp\/v2\/comments?post=270"}],"version-history":[{"count":8,"href":"https:\/\/wp.ufpel.edu.br\/sovet\/wp-json\/wp\/v2\/pages\/270\/revisions"}],"predecessor-version":[{"id":352,"href":"https:\/\/wp.ufpel.edu.br\/sovet\/wp-json\/wp\/v2\/pages\/270\/revisions\/352"}],"up":[{"embeddable":true,"href":"https:\/\/wp.ufpel.edu.br\/sovet\/wp-json\/wp\/v2\/pages\/40"}],"wp:attachment":[{"href":"https:\/\/wp.ufpel.edu.br\/sovet\/wp-json\/wp\/v2\/media?parent=270"}],"curies":[{"name":"wp","href":"https:\/\/api.w.org\/{rel}","templated":true}]}}