{"id":176,"date":"2014-03-12T23:48:41","date_gmt":"2014-03-13T02:48:41","guid":{"rendered":"https:\/\/wp.ufpel.edu.br\/sovet\/?page_id=176"},"modified":"2014-03-13T15:50:40","modified_gmt":"2014-03-13T18:50:40","slug":"descricao-dos-casos","status":"publish","type":"page","link":"https:\/\/wp.ufpel.edu.br\/sovet\/oncologia-2\/descricao-dos-casos\/","title":{"rendered":"Osteossarcoma Osteobl\u00e1stico"},"content":{"rendered":"<p><span style=\"font-size: medium\"><strong style=\"font-size: 14px;line-height: 1.5em\">Resenha<\/strong><span style=\"line-height: 1.5em\">: Canino, Rotweiller, macho de 6 anos<\/span><\/span><\/p>\n<p><strong>Hist\u00f3rico cl\u00ednico<\/strong>:\u00a0O c\u00e3o foi atendido no HCV\u2014UFPel e, segundo o propriet\u00e1rio, h\u00e1 um m\u00eas o animal apresentava claudica\u00e7\u00e3o no membro posterior direito. No exame f\u00edsico percebeu-se uma massa na regi\u00e3o f\u00eamur-t\u00edbio-patelar e membro edemaciado.<\/p>\n<p><strong>Exames complementares<\/strong>:<\/p>\n<p>Radiologia:\u00a0 presen\u00e7a de uma neoplasia \u00f3ssea e ind\u00edcios de uma met\u00e1stase pulmonar<\/p>\n<p>Patologia Cl\u00ednica: hemograma sem altera\u00e7\u00f5es significativas.<\/p>\n<p><strong>Necropsia<\/strong>:\u00a0Observou-se uma massa rosa-avermelhada junto \u00e0 articula\u00e7\u00e3o f\u00eamur-t\u00edbio-patelar. Havia oste\u00f3lise.\u00a0No pulm\u00e3o notaram-se tamb\u00e9m pequenos n\u00f3dulos de colora\u00e7\u00e3o e consist\u00eancia semelhante \u00e0 massa tumoral.<\/p>\n<p><a href=\"https:\/\/wp.ufpel.edu.br\/sovet\/files\/2014\/03\/image861.jpg\"><img loading=\"lazy\" decoding=\"async\" class=\" wp-image-236 alignleft\" alt=\"image861\" src=\"https:\/\/wp.ufpel.edu.br\/sovet\/files\/2014\/03\/image861-238x318.jpg\" width=\"214\" height=\"286\" srcset=\"https:\/\/wp.ufpel.edu.br\/sovet\/files\/2014\/03\/image861-238x318.jpg 238w, https:\/\/wp.ufpel.edu.br\/sovet\/files\/2014\/03\/image861-119x159.jpg 119w, https:\/\/wp.ufpel.edu.br\/sovet\/files\/2014\/03\/image861.jpg 290w\" sizes=\"auto, (max-width: 214px) 100vw, 214px\" \/><\/a><\/p>\n<p><a href=\"https:\/\/wp.ufpel.edu.br\/sovet\/files\/2014\/03\/image890.jpg\"><img loading=\"lazy\" decoding=\"async\" class=\"wp-image-238 alignleft\" alt=\"image890\" src=\"https:\/\/wp.ufpel.edu.br\/sovet\/files\/2014\/03\/image890-238x318.jpg\" width=\"214\" height=\"286\" srcset=\"https:\/\/wp.ufpel.edu.br\/sovet\/files\/2014\/03\/image890-238x318.jpg 238w, https:\/\/wp.ufpel.edu.br\/sovet\/files\/2014\/03\/image890-119x159.jpg 119w, https:\/\/wp.ufpel.edu.br\/sovet\/files\/2014\/03\/image890.jpg 290w\" sizes=\"auto, (max-width: 214px) 100vw, 214px\" \/><\/a><\/p>\n<p><a href=\"https:\/\/wp.ufpel.edu.br\/sovet\/files\/2014\/03\/image889.jpg\"><img loading=\"lazy\" decoding=\"async\" class=\"wp-image-237 alignleft\" alt=\"image889\" src=\"https:\/\/wp.ufpel.edu.br\/sovet\/files\/2014\/03\/image889-238x318.jpg\" width=\"214\" height=\"286\" srcset=\"https:\/\/wp.ufpel.edu.br\/sovet\/files\/2014\/03\/image889-238x318.jpg 238w, https:\/\/wp.ufpel.edu.br\/sovet\/files\/2014\/03\/image889-119x159.jpg 119w, https:\/\/wp.ufpel.edu.br\/sovet\/files\/2014\/03\/image889.jpg 290w\" sizes=\"auto, (max-width: 214px) 100vw, 214px\" \/><\/a><\/p>\n<p>&nbsp;<\/p>\n<p>&nbsp;<\/p>\n<p>&nbsp;<\/p>\n<p>&nbsp;<\/p>\n<p>&nbsp;<\/p>\n<p>&nbsp;<\/p>\n<p>&nbsp;<\/p>\n<p>&nbsp;<\/p>\n<p><strong>Histopatologia<\/strong>:\u00a0Na massa tumoral prim\u00e1ria havia prolifera\u00e7\u00e3o de osteoblastos anapl\u00e1sicos ou precursores oste\u00f3ides\u00a0 e matriz oste\u00f3ide.\u00a0No par\u00eanquima pulmonar observou-se, a presen\u00e7a de massas de c\u00e9lulas com as mesmas caracter\u00edsticas daquelas do neoplasma prim\u00e1rio.<\/p>\n<p><strong>Coment\u00e1rio<\/strong>: \u00a0Para osteossarcomas apendiculares (nos membros: apendicular) a amputa\u00e7\u00e3o do membro afetado, \u00e9 o tratamento preconizado no sentido de proporcionr uma qualidade de vida melhor para o animal. Outra alternativa \u00e9 a quimioterapia, a qual geralmente os animais toleram bem. Podem apresentar sinais cl\u00ednicos compat\u00edveis com as contra indica\u00e7\u00f5es (n\u00e1useas e v\u00f4mitos).<\/p>\n<p><strong>Autores<\/strong>:\u00a0Conrado de Oliveira Gamba,\u00a0<span style=\"font-size: 14px;line-height: 1.5em\">\u00a0Thomas Normanton Guim,\u00a0<\/span>Josiane Bonel-Raposo<\/p>\n","protected":false},"excerpt":{"rendered":"<p>Resenha: Canino, Rotweiller, macho de 6 anos Hist\u00f3rico cl\u00ednico:\u00a0O c\u00e3o foi atendido no HCV\u2014UFPel e, segundo o propriet\u00e1rio, h\u00e1 um m\u00eas o animal apresentava claudica\u00e7\u00e3o no membro posterior direito. No exame f\u00edsico percebeu-se uma massa na regi\u00e3o f\u00eamur-t\u00edbio-patelar e membro &hellip; <a href=\"https:\/\/wp.ufpel.edu.br\/sovet\/oncologia-2\/descricao-dos-casos\/\">Continue lendo <span class=\"meta-nav\">&rarr;<\/span><\/a><\/p>\n","protected":false},"author":356,"featured_media":0,"parent":40,"menu_order":0,"comment_status":"closed","ping_status":"closed","template":"","meta":{"footnotes":""},"class_list":["post-176","page","type-page","status-publish","hentry"],"jetpack_sharing_enabled":true,"_links":{"self":[{"href":"https:\/\/wp.ufpel.edu.br\/sovet\/wp-json\/wp\/v2\/pages\/176","targetHints":{"allow":["GET"]}}],"collection":[{"href":"https:\/\/wp.ufpel.edu.br\/sovet\/wp-json\/wp\/v2\/pages"}],"about":[{"href":"https:\/\/wp.ufpel.edu.br\/sovet\/wp-json\/wp\/v2\/types\/page"}],"author":[{"embeddable":true,"href":"https:\/\/wp.ufpel.edu.br\/sovet\/wp-json\/wp\/v2\/users\/356"}],"replies":[{"embeddable":true,"href":"https:\/\/wp.ufpel.edu.br\/sovet\/wp-json\/wp\/v2\/comments?post=176"}],"version-history":[{"count":12,"href":"https:\/\/wp.ufpel.edu.br\/sovet\/wp-json\/wp\/v2\/pages\/176\/revisions"}],"predecessor-version":[{"id":326,"href":"https:\/\/wp.ufpel.edu.br\/sovet\/wp-json\/wp\/v2\/pages\/176\/revisions\/326"}],"up":[{"embeddable":true,"href":"https:\/\/wp.ufpel.edu.br\/sovet\/wp-json\/wp\/v2\/pages\/40"}],"wp:attachment":[{"href":"https:\/\/wp.ufpel.edu.br\/sovet\/wp-json\/wp\/v2\/media?parent=176"}],"curies":[{"name":"wp","href":"https:\/\/api.w.org\/{rel}","templated":true}]}}

Osteossarcoma Osteoblástico

<p><span style="font-size: medium"><strong style="font-size: 14px;line-height: 1.5em">Resenha</strong><span style="line-height: 1.5em">: Canino, Rotweiller, macho de 6 anos</span></span></p>
<p><strong>Histórico clínico</strong>: O cão foi atendido no HCV—UFPel e, segundo o proprietário, há um mês o animal apresentava claudicação no membro posterior direito. No exame físico percebeu-se uma massa na região fêmur-tíbio-patelar e membro edemaciado.</p>
<p><strong>Exames complementares</strong>:</p>
<p>Radiologia:  presença de uma neoplasia óssea e indícios de uma metástase pulmonar</p>
<p>Patologia Clínica: hemograma sem alterações significativas.</p>
<p><strong>Necropsia</strong>: Observou-se uma massa rosa-avermelhada junto à articulação fêmur-tíbio-patelar. Havia osteólise. No pulmão notaram-se também pequenos nódulos de coloração e consistência semelhante à massa tumoral.</p>
<p><a href="https://wp.ufpel.edu.br/sovet/files/2014/03/image861.jpg"><img loading="lazy" decoding="async" class=" wp-image-236 alignleft" alt="image861" src="https://wp.ufpel.edu.br/sovet/files/2014/03/image861-238x318.jpg" width="214" height="286" srcset="https://wp.ufpel.edu.br/sovet/files/2014/03/image861-238x318.jpg 238w, https://wp.ufpel.edu.br/sovet/files/2014/03/image861-119x159.jpg 119w, https://wp.ufpel.edu.br/sovet/files/2014/03/image861.jpg 290w" sizes="auto, (max-width: 214px) 100vw, 214px" /></a></p>
<p><a href="https://wp.ufpel.edu.br/sovet/files/2014/03/image890.jpg"><img loading="lazy" decoding="async" class="wp-image-238 alignleft" alt="image890" src="https://wp.ufpel.edu.br/sovet/files/2014/03/image890-238x318.jpg" width="214" height="286" srcset="https://wp.ufpel.edu.br/sovet/files/2014/03/image890-238x318.jpg 238w, https://wp.ufpel.edu.br/sovet/files/2014/03/image890-119x159.jpg 119w, https://wp.ufpel.edu.br/sovet/files/2014/03/image890.jpg 290w" sizes="auto, (max-width: 214px) 100vw, 214px" /></a></p>
<p><a href="https://wp.ufpel.edu.br/sovet/files/2014/03/image889.jpg"><img loading="lazy" decoding="async" class="wp-image-237 alignleft" alt="image889" src="https://wp.ufpel.edu.br/sovet/files/2014/03/image889-238x318.jpg" width="214" height="286" srcset="https://wp.ufpel.edu.br/sovet/files/2014/03/image889-238x318.jpg 238w, https://wp.ufpel.edu.br/sovet/files/2014/03/image889-119x159.jpg 119w, https://wp.ufpel.edu.br/sovet/files/2014/03/image889.jpg 290w" sizes="auto, (max-width: 214px) 100vw, 214px" /></a></p>
<p>&nbsp;</p>
<p>&nbsp;</p>
<p>&nbsp;</p>
<p>&nbsp;</p>
<p>&nbsp;</p>
<p>&nbsp;</p>
<p>&nbsp;</p>
<p>&nbsp;</p>
<p><strong>Histopatologia</strong>: Na massa tumoral primária havia proliferação de osteoblastos anaplásicos ou precursores osteóides  e matriz osteóide. No parênquima pulmonar observou-se, a presença de massas de células com as mesmas características daquelas do neoplasma primário.</p>
<p><strong>Comentário</strong>:  Para osteossarcomas apendiculares (nos membros: apendicular) a amputação do membro afetado, é o tratamento preconizado no sentido de proporcionr uma qualidade de vida melhor para o animal. Outra alternativa é a quimioterapia, a qual geralmente os animais toleram bem. Podem apresentar sinais clínicos compatíveis com as contra indicações (náuseas e vômitos).</p>
<p><strong>Autores</strong>: Conrado de Oliveira Gamba, <span style="font-size: 14px;line-height: 1.5em"> Thomas Normanton Guim, </span>Josiane Bonel-Raposo</p>

<p>Resenha: Canino, Rotweiller, macho de 6 anos Histórico clínico: O cão foi atendido no HCV—UFPel e, segundo o proprietário, há um mês o animal apresentava claudicação no membro posterior direito. No exame físico percebeu-se uma massa na região fêmur-tíbio-patelar e membro &hellip; <a href="https://wp.ufpel.edu.br/sovet/oncologia-2/descricao-dos-casos/">Continue lendo <span class="meta-nav">&rarr;</span></a></p>
