{"id":881,"date":"2021-09-22T20:55:14","date_gmt":"2021-09-22T23:55:14","guid":{"rendered":"https:\/\/wp.ufpel.edu.br\/solos\/?page_id=881"},"modified":"2021-09-22T21:23:56","modified_gmt":"2021-09-23T00:23:56","slug":"plantas-e-ou-residuos-organicos-solidos","status":"publish","type":"page","link":"https:\/\/wp.ufpel.edu.br\/solos\/analises-realizadas\/plantas-e-ou-residuos-organicos-solidos\/","title":{"rendered":"Plantas e\/ou Res\u00edduos Org\u00e2nicos S\u00f3lidos"},"content":{"rendered":"<table style=\"border-collapse: collapse;width: 100%;height: 517px\" border=\"1\">\n<tbody>\n<tr style=\"height: 10px\">\n<td style=\"width: 60%;height: 10px;text-align: center\">\n<h5>AN\u00c1LISES<\/h5>\n<\/td>\n<td style=\"width: 20%;height: 10px;text-align: center\">\n<h5>Pre\u00e7os<\/h5>\n<\/td>\n<td style=\"width: 20%;height: 10px;text-align: center\">\n<h5>Pre\u00e7os com desconto<\/h5>\n<\/td>\n<\/tr>\n<tr style=\"height: 41px\">\n<td style=\"width: 60%;height: 41px\">Completa = macro, micro + s\u00f3dio (Na) + enxofre (S)<\/td>\n<td style=\"width: 20%;height: 41px;text-align: center\">R$ 80,00<\/td>\n<td style=\"width: 20%;height: 41px;text-align: center\">R$ 70,00<\/td>\n<\/tr>\n<tr style=\"height: 41px\">\n<td style=\"width: 60%;height: 41px\">Macronutrientes (N, P, K, Ca, Mg)<\/td>\n<td style=\"width: 20%;height: 41px;text-align: center\">R$ 35,00<\/td>\n<td style=\"width: 20%;height: 41px;text-align: center\">R$ 30,00<\/td>\n<\/tr>\n<tr style=\"height: 41px\">\n<td style=\"width: 60%;height: 41px\">Macro + micro<\/td>\n<td style=\"width: 20%;height: 41px;text-align: center\">R$ 70,00<\/td>\n<td style=\"width: 20%;height: 41px;text-align: center\">R$ 60,00<\/td>\n<\/tr>\n<tr style=\"height: 41px\">\n<td style=\"width: 60%;height: 41px\">Micronutrientes (Fe, Cu, Zn, Mn)<\/td>\n<td style=\"width: 20%;height: 41px;text-align: center\">R$ 35,00<\/td>\n<td style=\"width: 20%;height: 41px;text-align: center\">R$ 30,00<\/td>\n<\/tr>\n<tr style=\"height: 41px\">\n<td style=\"width: 60%;height: 41px\">Rela\u00e7\u00e3o C\/N em tecido vegetal e\/ou res\u00edduos org\u00e2nicos<\/td>\n<td style=\"width: 20%;height: 41px;text-align: center\">R$ 20,00<\/td>\n<td style=\"width: 20%;height: 41px;text-align: center\">R$ 20,00<\/td>\n<\/tr>\n<tr style=\"height: 42px\">\n<td style=\"width: 60%;height: 42px\">Somente leitura um elemento amostra j\u00e1 direrida<\/td>\n<td style=\"width: 20%;height: 42px;text-align: center\">R$ 5,00<\/td>\n<td style=\"width: 20%;height: 42px;text-align: center\">R$ 5,00<\/td>\n<\/tr>\n<tr style=\"height: 41px\">\n<td style=\"width: 60%;height: 41px\">Somente um elemento c\/digest\u00e3o<\/td>\n<td style=\"width: 20%;height: 41px;text-align: center\">R$ 10,00<\/td>\n<td style=\"width: 20%;height: 41px;text-align: center\">R$ 10,00<\/td>\n<\/tr>\n<tr style=\"height: 41px\">\n<td style=\"width: 60%;height: 41px\">%Umidade, %C, pH<\/td>\n<td style=\"width: 20%;height: 41px;text-align: center\">R$ 10,00<\/td>\n<td style=\"width: 20%;height: 41px;text-align: center\">R$ 10,00<\/td>\n<\/tr>\n<\/tbody>\n<\/table>\n<p><\/p>\n","protected":false},"excerpt":{"rendered":"<p>AN\u00c1LISES Pre\u00e7os Pre\u00e7os com desconto Completa = macro, micro + s\u00f3dio (Na) + enxofre (S) R$ 80,00 R$ 70,00 Macronutrientes (N, P, K, Ca, Mg) R$ 35,00 R$ 30,00 Macro + micro R$ 70,00 R$ 60,00 Micronutrientes (Fe, Cu, Zn, Mn) R$ 35,00 R$ 30,00 Rela\u00e7\u00e3o C\/N em tecido vegetal e\/ou res\u00edduos org\u00e2nicos R$ 20,00 &hellip; <\/p>\n<p><a class=\"more-link btn\" href=\"https:\/\/wp.ufpel.edu.br\/solos\/analises-realizadas\/plantas-e-ou-residuos-organicos-solidos\/\">Continue lendo<\/a><\/p>\n","protected":false},"author":776,"featured_media":0,"parent":662,"menu_order":0,"comment_status":"closed","ping_status":"closed","template":"","meta":{"footnotes":""},"class_list":["post-881","page","type-page","status-publish","hentry","nodate","item-wrap"],"_links":{"self":[{"href":"https:\/\/wp.ufpel.edu.br\/solos\/wp-json\/wp\/v2\/pages\/881","targetHints":{"allow":["GET"]}}],"collection":[{"href":"https:\/\/wp.ufpel.edu.br\/solos\/wp-json\/wp\/v2\/pages"}],"about":[{"href":"https:\/\/wp.ufpel.edu.br\/solos\/wp-json\/wp\/v2\/types\/page"}],"author":[{"embeddable":true,"href":"https:\/\/wp.ufpel.edu.br\/solos\/wp-json\/wp\/v2\/users\/776"}],"replies":[{"embeddable":true,"href":"https:\/\/wp.ufpel.edu.br\/solos\/wp-json\/wp\/v2\/comments?post=881"}],"version-history":[{"count":3,"href":"https:\/\/wp.ufpel.edu.br\/solos\/wp-json\/wp\/v2\/pages\/881\/revisions"}],"predecessor-version":[{"id":896,"href":"https:\/\/wp.ufpel.edu.br\/solos\/wp-json\/wp\/v2\/pages\/881\/revisions\/896"}],"up":[{"embeddable":true,"href":"https:\/\/wp.ufpel.edu.br\/solos\/wp-json\/wp\/v2\/pages\/662"}],"wp:attachment":[{"href":"https:\/\/wp.ufpel.edu.br\/solos\/wp-json\/wp\/v2\/media?parent=881"}],"curies":[{"name":"wp","href":"https:\/\/api.w.org\/{rel}","templated":true}]}}