{"id":875,"date":"2021-09-22T20:52:55","date_gmt":"2021-09-22T23:52:55","guid":{"rendered":"https:\/\/wp.ufpel.edu.br\/solos\/?page_id=875"},"modified":"2022-05-16T11:05:37","modified_gmt":"2022-05-16T14:05:37","slug":"fisicas","status":"publish","type":"page","link":"https:\/\/wp.ufpel.edu.br\/solos\/analises-realizadas\/fisicas\/","title":{"rendered":"F\u00edsicas"},"content":{"rendered":"<table style=\"border-collapse: collapse;width: 100%;height: 561px\" border=\"1\">\n<tbody>\n<tr style=\"height: 39px\">\n<td style=\"width: 65%;height: 25px;text-align: center\">\n<h5>AN\u00c1LISES<\/h5>\n<\/td>\n<td style=\"width: 20%;height: 25px;text-align: center\">\n<h5>Pre\u00e7os<\/h5>\n<\/td>\n<td style=\"width: 20%;height: 25px;text-align: center\">\n<h5>Pre\u00e7os com desconto<\/h5>\n<\/td>\n<\/tr>\n<tr style=\"height: 45px\">\n<td style=\"width: 65%;height: 45px\">\u00c1gua dispon\u00edvel (Capacidade campo-0,01 ou 0,033 MPa e Ponto de Murcha<br \/>\nPermanente \u2013 1,5MPa)<\/td>\n<td style=\"width: 20%;height: 45px;text-align: center\">R$ 70,00<\/td>\n<td style=\"width: 20%;height: 45px;text-align: center\">R$ 65,00<\/td>\n<\/tr>\n<tr style=\"height: 44px\">\n<td style=\"width: 65%;height: 44px\">An\u00e1lise granulom\u00e9trica b\u00e1sica (areia, silte e argila)<\/td>\n<td style=\"width: 20%;height: 44px;text-align: center\">R$ 38,00<\/td>\n<td style=\"width: 20%;height: 44px;text-align: center\">R$ 35,00<\/td>\n<\/tr>\n<tr style=\"height: 44px\">\n<td style=\"width: 65%;height: 44px\">An\u00e1lise granulom\u00e9trica completa com separa\u00e7\u00e3o das areias (muito<br \/>\ngrossa, grossa, m\u00e9dia, fina e muito fina)<\/td>\n<td style=\"width: 20%;height: 44px;text-align: center\">R$ 48,00<\/td>\n<td style=\"width: 20%;height: 44px;text-align: center\">R$ 42,00<\/td>\n<\/tr>\n<tr style=\"height: 88px\">\n<td style=\"width: 65%;height: 88px\">Curva de reten\u00e7\u00e3o de \u00e1gua (M\u00ednimo 7 pontos:<br \/>\n0,001;0,006;0,01;0,033;0,1;0,3;1,5MPa)<\/td>\n<td style=\"width: 20%;height: 88px;text-align: center\">R$ 150,00<\/td>\n<td style=\"width: 20%;height: 88px;text-align: center\">R$ 140,00<\/td>\n<\/tr>\n<tr style=\"height: 45px\">\n<td style=\"width: 65%;height: 45px\">Densidade das part\u00edculas \u2013 m\u00e9todo do picn\u00f4metro (amostra deformada)<\/td>\n<td style=\"width: 20%;height: 45px;text-align: center\">R$ 18,00<\/td>\n<td style=\"width: 20%;height: 45px;text-align: center\">R$ 15,00<\/td>\n<\/tr>\n<tr style=\"height: 45px\">\n<td style=\"width: 65%;height: 45px\">Densidade do solo &#8211; m\u00e9todo do anel volum\u00e9trico (amostra indeformada)<\/td>\n<td style=\"width: 20%;height: 45px;text-align: center\">R$ 15,00<\/td>\n<td style=\"width: 20%;height: 45px;text-align: center\">R$ 12,00<\/td>\n<\/tr>\n<tr style=\"height: 45px\">\n<td style=\"width: 65%;height: 45px\">Densidade do solo + macro e microporosidade \u2013 m\u00e9todo da mesa de tens\u00e3o<br \/>\n(amostra indeformada)<\/td>\n<td style=\"width: 20%;height: 45px;text-align: center\">R$ 35,00<\/td>\n<td style=\"width: 20%;height: 45px;text-align: center\">R$ 30,00<\/td>\n<\/tr>\n<tr style=\"height: 44px\">\n<td style=\"width: 65%;height: 44px\">Umidade do Solo<\/td>\n<td style=\"width: 20%;height: 44px;text-align: center\">R$ 20,00<\/td>\n<td style=\"width: 20%;height: 44px;text-align: center\">R$ 12,00<\/td>\n<\/tr>\n<\/tbody>\n<\/table>\n<p><\/p>\n","protected":false},"excerpt":{"rendered":"<p>AN\u00c1LISES Pre\u00e7os Pre\u00e7os com desconto \u00c1gua dispon\u00edvel (Capacidade campo-0,01 ou 0,033 MPa e Ponto de Murcha Permanente \u2013 1,5MPa) R$ 70,00 R$ 65,00 An\u00e1lise granulom\u00e9trica b\u00e1sica (areia, silte e argila) R$ 38,00 R$ 35,00 An\u00e1lise granulom\u00e9trica completa com separa\u00e7\u00e3o das areias (muito grossa, grossa, m\u00e9dia, fina e muito fina) R$ 48,00 R$ 42,00 Curva de &hellip; <\/p>\n<p><a class=\"more-link btn\" href=\"https:\/\/wp.ufpel.edu.br\/solos\/analises-realizadas\/fisicas\/\">Continue lendo<\/a><\/p>\n","protected":false},"author":776,"featured_media":0,"parent":662,"menu_order":0,"comment_status":"closed","ping_status":"closed","template":"","meta":{"footnotes":""},"class_list":["post-875","page","type-page","status-publish","hentry","nodate","item-wrap"],"_links":{"self":[{"href":"https:\/\/wp.ufpel.edu.br\/solos\/wp-json\/wp\/v2\/pages\/875","targetHints":{"allow":["GET"]}}],"collection":[{"href":"https:\/\/wp.ufpel.edu.br\/solos\/wp-json\/wp\/v2\/pages"}],"about":[{"href":"https:\/\/wp.ufpel.edu.br\/solos\/wp-json\/wp\/v2\/types\/page"}],"author":[{"embeddable":true,"href":"https:\/\/wp.ufpel.edu.br\/solos\/wp-json\/wp\/v2\/users\/776"}],"replies":[{"embeddable":true,"href":"https:\/\/wp.ufpel.edu.br\/solos\/wp-json\/wp\/v2\/comments?post=875"}],"version-history":[{"count":6,"href":"https:\/\/wp.ufpel.edu.br\/solos\/wp-json\/wp\/v2\/pages\/875\/revisions"}],"predecessor-version":[{"id":1087,"href":"https:\/\/wp.ufpel.edu.br\/solos\/wp-json\/wp\/v2\/pages\/875\/revisions\/1087"}],"up":[{"embeddable":true,"href":"https:\/\/wp.ufpel.edu.br\/solos\/wp-json\/wp\/v2\/pages\/662"}],"wp:attachment":[{"href":"https:\/\/wp.ufpel.edu.br\/solos\/wp-json\/wp\/v2\/media?parent=875"}],"curies":[{"name":"wp","href":"https:\/\/api.w.org\/{rel}","templated":true}]}}