{"id":662,"date":"2019-11-06T21:51:50","date_gmt":"2019-11-07T00:51:50","guid":{"rendered":"https:\/\/wp.ufpel.edu.br\/solos\/?page_id=662"},"modified":"2023-04-28T10:44:09","modified_gmt":"2023-04-28T13:44:09","slug":"analises-realizadas","status":"publish","type":"page","link":"https:\/\/wp.ufpel.edu.br\/solos\/analises-realizadas\/","title":{"rendered":"An\u00e1lises Realizadas"},"content":{"rendered":"<h4>PRE\u00c7OS DAS AN\u00c1LISES DE SOLO, PLANTAS E RES\u00cdDUOS ORG\u00c2NICOS &#8211; DEPARTAMENTO DE SOLOS FAEM<\/h4>\n<h4>QU\u00cdMICA<\/h4>\n<table style=\"width: 100%;border-collapse: collapse;height: 576px\" border=\"1\">\n<tbody>\n<tr style=\"height: 62px\">\n<td style=\"width: 70%;height: 44px;text-align: center\">\n<h5>AN\u00c1LISES<\/h5>\n<\/td>\n<td style=\"width: 15%;height: 44px;text-align: center\">\n<h5>Pre\u00e7os<\/h5>\n<\/td>\n<td style=\"width: 15%;height: 44px;text-align: center\">\n<h5>Pre\u00e7os com desconto<\/h5>\n<\/td>\n<\/tr>\n<tr style=\"height: 49px\">\n<td style=\"width: 70%;height: 49px\">An\u00e1lise B\u00e1sica Fertilidade (MO, pH, SMP, P, K, Ca, Mg, Na, Al, CTC,<br \/>Sat.Al,<br \/>Sat.Bases)<\/td>\n<td style=\"width: 15%;height: 49px\">R$ 50,00<\/td>\n<td style=\"width: 15%;height: 49px\">R$ 47,00<\/td>\n<\/tr>\n<tr style=\"height: 43px\">\n<td style=\"width: 70%;height: 43px\">An\u00e1lise B\u00e1sica + Micronutrientes (Ferro, Zinco, Cobre e Mangan\u00eas)<\/td>\n<td style=\"width: 15%;height: 43px\">R$ 55,00<\/td>\n<td style=\"width: 15%;height: 43px\">R$ 52,00<\/td>\n<\/tr>\n<tr style=\"height: 40px\">\n<td style=\"width: 70%;height: 40px\">An\u00e1lise B\u00e1sica + Micronutrientes + Enxofre<\/td>\n<td style=\"width: 15%;height: 40px\">R$ 60,00<\/td>\n<td style=\"width: 15%;height: 40px\">R$ 57,00<\/td>\n<\/tr>\n<tr style=\"height: 40px\">\n<td style=\"width: 70%;height: 10px\">\u00a0<\/td>\n<td style=\"width: 15%;height: 10px\">\u00a0<\/td>\n<td style=\"width: 15%;height: 10px\">\u00a0<\/td>\n<\/tr>\n<tr style=\"height: 40px\">\n<td style=\"width: 70%;height: 40px\">Condutividade el\u00e9trica extrato de satura\u00e7\u00e3o do solo<\/td>\n<td style=\"width: 15%;height: 40px\">R$ 30,00<\/td>\n<td style=\"width: 15%;height: 40px\">R$ 27,00<\/td>\n<\/tr>\n<tr style=\"height: 40px\">\n<td style=\"width: 70%;height: 40px\">Carbono org\u00e2nico do solo (Walkley Black)<\/td>\n<td style=\"width: 15%;height: 40px\">R$ 30,00<\/td>\n<td style=\"width: 15%;height: 40px\">R$ 27,00<\/td>\n<\/tr>\n<tr style=\"height: 40px\">\n<td style=\"width: 70%;height: 40px\">Nitrog\u00eanio total em solos<\/td>\n<td style=\"width: 15%;height: 40px\">R$ 30,00<\/td>\n<td style=\"width: 15%;height: 40px\">R$ 27,00<\/td>\n<\/tr>\n<tr style=\"height: 40px\">\n<td style=\"width: 70%;height: 40px\">Am\u00f4nia e nitrato em solos (destila\u00e7\u00e3o NH4 e NO3)<\/td>\n<td style=\"width: 15%;height: 40px\">R$ 30,00<\/td>\n<td style=\"width: 15%;height: 40px\">R$ 27,00<\/td>\n<\/tr>\n<tr style=\"height: 20px\">\n<td style=\"width: 70%;height: 20px\">Determina\u00e7\u00e3o de acidez potencial (H + Al) \u2013 m\u00e9todo acetato de c\u00e1lcio pH7,0<\/td>\n<td style=\"width: 15%;height: 20px\">R$ 30,00<\/td>\n<td style=\"width: 15%;height: 20px\">R$ 27,00<\/td>\n<\/tr>\n<\/tbody>\n<\/table>\n<h4>F\u00cdSICAS<\/h4>\n<table style=\"border-collapse: collapse;width: 0%;height: 706px\" border=\"1\">\n<tbody>\n<tr style=\"height: 39px\">\n<td style=\"width: 53.085%;height: 25px;text-align: center\">\n<h5>AN\u00c1LISES<\/h5>\n<\/td>\n<td style=\"width: 10.8002%;height: 25px;text-align: center\">\n<h5>Pre\u00e7os<\/h5>\n<\/td>\n<td style=\"width: 15.0228%;height: 25px;text-align: center\">\n<h5>Pre\u00e7os com desconto<\/h5>\n<\/td>\n<\/tr>\n<tr style=\"height: 44px\">\n<td style=\"width: 53.085%;height: 44px\">An\u00e1lise granulom\u00e9trica b\u00e1sica (areia, silte e argila)<\/td>\n<td style=\"width: 10.8002%;height: 44px\">R$ 40,00<\/td>\n<td style=\"width: 15.0228%;height: 44px\">R$ 37,00<\/td>\n<\/tr>\n<tr style=\"height: 44px\">\n<td style=\"width: 53.085%;height: 44px\">An\u00e1lise granulom\u00e9trica completa com separa\u00e7\u00e3o das areias (muito grossa, grossa, m\u00e9dia, fina e muito fina)<\/td>\n<td style=\"width: 10.8002%;height: 44px\">R$ 48,00<\/td>\n<td style=\"width: 15.0228%;height: 44px\">R$ 42,00<\/td>\n<\/tr>\n<tr style=\"height: 44px\">\n<td style=\"width: 53.085%;height: 44px\">Umidade do Solo<\/td>\n<td style=\"width: 10.8002%;height: 44px\">R$ 20,00<\/td>\n<td style=\"width: 15.0228%;height: 44px\">R$ 17,00<\/td>\n<\/tr>\n<tr style=\"height: 45px\">\n<td style=\"width: 53.085%;height: 45px\">Densidade do solo &#8211; m\u00e9todo do anel volum\u00e9trico (amostra indeformada)<\/td>\n<td style=\"width: 10.8002%;height: 45px\">R$ 20,00<\/td>\n<td style=\"width: 15.0228%;height: 45px\">R$ 17,00<\/td>\n<\/tr>\n<tr style=\"height: 45px\">\n<td style=\"width: 53.085%;height: 45px\">Densidade das part\u00edculas \u2013 m\u00e9todo do picn\u00f4metro (amostra deformada)<\/td>\n<td style=\"width: 10.8002%;height: 45px\">R$ 25,00<\/td>\n<td style=\"width: 15.0228%;height: 45px\">R$ 23,00<\/td>\n<\/tr>\n<tr style=\"height: 45px\">\n<td style=\"width: 53.085%;height: 45px\">Densidade do solo + macro e microporosidade \u2013 m\u00e9todo da mesa de tens\u00e3o (amostra indeformada)<\/td>\n<td style=\"width: 10.8002%;height: 45px\">R$ 40,00<\/td>\n<td style=\"width: 15.0228%;height: 45px\">R$ 35,00<\/td>\n<\/tr>\n<tr style=\"height: 45px\">\n<td style=\"width: 53.085%;height: 45px\">\u00c1gua dispon\u00edvel (Capacidade campo-0,01 ou 0,033 MPa e Ponto de Murcha Permanente \u2013 1,5MPa)<\/td>\n<td style=\"width: 10.8002%;height: 45px\">R$ 75,00<\/td>\n<td style=\"width: 15.0228%;height: 45px\">R$ 70,00<\/td>\n<\/tr>\n<tr style=\"height: 88px\">\n<td style=\"width: 53.085%;height: 88px\">Curva de reten\u00e7\u00e3o de \u00e1gua (M\u00ednimo 7 pontos: 0,001;0,006;0,01;0,033;0,1;0,3;1,5MPa)<\/td>\n<td style=\"width: 10.8002%;height: 88px\">R$ 175,00<\/td>\n<td style=\"width: 15.0228%;height: 88px\">R$ 165,00<\/td>\n<\/tr>\n<\/tbody>\n<\/table>\n<h4>MICROBIOL\u00d3GICAS<\/h4>\n<table style=\"border-collapse: collapse;width: 100.401%;height: 200px\" border=\"1\">\n<tbody>\n<tr style=\"height: 39px\">\n<td style=\"width: 573.328px;height: 39px;text-align: center\">\n<h5>AN\u00c1LISES<\/h5>\n<\/td>\n<td style=\"width: 116.625px;height: 39px;text-align: center\">\n<h5>Pre\u00e7os<\/h5>\n<\/td>\n<td style=\"width: 120.047px;height: 39px;text-align: center\">\n<h5>Pre\u00e7os com desconto<\/h5>\n<\/td>\n<\/tr>\n<tr style=\"height: 39px\">\n<td style=\"width: 573.328px;height: 39px\">Avalia\u00e7\u00e3o da atividade microbiana no solo<\/td>\n<td style=\"width: 116.625px;height: 39px\">R$ 70,00<\/td>\n<td style=\"width: 120.047px;height: 39px\">R$ 65,00<\/td>\n<\/tr>\n<tr style=\"height: 104px\">\n<td style=\"width: 573.328px;height: 104px\">\n<p>Avalia\u00e7\u00e3o da biomassa microbiana (carbono microbiano)<\/p>\n<hr \/>\n<p>Contagem de Unidade Formadora de col\u00f4nia (UFC)<\/p>\n<\/td>\n<td style=\"width: 116.625px;height: 104px\">\n<p>R$ 80,00<\/p>\n<hr \/>R$ 60,00<\/td>\n<td style=\"width: 120.047px;height: 104px\">\n<p>R$ 75,00<\/p>\n<hr \/>R$ 55,00<\/td>\n<\/tr>\n<\/tbody>\n<\/table>\n<h4>PLANTAS E\/OU RES\u00cdDUOS ORG\u00c2NICOS S\u00d3LIDOS<\/h4>\n<table style=\"border-collapse: collapse;width: 107.657%;height: 517px\" border=\"1\">\n<tbody>\n<tr style=\"height: 10px\">\n<td style=\"width: 53.085%;height: 10px;text-align: center\">\n<h5>AN\u00c1LISES<\/h5>\n<\/td>\n<td style=\"width: 10.8002%;height: 10px;text-align: center\">\n<h5>Pre\u00e7os<\/h5>\n<\/td>\n<td style=\"width: 11.1148%;height: 10px;text-align: center\">\n<h5>Pre\u00e7os com desconto<\/h5>\n<\/td>\n<\/tr>\n<tr style=\"height: 41px\">\n<td style=\"width: 53.085%;height: 41px\">An\u00e1lise B\u00e1sica &#8211; Macronutrientes (N, P, K, Ca, Mg)<\/td>\n<td style=\"width: 10.8002%;height: 41px\">R$ 60,00<\/td>\n<td style=\"width: 11.1148%;height: 41px\">R$ 55,00<\/td>\n<\/tr>\n<tr style=\"height: 41px\">\n<td style=\"width: 53.085%;height: 10px\">\u00a0<\/td>\n<td style=\"width: 10.8002%;height: 10px\">\u00a0<\/td>\n<td style=\"width: 11.1148%;height: 10px\">\u00a0<\/td>\n<\/tr>\n<tr style=\"height: 41px\">\n<td style=\"width: 53.085%;height: 41px\">An\u00e1lise Completa Macronutrientes (N, P, K, Ca, Mg) + Micronutientes (Fe, Cu, Zn, Mn)\u00a0<\/td>\n<td style=\"width: 10.8002%;height: 41px\">R$ 80,00<\/td>\n<td style=\"width: 11.1148%;height: 41px\">R$ 75,00<\/td>\n<\/tr>\n<tr style=\"height: 41px\">\n<td style=\"width: 53.085%;height: 41px\">An\u00e1lise Completa + s\u00f3dio (Na) + enxofre (S)<\/td>\n<td style=\"width: 10.8002%;height: 41px\">R$ 85,00<\/td>\n<td style=\"width: 11.1148%;height: 41px\">R$ 80,00<\/td>\n<\/tr>\n<tr style=\"height: 41px\">\n<td style=\"width: 53.085%;height: 41px\">%Umidade, %C, pH<\/td>\n<td style=\"width: 10.8002%;height: 41px\">R$ 30,00<\/td>\n<td style=\"width: 11.1148%;height: 41px\">R$ 27,00<\/td>\n<\/tr>\n<tr style=\"height: 41px\">\n<td style=\"width: 53.085%;height: 41px\">Rela\u00e7\u00e3o C\/N em tecido vegetal e\/ou res\u00edduos org\u00e2nicos<\/td>\n<td style=\"width: 10.8002%;height: 41px\">R$ 20,00<\/td>\n<td style=\"width: 11.1148%;height: 41px\">R$ 18,00<\/td>\n<\/tr>\n<tr style=\"height: 41px\">\n<td style=\"width: 53.085%;height: 41px\">Somente um elemento c\/digest\u00e3o<\/td>\n<td style=\"width: 10.8002%;height: 41px\">R$ 20,00<\/td>\n<td style=\"width: 11.1148%;height: 41px\">R$ 18,00<\/td>\n<\/tr>\n<tr style=\"height: 42px\">\n<td style=\"width: 53.085%;height: 42px\">Somente leitura um elemento amostra j\u00e1 digerida<\/td>\n<td style=\"width: 10.8002%;height: 42px\">R$ 15,00<\/td>\n<td style=\"width: 11.1148%;height: 42px\">R$ 12,00<\/td>\n<\/tr>\n<\/tbody>\n<\/table>\n<h4>\u00c1GUA<\/h4>\n<table style=\"border-collapse: collapse;width: 114.191%;height: 274px\" border=\"1\">\n<tbody>\n<tr style=\"height: 10px\">\n<td style=\"width: 53.085%;height: 10px;text-align: center\">\n<h5>AN\u00c1LISES<\/h5>\n<\/td>\n<td style=\"width: 10.8002%;height: 10px;text-align: center\">\n<h5>Pre\u00e7os<\/h5>\n<\/td>\n<td style=\"width: 11.1148%;height: 10px;text-align: center\">\n<h5>Pre\u00e7os com desconto<\/h5>\n<\/td>\n<\/tr>\n<tr style=\"height: 62px\">\n<td style=\"width: 53.085%;height: 62px\">An\u00e1lise qu\u00edmica em \u00e1gua (pH, CE, NH4, NO3, Na, K, Ca e Mg)<\/td>\n<td style=\"width: 10.8002%;height: 62px\">R$ 45,00<\/td>\n<td style=\"width: 11.1148%;height: 62px\">R$ 40,00<\/td>\n<\/tr>\n<tr style=\"height: 40px\">\n<td style=\"width: 53.085%;height: 40px\">Condutividade el\u00e9trica em \u00e1gua (salinidade)<\/td>\n<td style=\"width: 10.8002%;height: 40px\">R$ 10,00<\/td>\n<td style=\"width: 11.1148%;height: 40px\">R$ 10,00<\/td>\n<\/tr>\n<tr style=\"height: 40px\">\n<td style=\"width: 53.085%;height: 40px\">Determina\u00e7\u00e3o de coliformes totais e fecais em \u00e1gua<\/td>\n<td style=\"width: 10.8002%;height: 40px\">R$ 85,00<\/td>\n<td style=\"width: 11.1148%;height: 40px\">R$ 80,00<\/td>\n<\/tr>\n<\/tbody>\n<\/table>\n<h4>\u00a0<\/h4>\n\n\n<ul class=\"wp-block-list\">\n<li>OBS: Desconto concedido para lotes de 50 ou mais amostra entregues no intervalo de 30 dias e\/ou para an\u00e1lise de projetos da Ufpel (com autoriza\u00e7\u00e3o e assinatura do Professor Respons\u00e1vel pelo projeto de pesquisa).<\/li>\n<\/ul>\n","protected":false},"excerpt":{"rendered":"<p>PRE\u00c7OS DAS AN\u00c1LISES DE SOLO, PLANTAS E RES\u00cdDUOS ORG\u00c2NICOS &#8211; DEPARTAMENTO DE SOLOS FAEM QU\u00cdMICA AN\u00c1LISES Pre\u00e7os Pre\u00e7os com desconto An\u00e1lise B\u00e1sica Fertilidade (MO, pH, SMP, P, K, Ca, Mg, Na, Al, CTC,Sat.Al,Sat.Bases) R$ 50,00 R$ 47,00 An\u00e1lise B\u00e1sica + Micronutrientes (Ferro, Zinco, Cobre e Mangan\u00eas) R$ 55,00 R$ 52,00 An\u00e1lise B\u00e1sica + Micronutrientes + &hellip; <\/p>\n<p><a class=\"more-link btn\" href=\"https:\/\/wp.ufpel.edu.br\/solos\/analises-realizadas\/\">Continue lendo<\/a><\/p>\n","protected":false},"author":776,"featured_media":0,"parent":0,"menu_order":9,"comment_status":"closed","ping_status":"closed","template":"","meta":{"footnotes":""},"class_list":["post-662","page","type-page","status-publish","hentry","nodate","item-wrap"],"_links":{"self":[{"href":"https:\/\/wp.ufpel.edu.br\/solos\/wp-json\/wp\/v2\/pages\/662","targetHints":{"allow":["GET"]}}],"collection":[{"href":"https:\/\/wp.ufpel.edu.br\/solos\/wp-json\/wp\/v2\/pages"}],"about":[{"href":"https:\/\/wp.ufpel.edu.br\/solos\/wp-json\/wp\/v2\/types\/page"}],"author":[{"embeddable":true,"href":"https:\/\/wp.ufpel.edu.br\/solos\/wp-json\/wp\/v2\/users\/776"}],"replies":[{"embeddable":true,"href":"https:\/\/wp.ufpel.edu.br\/solos\/wp-json\/wp\/v2\/comments?post=662"}],"version-history":[{"count":22,"href":"https:\/\/wp.ufpel.edu.br\/solos\/wp-json\/wp\/v2\/pages\/662\/revisions"}],"predecessor-version":[{"id":1138,"href":"https:\/\/wp.ufpel.edu.br\/solos\/wp-json\/wp\/v2\/pages\/662\/revisions\/1138"}],"wp:attachment":[{"href":"https:\/\/wp.ufpel.edu.br\/solos\/wp-json\/wp\/v2\/media?parent=662"}],"curies":[{"name":"wp","href":"https:\/\/api.w.org\/{rel}","templated":true}]}}