{"id":532,"date":"2019-09-29T16:37:35","date_gmt":"2019-09-29T19:37:35","guid":{"rendered":"https:\/\/wp.ufpel.edu.br\/solos\/?page_id=532"},"modified":"2019-10-28T21:54:04","modified_gmt":"2019-10-29T00:54:04","slug":"engenharia-agricola","status":"publish","type":"page","link":"https:\/\/wp.ufpel.edu.br\/solos\/ensino-2\/graduacao\/engenharia-agricola\/","title":{"rendered":"Engenharia Agr\u00edcola"},"content":{"rendered":"<h1>Disciplinas obrigat\u00f3rias<\/h1>\n<table style=\"border-collapse: collapse;width: 100%\" border=\"1\">\n<tbody>\n<tr style=\"height: 39px\">\n<td style=\"width: 11.7523%;height: 39px;text-align: center\"><strong>C\u00f3digo<\/strong><\/td>\n<td style=\"width: 29.2191%;height: 39px;text-align: center\"><strong>Disciplina<\/strong><\/td>\n<td style=\"width: 1.33333%;height: 39px;text-align: center\"><strong>Semestre<\/strong><\/td>\n<td style=\"width: 4.27615%;height: 39px;text-align: center\"><strong>Cr\u00e9ditos<\/strong><\/td>\n<td style=\"width: 20.5524%;height: 39px;text-align: center\"><strong>Pr\u00e9 requisitos<\/strong><\/td>\n<td style=\"width: 15.8857%;height: 39px;text-align: center\"><strong>Oferta<\/strong><\/td>\n<td style=\"width: 17.0762%;height: 39px;text-align: center\"><strong>Horas<\/strong><\/td>\n<\/tr>\n<tr>\n<td style=\"width: 11.7523%\">01230015<\/td>\n<td style=\"width: 29.2191%\">Principio de ciencia do solo<\/td>\n<td style=\"width: 1.33333%\">2\u00ba<\/td>\n<td style=\"width: 4.27615%\">4<\/td>\n<td style=\"width: 20.5524%\">Geologia aplicada I<\/td>\n<td style=\"width: 15.8857%\">Semestral<\/td>\n<td style=\"width: 17.0762%\">60<\/td>\n<\/tr>\n<tr>\n<td style=\"width: 11.7523%\">\n<p>&nbsp;<\/p>\n<p>01230007<\/td>\n<td style=\"width: 29.2191%\">\n<p>&nbsp;<\/p>\n<p>Rela\u00e7\u00e3o Solo\/\u00c1gua\/Planta<\/td>\n<td style=\"width: 1.33333%\">\n<p>&nbsp;<\/p>\n<p>6\u00ba<\/td>\n<td style=\"width: 4.27615%\">\n<p>&nbsp;<\/p>\n<p>4<\/td>\n<td style=\"width: 20.5524%\">\n<p><span class=\"tabela-detalhe-info\">Princ\u00edpio de ci\u00eancia do solo<\/span><\/p>\n<p><span class=\"tabela-detalhe-info\">Climatologia agr\u00edcolo<\/span><\/td>\n<td style=\"width: 15.8857%\">\n<p>&nbsp;<\/p>\n<p>Semestral<\/td>\n<td style=\"width: 17.0762%\">\n<p>&nbsp;<\/p>\n<p>60<\/td>\n<\/tr>\n<tr>\n<td style=\"width: 11.7523%\">&nbsp;<\/td>\n<td style=\"width: 29.2191%\">&nbsp;<\/td>\n<td style=\"width: 1.33333%\">&nbsp;<\/td>\n<td style=\"width: 4.27615%\">&nbsp;<\/td>\n<td style=\"width: 20.5524%\"><span class=\"tabela-detalhe-info\">\u00a0<\/span><\/td>\n<td style=\"width: 15.8857%\">&nbsp;<\/td>\n<td style=\"width: 17.0762%\">&nbsp;<\/td>\n<\/tr>\n<\/tbody>\n<\/table>\n<h1><\/h1>\n","protected":false},"excerpt":{"rendered":"<p>Disciplinas obrigat\u00f3rias C\u00f3digo Disciplina Semestre Cr\u00e9ditos Pr\u00e9 requisitos Oferta Horas 01230015 Principio de ciencia do solo 2\u00ba 4 Geologia aplicada I Semestral 60 &nbsp; 01230007 &nbsp; Rela\u00e7\u00e3o Solo\/\u00c1gua\/Planta &nbsp; 6\u00ba &nbsp; 4 Princ\u00edpio de ci\u00eancia do solo Climatologia agr\u00edcolo &nbsp; Semestral &nbsp; 60 &nbsp; &nbsp; &nbsp; &nbsp; \u00a0 &nbsp; &nbsp;<\/p>\n","protected":false},"author":776,"featured_media":0,"parent":435,"menu_order":2,"comment_status":"closed","ping_status":"closed","template":"","meta":{"footnotes":""},"class_list":["post-532","page","type-page","status-publish","hentry","nodate","item-wrap"],"_links":{"self":[{"href":"https:\/\/wp.ufpel.edu.br\/solos\/wp-json\/wp\/v2\/pages\/532","targetHints":{"allow":["GET"]}}],"collection":[{"href":"https:\/\/wp.ufpel.edu.br\/solos\/wp-json\/wp\/v2\/pages"}],"about":[{"href":"https:\/\/wp.ufpel.edu.br\/solos\/wp-json\/wp\/v2\/types\/page"}],"author":[{"embeddable":true,"href":"https:\/\/wp.ufpel.edu.br\/solos\/wp-json\/wp\/v2\/users\/776"}],"replies":[{"embeddable":true,"href":"https:\/\/wp.ufpel.edu.br\/solos\/wp-json\/wp\/v2\/comments?post=532"}],"version-history":[{"count":6,"href":"https:\/\/wp.ufpel.edu.br\/solos\/wp-json\/wp\/v2\/pages\/532\/revisions"}],"predecessor-version":[{"id":589,"href":"https:\/\/wp.ufpel.edu.br\/solos\/wp-json\/wp\/v2\/pages\/532\/revisions\/589"}],"up":[{"embeddable":true,"href":"https:\/\/wp.ufpel.edu.br\/solos\/wp-json\/wp\/v2\/pages\/435"}],"wp:attachment":[{"href":"https:\/\/wp.ufpel.edu.br\/solos\/wp-json\/wp\/v2\/media?parent=532"}],"curies":[{"name":"wp","href":"https:\/\/api.w.org\/{rel}","templated":true}]}}