{"id":435,"date":"2019-09-24T00:40:33","date_gmt":"2019-09-24T03:40:33","guid":{"rendered":"https:\/\/wp.ufpel.edu.br\/solos\/?page_id=435"},"modified":"2020-07-15T21:13:42","modified_gmt":"2020-07-16T00:13:42","slug":"graduacao","status":"publish","type":"page","link":"https:\/\/wp.ufpel.edu.br\/solos\/ensino-2\/graduacao\/","title":{"rendered":"Gradua\u00e7\u00e3o"},"content":{"rendered":"<p><span style=\"font-size: 14pt\">Neste espa\u00e7o encontram-se os cursos da Gradua\u00e7\u00e3o e suas respectivas disciplinas ministradas pelos discentes do Departamento de Solos da UFPel:<\/span><\/p>\n<ul>\n<li><span style=\"font-size: 14pt\">Agronomia<\/span><\/li>\n<li><span style=\"font-size: 14pt\">Engenharia Agr\u00edcola<\/span><\/li>\n<li><span style=\"font-size: 14pt\">Geografia<\/span><\/li>\n<li><span style=\"font-size: 14pt\">Zootecnia<\/span><\/li>\n<\/ul>\n<p><span style=\"font-size: 14pt\">Clique nos cursos para saber mais <\/span><\/p>\n<p><span style=\"font-size: 18pt\">\u21d3<\/span><\/p>\n","protected":false},"excerpt":{"rendered":"<p>Neste espa\u00e7o encontram-se os cursos da Gradua\u00e7\u00e3o e suas respectivas disciplinas ministradas pelos discentes do Departamento de Solos da UFPel: Agronomia Engenharia Agr\u00edcola Geografia Zootecnia Clique nos cursos para saber mais \u21d3<\/p>\n","protected":false},"author":776,"featured_media":0,"parent":774,"menu_order":1,"comment_status":"closed","ping_status":"closed","template":"","meta":{"footnotes":""},"class_list":["post-435","page","type-page","status-publish","hentry","nodate","item-wrap"],"_links":{"self":[{"href":"https:\/\/wp.ufpel.edu.br\/solos\/wp-json\/wp\/v2\/pages\/435","targetHints":{"allow":["GET"]}}],"collection":[{"href":"https:\/\/wp.ufpel.edu.br\/solos\/wp-json\/wp\/v2\/pages"}],"about":[{"href":"https:\/\/wp.ufpel.edu.br\/solos\/wp-json\/wp\/v2\/types\/page"}],"author":[{"embeddable":true,"href":"https:\/\/wp.ufpel.edu.br\/solos\/wp-json\/wp\/v2\/users\/776"}],"replies":[{"embeddable":true,"href":"https:\/\/wp.ufpel.edu.br\/solos\/wp-json\/wp\/v2\/comments?post=435"}],"version-history":[{"count":10,"href":"https:\/\/wp.ufpel.edu.br\/solos\/wp-json\/wp\/v2\/pages\/435\/revisions"}],"predecessor-version":[{"id":762,"href":"https:\/\/wp.ufpel.edu.br\/solos\/wp-json\/wp\/v2\/pages\/435\/revisions\/762"}],"up":[{"embeddable":true,"href":"https:\/\/wp.ufpel.edu.br\/solos\/wp-json\/wp\/v2\/pages\/774"}],"wp:attachment":[{"href":"https:\/\/wp.ufpel.edu.br\/solos\/wp-json\/wp\/v2\/media?parent=435"}],"curies":[{"name":"wp","href":"https:\/\/api.w.org\/{rel}","templated":true}]}}