{"id":823,"date":"2023-10-07T23:34:09","date_gmt":"2023-10-08T02:34:09","guid":{"rendered":"https:\/\/wp.ufpel.edu.br\/soloeagua\/?page_id=823"},"modified":"2023-10-07T23:35:05","modified_gmt":"2023-10-08T02:35:05","slug":"tangran","status":"publish","type":"page","link":"https:\/\/wp.ufpel.edu.br\/soloeagua\/material-didatico-atividades-complementares\/tangran\/","title":{"rendered":"Tangran"},"content":{"rendered":"<p><span style=\"font-size: medium;\">&#8220;Tangran&#8221; \u00e9 um quebra-cabe\u00e7a chin\u00eas formado por sete pe\u00e7as, sendo poss\u00edvel fazer diferentes combina\u00e7\u00f5es que formam v\u00e1rias figuras.\u00a0<\/span><\/p>\n<p><span style=\"font-size: medium;\">Com esse jogo \u00e9 poss\u00edvel estimular a criatividade, o racioc\u00ednio l\u00f3gico, a coordena\u00e7\u00e3o motora, a solu\u00e7\u00e3o de problemas e a concentra\u00e7\u00e3o, al\u00e9m de ensinar as\u00a0<\/span>formas geom\u00e9tricas.<\/p>\n<p><span style=\"font-size: medium;\"><b>Material necess\u00e1rio<\/b><\/span><\/p>\n<p><span style=\"font-size: medium;\">&#8211; Papel\u00e3o<\/span><\/p>\n<p><span style=\"font-size: medium;\">&#8211; R\u00e9gua<\/span><\/p>\n<p><span style=\"font-size: medium;\">&#8211; L\u00e1pis<\/span><\/p>\n<p><span style=\"font-size: medium;\">&#8211; L\u00e1pis de cor<\/span><\/p>\n<p><span style=\"font-size: medium;\"><b>Procedimento<\/b><\/span><\/p>\n<p>Medir no papel\u00e3o um quadrado e cort\u00e1-lo. No nosso caso, usamos um quadrado de 16 cm x 16 cm. Em seguida, deve-se marcar 16 quadrados de 4 cm x 4 cm. A partir das marca\u00e7\u00f5es desses 16 quadrados, deve-se fazer as marca\u00e7\u00f5es para formar as seguintes pe\u00e7as:<\/p>\n<p><span style=\"font-size: medium;\">\u2022 1 quadrado;<\/span><\/p>\n<p><span style=\"font-size: medium;\">\u2022 1 paralelogramo;<\/span><\/p>\n<p><span style=\"font-size: medium;\">\u2022 2 tri\u00e2ngulos grandes;<\/span><\/p>\n<p><span style=\"font-size: medium;\">\u2022 2 tri\u00e2ngulos pequenos;<\/span><\/p>\n<p><span style=\"font-size: medium;\">\u2022 1 tri\u00e2ngulo m\u00e9dio.<\/span><\/p>\n<p><a href=\"https:\/\/wp.ufpel.edu.br\/soloeagua\/files\/2023\/10\/20231006_152850b.jpg\"><img loading=\"lazy\" decoding=\"async\" class=\"alignnone size-thumbnail wp-image-825\" src=\"https:\/\/wp.ufpel.edu.br\/soloeagua\/files\/2023\/10\/20231006_152850b-200x200.jpg\" alt=\"\" width=\"200\" height=\"200\" \/><\/a> <a href=\"https:\/\/wp.ufpel.edu.br\/soloeagua\/files\/2023\/10\/20231006_153053b.jpg\"><img loading=\"lazy\" decoding=\"async\" class=\"alignnone size-thumbnail wp-image-826\" src=\"https:\/\/wp.ufpel.edu.br\/soloeagua\/files\/2023\/10\/20231006_153053b-200x200.jpg\" alt=\"\" width=\"200\" height=\"200\" \/><\/a><a href=\"https:\/\/wp.ufpel.edu.br\/soloeagua\/files\/2023\/10\/20231006_153205b.jpg\"> <img loading=\"lazy\" decoding=\"async\" class=\"alignnone size-thumbnail wp-image-827\" src=\"https:\/\/wp.ufpel.edu.br\/soloeagua\/files\/2023\/10\/20231006_153205b-200x200.jpg\" alt=\"\" width=\"200\" height=\"200\" \/><\/a> <a href=\"https:\/\/wp.ufpel.edu.br\/soloeagua\/files\/2023\/10\/20231006_153248b.jpg\"><img loading=\"lazy\" decoding=\"async\" class=\"alignnone size-thumbnail wp-image-828\" src=\"https:\/\/wp.ufpel.edu.br\/soloeagua\/files\/2023\/10\/20231006_153248b-200x200.jpg\" alt=\"\" width=\"200\" height=\"200\" \/><\/a><\/p>\n<p><span style=\"font-size: medium;\">Ap\u00f3s marcar as pe\u00e7as, deve-se pint\u00e1-las com diferentes cores e cort\u00e1-las.<\/span><\/p>\n<p><a href=\"https:\/\/wp.ufpel.edu.br\/soloeagua\/files\/2023\/10\/20231006_153839b.jpg\"><img loading=\"lazy\" decoding=\"async\" class=\"alignnone size-thumbnail wp-image-829\" src=\"https:\/\/wp.ufpel.edu.br\/soloeagua\/files\/2023\/10\/20231006_153839b-200x200.jpg\" alt=\"\" width=\"200\" height=\"200\" \/><\/a> <a href=\"https:\/\/wp.ufpel.edu.br\/soloeagua\/files\/2023\/10\/20231006_154041b.jpg\"><img loading=\"lazy\" decoding=\"async\" class=\"alignnone size-thumbnail wp-image-830\" src=\"https:\/\/wp.ufpel.edu.br\/soloeagua\/files\/2023\/10\/20231006_154041b-200x200.jpg\" alt=\"\" width=\"200\" height=\"200\" \/><\/a><\/p>\n<p><span style=\"font-size: medium;\">O jogo consiste em formar diferentes figuras com as setes pe\u00e7as.<\/span><\/p>\n<p><a href=\"https:\/\/wp.ufpel.edu.br\/soloeagua\/files\/2023\/10\/20231006_154134b.jpg\"><img loading=\"lazy\" decoding=\"async\" class=\"alignnone size-thumbnail wp-image-831\" src=\"https:\/\/wp.ufpel.edu.br\/soloeagua\/files\/2023\/10\/20231006_154134b-200x200.jpg\" alt=\"\" width=\"200\" height=\"200\" \/><\/a> <a href=\"https:\/\/wp.ufpel.edu.br\/soloeagua\/files\/2023\/10\/20231006_154241b.jpg\"><img loading=\"lazy\" decoding=\"async\" class=\"alignnone size-thumbnail wp-image-832\" src=\"https:\/\/wp.ufpel.edu.br\/soloeagua\/files\/2023\/10\/20231006_154241b-200x200.jpg\" alt=\"\" width=\"200\" height=\"200\" \/><\/a><\/p>\n","protected":false},"excerpt":{"rendered":"<p>&#8220;Tangran&#8221; \u00e9 um quebra-cabe\u00e7a chin\u00eas formado por sete pe\u00e7as, sendo poss\u00edvel fazer diferentes combina\u00e7\u00f5es que formam v\u00e1rias figuras.\u00a0 Com esse jogo \u00e9 poss\u00edvel estimular a criatividade, o racioc\u00ednio l\u00f3gico, a coordena\u00e7\u00e3o motora, a solu\u00e7\u00e3o de problemas e a concentra\u00e7\u00e3o, al\u00e9m&#8230; <a class=\"more-link\" href=\"https:\/\/wp.ufpel.edu.br\/soloeagua\/material-didatico-atividades-complementares\/tangran\/\">Continue lendo &rarr;<\/a><\/p>\n","protected":false},"author":152,"featured_media":0,"parent":262,"menu_order":0,"comment_status":"closed","ping_status":"closed","template":"","meta":{"footnotes":""},"class_list":["post-823","page","type-page","status-publish","hentry"],"_links":{"self":[{"href":"https:\/\/wp.ufpel.edu.br\/soloeagua\/wp-json\/wp\/v2\/pages\/823","targetHints":{"allow":["GET"]}}],"collection":[{"href":"https:\/\/wp.ufpel.edu.br\/soloeagua\/wp-json\/wp\/v2\/pages"}],"about":[{"href":"https:\/\/wp.ufpel.edu.br\/soloeagua\/wp-json\/wp\/v2\/types\/page"}],"author":[{"embeddable":true,"href":"https:\/\/wp.ufpel.edu.br\/soloeagua\/wp-json\/wp\/v2\/users\/152"}],"replies":[{"embeddable":true,"href":"https:\/\/wp.ufpel.edu.br\/soloeagua\/wp-json\/wp\/v2\/comments?post=823"}],"version-history":[{"count":1,"href":"https:\/\/wp.ufpel.edu.br\/soloeagua\/wp-json\/wp\/v2\/pages\/823\/revisions"}],"predecessor-version":[{"id":833,"href":"https:\/\/wp.ufpel.edu.br\/soloeagua\/wp-json\/wp\/v2\/pages\/823\/revisions\/833"}],"up":[{"embeddable":true,"href":"https:\/\/wp.ufpel.edu.br\/soloeagua\/wp-json\/wp\/v2\/pages\/262"}],"wp:attachment":[{"href":"https:\/\/wp.ufpel.edu.br\/soloeagua\/wp-json\/wp\/v2\/media?parent=823"}],"curies":[{"name":"wp","href":"https:\/\/api.w.org\/{rel}","templated":true}]}}